{"id":294916,"date":"2022-12-12T18:35:29","date_gmt":"2022-12-12T17:35:29","guid":{"rendered":"http:\/\/dev.claret.cat\/llibre\/acercarse-a-jesus-en-navidad\/"},"modified":"2026-01-27T20:05:31","modified_gmt":"2026-01-27T19:05:31","slug":"acercarse-a-jesus-en-navidad-9788432162923","status":"publish","type":"product","link":"https:\/\/www.claret.cat\/es\/libro\/acercarse-a-jesus-en-navidad-9788432162923\/","title":{"rendered":"ACERCARSE A  JES\u00daS EN NAVIDAD"},"content":{"rendered":"<p>En estas meditaciones para cada d\u00eda de la Navidad, el autor invita a conocer mejor a Jes\u00fas, para amarle m\u00e1s. Al hilo del Evangelio, sugiere prop\u00f3sitos, afectos y oraciones que facilitan el di\u00e1logo y la amistad con Jesucristo. Porque todos podemos escucharle, hablar con \u00c9l, mirarle y hacerle grandes o peque\u00f1os servicios.<br \/> Sus palabras se dirigen principalmente a j\u00f3venes, pero cualquier lector obtendr\u00e1 fruto de estas meditaciones navide\u00f1as.<\/p>\n","protected":false},"excerpt":{"rendered":"<p>MARIA TORRAS, JOSEP<\/p>\n","protected":false},"featured_media":1079122,"template":"","meta":{"_acf_changed":false,"om_disable_all_campaigns":false,"rs_blank_template":"","rs_page_bg_color":"","slide_template_v7":"","inline_featured_image":false,"_monsterinsights_skip_tracking":false,"_monsterinsights_sitenote_active":false,"_monsterinsights_sitenote_note":"","_monsterinsights_sitenote_category":0},"product_brand":[],"product_cat":[399,253],"product_tag":[],"class_list":{"0":"post-294916","1":"product","2":"type-product","3":"status-publish","4":"has-post-thumbnail","6":"product_cat-any-liturgic-liturgia-1_espiritualidad","7":"product_cat-any-liturgic","9":"first","10":"instock","11":"taxable","12":"shipping-taxable","13":"purchasable","14":"product-type-simple"},"acf":{"autor":"MARIA TORRAS, JOSEP","codart":"843216292","libros-coleccion":"Religi\u00f3n. Fuera de Colecci\u00f3n","ediciones":"1","encuadernacion":"R\u00fastica","fecha_de_publicacion":"01\/12\/2022","novedad":"1","paginas":"116","subtitulo":"IDEAS PARA LA ORACI\u00d3N","orden":"0","portada":"0","idioma":"spa","editorial":[{"ID":6348,"post_author":"3","post_date":"2022-07-28 17:50:16","post_date_gmt":"2022-07-28 15:50:16","post_content":"","post_title":"Rialp","post_excerpt":"","post_status":"publish","comment_status":"closed","ping_status":"closed","post_password":"","post_name":"rialp","to_ping":"","pinged":"","post_modified":"2022-07-28 17:50:16","post_modified_gmt":"2022-07-28 15:50:16","post_content_filtered":"","post_parent":0,"guid":"http:\/\/dev.claret.cat\/editorial\/rialp\/","menu_order":0,"post_type":"editorial","post_mime_type":"","comment_count":"0","filter":"raw"}],"autores-libros":[{"ID":294901,"post_author":"3","post_date":"2022-12-12 18:30:02","post_date_gmt":"2022-12-12 17:30:02","post_content":"","post_title":"JOSEP MARIA TORRAS","post_excerpt":"","post_status":"publish","comment_status":"closed","ping_status":"closed","post_password":"","post_name":"josep-maria-torras-2","to_ping":"","pinged":"","post_modified":"2022-12-12 18:30:02","post_modified_gmt":"2022-12-12 17:30:02","post_content_filtered":"","post_parent":0,"guid":"http:\/\/dev.claret.cat\/autor\/josep-maria-torras-2\/","menu_order":0,"post_type":"autor","post_mime_type":"","comment_count":"0","filter":"raw"}],"traductores-libros":"","ilustradores-libros":"","formato":"","linkebook":"","ficha":"","muestra":"","presentacion":"","booktrailer":"","resenas":"","recomendamos":"","mas_vendido":""},"aioseo_notices":[],"_links":{"self":[{"href":"https:\/\/www.claret.cat\/es\/wp-json\/wp\/v2\/product\/294916","targetHints":{"allow":["GET"]}}],"collection":[{"href":"https:\/\/www.claret.cat\/es\/wp-json\/wp\/v2\/product"}],"about":[{"href":"https:\/\/www.claret.cat\/es\/wp-json\/wp\/v2\/types\/product"}],"wp:featuredmedia":[{"embeddable":true,"href":"https:\/\/www.claret.cat\/es\/wp-json\/wp\/v2\/media\/1079122"}],"wp:attachment":[{"href":"https:\/\/www.claret.cat\/es\/wp-json\/wp\/v2\/media?parent=294916"}],"wp:term":[{"taxonomy":"product_brand","embeddable":true,"href":"https:\/\/www.claret.cat\/es\/wp-json\/wp\/v2\/product_brand?post=294916"},{"taxonomy":"product_cat","embeddable":true,"href":"https:\/\/www.claret.cat\/es\/wp-json\/wp\/v2\/product_cat?post=294916"},{"taxonomy":"product_tag","embeddable":true,"href":"https:\/\/www.claret.cat\/es\/wp-json\/wp\/v2\/product_tag?post=294916"}],"curies":[{"name":"wp","href":"https:\/\/api.w.org\/{rel}","templated":true}]}}

ACERCARSE A  JESÚS EN NAVIDAD

<p>En estas meditaciones para cada día de la Navidad, el autor invita a conocer mejor a Jesús, para amarle más. Al hilo del Evangelio, sugiere propósitos, afectos y oraciones que facilitan el diálogo y la amistad con Jesucristo. Porque todos podemos escucharle, hablar con Él, mirarle y hacerle grandes o pequeños servicios.<br /> Sus palabras se dirigen principalmente a jóvenes, pero cualquier lector obtendrá fruto de estas meditaciones navideñas.</p>

Religión. Fuera de Colección

Rústica

IDEAS PARA LA ORACIÓN
