{"id":295325,"date":"2022-12-13T13:55:23","date_gmt":"2022-12-13T12:55:23","guid":{"rendered":"http:\/\/dev.claret.cat\/llibre\/de-la-mano-de-las-mejores\/"},"modified":"2026-01-19T11:49:22","modified_gmt":"2026-01-19T10:49:22","slug":"de-la-mano-de-las-mejores-9788431338091","status":"publish","type":"product","link":"https:\/\/www.claret.cat\/es\/libro\/de-la-mano-de-las-mejores-9788431338091\/","title":{"rendered":"DE LA MANO DE LAS MEJORES"},"content":{"rendered":"<p>Hoy vivimos tiempos de cambio de ciclo, de incertidumbre, momentos en los que, m\u00e1s que nunca, nuestros criterios, prioridades y valores nos marcar\u00e1n la ruta si los sabemos escuchar. En un mundo radicalmente cortoplacista y vertiginoso, en el que el \u00e9xito parece estar m\u00e1s en el tener que en el ser, no siempre es f\u00e1cil ver con claridad la flecha que se\u00f1ala el norte: nuestro prop\u00f3sito. Las mujeres est\u00e1n especialmente expuestas al ruido exterior. Desde fuera se insiste en la necesidad de escoger entre los \u00e1mbitos de la vida: la profesi\u00f3n o la familia, la profesi\u00f3n o la maternidad. Una disyuntiva injusta, cruel y, sobre todo, innecesaria.<br \/> Con este libro hemos querido lanzar a las mujeres del siglo XXI un mensaje realista de optimismo y de esperanza, a trav\u00e9s de la experiencia que generosamente nos han regalado quince mujeres que han sabido y podido integrar su vida. Desde diferentes \u00e1mbitos profesionales, todas ellas tienen en com\u00fan algunas caracter\u00edsticas que nos ayudan a construir el caleidoscopio de la felicidad y la vida plena. El coraje de tener un sue\u00f1o y un prop\u00f3sito, la voluntad de trabajar duro por conseguirlo, la sabidur\u00eda para escoger a los compa\u00f1eros de viaje adecuados, la inteligencia y la sensibilidad para apreciar lo que los dem\u00e1s pueden ense\u00f1ar, y la humildad para reconocer los errores y aprender de ellos.<\/p>\n","protected":false},"excerpt":{"rendered":"<p>CHINCHILLA ALBIOL, NURIA \/ GARC\u00cdA LOMBARD\u00cdA, PILAR \/ JIM\u00c9NEZ L\u00d3PEZ, ESTHER<\/p>\n","protected":false},"featured_media":310408,"template":"","meta":{"_acf_changed":false,"om_disable_all_campaigns":false,"rs_blank_template":"","rs_page_bg_color":"","slide_template_v7":"","inline_featured_image":false,"_monsterinsights_skip_tracking":false,"_monsterinsights_sitenote_active":false,"_monsterinsights_sitenote_note":"","_monsterinsights_sitenote_category":0},"product_brand":[],"product_cat":[182,378],"product_tag":[],"class_list":{"0":"post-295325","1":"product","2":"type-product","3":"status-publish","4":"has-post-thumbnail","6":"product_cat-social-i-economica","7":"product_cat-social-y-economica","9":"first","10":"instock","11":"taxable","12":"shipping-taxable","13":"purchasable","14":"product-type-simple"},"acf":{"autor":"CHINCHILLA ALBIOL, NURIA \/ GARC\u00cdA LOMBARD\u00cdA, PILAR \/ JIM\u00c9NEZ L\u00d3PEZ, ESTHER","codart":"843133809","libros-coleccion":"FORA DE COL.LECCI\u00d3","ediciones":"1","encuadernacion":"R\u00fastica","fecha_de_publicacion":"01\/11\/2022","novedad":"1","paginas":"176","subtitulo":"CLAVES PARA UN LIDERAZGO SIN\u00c9RGICO","orden":"0","portada":"0","idioma":"spa","editorial":[{"ID":6251,"post_author":"3","post_date":"2022-07-28 17:48:11","post_date_gmt":"2022-07-28 15:48:11","post_content":"","post_title":"EUNSA. EDICIONES UNIVERSIDAD DE NAVARRA","post_excerpt":"","post_status":"publish","comment_status":"closed","ping_status":"closed","post_password":"","post_name":"eunsa-ediciones-universidad-de-navarra","to_ping":"","pinged":"","post_modified":"2022-07-28 17:48:11","post_modified_gmt":"2022-07-28 15:48:11","post_content_filtered":"","post_parent":0,"guid":"http:\/\/dev.claret.cat\/editorial\/eunsa-ediciones-universidad-de-navarra\/","menu_order":0,"post_type":"editorial","post_mime_type":"","comment_count":"0","filter":"raw"}],"autores-libros":[{"ID":295331,"post_author":"3","post_date":"2022-12-13 14:00:12","post_date_gmt":"2022-12-13 13:00:12","post_content":"","post_title":"NURIA CHINCHILLA ALBIOL","post_excerpt":"","post_status":"publish","comment_status":"closed","ping_status":"closed","post_password":"","post_name":"nuria-chinchilla-albiol","to_ping":"","pinged":"","post_modified":"2022-12-13 14:00:12","post_modified_gmt":"2022-12-13 13:00:12","post_content_filtered":"","post_parent":0,"guid":"http:\/\/dev.claret.cat\/autor\/nuria-chinchilla-albiol\/","menu_order":0,"post_type":"autor","post_mime_type":"","comment_count":"0","filter":"raw"},{"ID":295332,"post_author":"3","post_date":"2022-12-13 14:00:13","post_date_gmt":"2022-12-13 13:00:13","post_content":"","post_title":"PILAR GARC\u00cdA LOMBARD\u00cdA","post_excerpt":"","post_status":"publish","comment_status":"closed","ping_status":"closed","post_password":"","post_name":"pilar-garcia-lombardia","to_ping":"","pinged":"","post_modified":"2022-12-13 14:00:13","post_modified_gmt":"2022-12-13 13:00:13","post_content_filtered":"","post_parent":0,"guid":"http:\/\/dev.claret.cat\/autor\/pilar-garcia-lombardia\/","menu_order":0,"post_type":"autor","post_mime_type":"","comment_count":"0","filter":"raw"},{"ID":295330,"post_author":"3","post_date":"2022-12-13 14:00:10","post_date_gmt":"2022-12-13 13:00:10","post_content":"","post_title":"ESTHER JIM\u00c9NEZ L\u00d3PEZ","post_excerpt":"","post_status":"publish","comment_status":"closed","ping_status":"closed","post_password":"","post_name":"esther-jimenez-lopez","to_ping":"","pinged":"","post_modified":"2022-12-13 14:00:10","post_modified_gmt":"2022-12-13 13:00:10","post_content_filtered":"","post_parent":0,"guid":"http:\/\/dev.claret.cat\/autor\/esther-jimenez-lopez\/","menu_order":0,"post_type":"autor","post_mime_type":"","comment_count":"0","filter":"raw"}],"booktrailer":"","resenas":""},"aioseo_notices":[],"_links":{"self":[{"href":"https:\/\/www.claret.cat\/es\/wp-json\/wp\/v2\/product\/295325","targetHints":{"allow":["GET"]}}],"collection":[{"href":"https:\/\/www.claret.cat\/es\/wp-json\/wp\/v2\/product"}],"about":[{"href":"https:\/\/www.claret.cat\/es\/wp-json\/wp\/v2\/types\/product"}],"wp:featuredmedia":[{"embeddable":true,"href":"https:\/\/www.claret.cat\/es\/wp-json\/wp\/v2\/media\/310408"}],"wp:attachment":[{"href":"https:\/\/www.claret.cat\/es\/wp-json\/wp\/v2\/media?parent=295325"}],"wp:term":[{"taxonomy":"product_brand","embeddable":true,"href":"https:\/\/www.claret.cat\/es\/wp-json\/wp\/v2\/product_brand?post=295325"},{"taxonomy":"product_cat","embeddable":true,"href":"https:\/\/www.claret.cat\/es\/wp-json\/wp\/v2\/product_cat?post=295325"},{"taxonomy":"product_tag","embeddable":true,"href":"https:\/\/www.claret.cat\/es\/wp-json\/wp\/v2\/product_tag?post=295325"}],"curies":[{"name":"wp","href":"https:\/\/api.w.org\/{rel}","templated":true}]}}

<p>Hoy vivimos tiempos de cambio de ciclo, de incertidumbre, momentos en los que, más que nunca, nuestros criterios, prioridades y valores nos marcarán la ruta si los sabemos escuchar. En un mundo radicalmente cortoplacista y vertiginoso, en el que el éxito parece estar más en el tener que en el ser, no siempre es fácil ver con claridad la flecha que señala el norte: nuestro propósito. Las mujeres están especialmente expuestas al ruido exterior. Desde fuera se insiste en la necesidad de escoger entre los ámbitos de la vida: la profesión o la familia, la profesión o la maternidad. Una disyuntiva injusta, cruel y, sobre todo, innecesaria.<br /> Con este libro hemos querido lanzar a las mujeres del siglo XXI un mensaje realista de optimismo y de esperanza, a través de la experiencia que generosamente nos han regalado quince mujeres que han sabido y podido integrar su vida. Desde diferentes ámbitos profesionales, todas ellas tienen en común algunas características que nos ayudan a construir el caleidoscopio de la felicidad y la vida plena. El coraje de tener un sueño y un propósito, la voluntad de trabajar duro por conseguirlo, la sabiduría para escoger a los compañeros de viaje adecuados, la inteligencia y la sensibilidad para apreciar lo que los demás pueden enseñar, y la humildad para reconocer los errores y aprender de ellos.</p>

<p>CHINCHILLA ALBIOL, NURIA / GARCÍA LOMBARDÍA, PILAR / JIMÉNEZ LÓPEZ, ESTHER</p>

CHINCHILLA ALBIOL, NURIA / GARCÍA LOMBARDÍA, PILAR / JIMÉNEZ LÓPEZ, ESTHER

FORA DE COL.LECCIÓ

Rústica

CLAVES PARA UN LIDERAZGO SINÉRGICO

PILAR GARCÍA LOMBARDÍA

ESTHER JIMÉNEZ LÓPEZ
