{"id":300068,"date":"2022-12-16T02:00:17","date_gmt":"2022-12-16T01:00:17","guid":{"rendered":"http:\/\/dev.claret.cat\/llibre\/aprender-musica-9788412004816\/"},"modified":"2023-01-28T21:08:19","modified_gmt":"2023-01-28T20:08:19","slug":"aprender-musica-9788412004816","status":"publish","type":"product","link":"https:\/\/www.claret.cat\/es\/libro\/aprender-musica-9788412004816\/","title":{"rendered":"APRENDER M\u00daSICA"},"content":{"rendered":"<p>\u00bfQu\u00e9 ventajas nos puede reportar el aprendizaje de la m\u00fasica? \u00bfEs preciso que el ni\u00f1o que quiere aprender a tocar un instrumento tenga o\u00eddo musical? \u00bfY si desafina? \u00bfY qu\u00e9 hay del adulto que decide lanzarse a dicho aprendizaje, aunque sea tarde, cuando se jubila? \u00bfPodr\u00e1 aprender a componer m\u00fasica? Seg\u00fan las \u00faltimas investigaciones, el alumno que dedica un tiempo a una actividad musical destaca en el \u00e1mbito escolar y es m\u00e1s altruista. Este libro, escrito por una reconocida especialista, describe con suma amenidad y de forma muy inteligible, la manera c\u00f3mo la m\u00fasica y el cerebro humano se hallan estrechamente vinculados.<\/p>\n","protected":false},"excerpt":{"rendered":"<p>PERETZ, ISABELLE<\/p>\n","protected":false},"featured_media":300069,"template":"","meta":{"_acf_changed":false,"om_disable_all_campaigns":false,"rs_blank_template":"","rs_page_bg_color":"","slide_template_v7":"","inline_featured_image":false,"_monsterinsights_skip_tracking":false,"_monsterinsights_sitenote_active":false,"_monsterinsights_sitenote_note":"","_monsterinsights_sitenote_category":0},"product_brand":[],"product_cat":[111,332,348,82],"product_tag":[],"class_list":{"0":"post-300068","1":"product","2":"type-product","3":"status-publish","4":"has-post-thumbnail","6":"product_cat-musica","7":"product_cat-musica-4_escolar-spa","8":"product_cat-pedagogia-2_humanidades","9":"product_cat-pedagogia","11":"first","12":"instock","13":"taxable","14":"shipping-taxable","15":"purchasable","16":"product-type-simple"},"acf":{"autor":"PERETZ, ISABELLE","codart":"841200481","libros-coleccion":"","ediciones":"1","encuadernacion":"R\u00fastica","fecha_de_publicacion":"01\/05\/2019","novedad":"1","paginas":"144","subtitulo":"\u00bfQU\u00c9 NOS ENSE\u00d1AN LAS NEUROCIENCIAS DEL APRENDIZAJE MUSICAL?","orden":"0","portada":"0","idioma":"spa","editorial":[{"ID":148479,"post_author":"3","post_date":"2022-10-14 11:58:34","post_date_gmt":"2022-10-14 09:58:34","post_content":"","post_title":"MA NON TROPPO","post_excerpt":"","post_status":"publish","comment_status":"closed","ping_status":"closed","post_password":"","post_name":"ma-non-troppo","to_ping":"","pinged":"","post_modified":"2022-10-14 11:58:34","post_modified_gmt":"2022-10-14 09:58:34","post_content_filtered":"","post_parent":0,"guid":"http:\/\/dev.claret.cat\/editorial\/ma-non-troppo\/","menu_order":0,"post_type":"editorial","post_mime_type":"","comment_count":"0","filter":"raw"}],"autores-libros":[{"ID":158110,"post_author":"3","post_date":"2022-10-14 15:34:14","post_date_gmt":"2022-10-14 13:34:14","post_content":"","post_title":"ISABELLE PERETZ","post_excerpt":"","post_status":"publish","comment_status":"closed","ping_status":"closed","post_password":"","post_name":"isabelle-peretz","to_ping":"","pinged":"","post_modified":"2022-10-14 15:34:14","post_modified_gmt":"2022-10-14 13:34:14","post_content_filtered":"","post_parent":0,"guid":"http:\/\/dev.claret.cat\/autor\/isabelle-peretz\/","menu_order":0,"post_type":"autor","post_mime_type":"","comment_count":"0","filter":"raw"}]},"aioseo_notices":[],"_links":{"self":[{"href":"https:\/\/www.claret.cat\/es\/wp-json\/wp\/v2\/product\/300068","targetHints":{"allow":["GET"]}}],"collection":[{"href":"https:\/\/www.claret.cat\/es\/wp-json\/wp\/v2\/product"}],"about":[{"href":"https:\/\/www.claret.cat\/es\/wp-json\/wp\/v2\/types\/product"}],"wp:featuredmedia":[{"embeddable":true,"href":"https:\/\/www.claret.cat\/es\/wp-json\/wp\/v2\/media\/300069"}],"wp:attachment":[{"href":"https:\/\/www.claret.cat\/es\/wp-json\/wp\/v2\/media?parent=300068"}],"wp:term":[{"taxonomy":"product_brand","embeddable":true,"href":"https:\/\/www.claret.cat\/es\/wp-json\/wp\/v2\/product_brand?post=300068"},{"taxonomy":"product_cat","embeddable":true,"href":"https:\/\/www.claret.cat\/es\/wp-json\/wp\/v2\/product_cat?post=300068"},{"taxonomy":"product_tag","embeddable":true,"href":"https:\/\/www.claret.cat\/es\/wp-json\/wp\/v2\/product_tag?post=300068"}],"curies":[{"name":"wp","href":"https:\/\/api.w.org\/{rel}","templated":true}]}}

APRENDER MÚSICA

<p>¿Qué ventajas nos puede reportar el aprendizaje de la música? ¿Es preciso que el niño que quiere aprender a tocar un instrumento tenga oído musical? ¿Y si desafina? ¿Y qué hay del adulto que decide lanzarse a dicho aprendizaje, aunque sea tarde, cuando se jubila? ¿Podrá aprender a componer música? Según las últimas investigaciones, el alumno que dedica un tiempo a una actividad musical destaca en el ámbito escolar y es más altruista. Este libro, escrito por una reconocida especialista, describe con suma amenidad y de forma muy inteligible, la manera cómo la música y el cerebro humano se hallan estrechamente vinculados.</p>

Rústica

¿QUÉ NOS ENSEÑAN LAS NEUROCIENCIAS DEL APRENDIZAJE MUSICAL?
