{"id":30196,"date":"2022-10-02T11:36:06","date_gmt":"2022-10-02T09:36:06","guid":{"rendered":"http:\/\/dev.claret.cat\/producte\/la-biblia-contada-a-los-ninos-2\/"},"modified":"2026-04-25T10:50:45","modified_gmt":"2026-04-25T08:50:45","slug":"la-biblia-contada-a-los-ninos-9788468308623","status":"publish","type":"product","link":"https:\/\/www.claret.cat\/es\/libro\/la-biblia-contada-a-los-ninos-9788468308623\/","title":{"rendered":"LA BIBLIA CONTADA A LOS NI\u00d1OS"},"content":{"rendered":"<p>LA BIBLIA es el libro de los libros, son las Sagradas Escrituras, es un tesoro que sobrepasa su extraordinario valor literario, de una belleza y una fuerza innegables. A lo largo de breves cap\u00edtulos, los ni\u00f1os y ni\u00f1as recorrer\u00e1n las historias que componen tanto el Antiguo Testamento como el Nuevo Testamento. Las expresivas ilustraciones llenan de emoci\u00f3n y ternura los pasajes, y les permitir\u00e1n disfrutar como nunca con esta lectura.<\/p>\n","protected":false},"excerpt":{"rendered":"<p>NAVARRO DUR\u00c1N, ROSA<\/p>\n","protected":false},"featured_media":385342,"template":"","meta":{"_acf_changed":false,"om_disable_all_campaigns":false,"rs_blank_template":"","rs_page_bg_color":"","slide_template_v7":"","inline_featured_image":false,"_monsterinsights_skip_tracking":false,"_monsterinsights_sitenote_active":false,"_monsterinsights_sitenote_note":"","_monsterinsights_sitenote_category":0},"product_brand":[],"product_cat":[75,341],"product_tag":[],"class_list":{"0":"post-30196","1":"product","2":"type-product","3":"status-publish","4":"has-post-thumbnail","6":"product_cat-biblia","7":"product_cat-biblia-es","9":"first","10":"instock","11":"taxable","12":"shipping-taxable","13":"purchasable","14":"product-type-simple"},"acf":{"autor":"NAVARRO DUR\u00c1N, ROSA","codart":"846830862","libros-coleccion":"","ediciones":"1","encuadernacion":"R\u00fastica","fecha_de_publicacion":"01\/03\/2016","novedad":"0","paginas":"331","subtitulo":"","orden":"999","portada":"0","idioma":"spa","editorial":[{"ID":148231,"post_author":"3","post_date":"2022-10-14 11:56:38","post_date_gmt":"2022-10-14 09:56:38","post_content":"","post_title":"Grupo EDEB\u00c9","post_excerpt":"","post_status":"publish","comment_status":"closed","ping_status":"closed","post_password":"","post_name":"grupo-edebe","to_ping":"","pinged":"","post_modified":"2022-10-14 11:56:38","post_modified_gmt":"2022-10-14 09:56:38","post_content_filtered":"","post_parent":0,"guid":"http:\/\/dev.claret.cat\/editorial\/grupo-edebe\/","menu_order":0,"post_type":"editorial","post_mime_type":"","comment_count":"0","filter":"raw"}],"autores-libros":[{"ID":168514,"post_author":"3","post_date":"2022-10-14 22:19:44","post_date_gmt":"2022-10-14 20:19:44","post_content":"","post_title":"ROSA NAVARRO DURAN","post_excerpt":"","post_status":"publish","comment_status":"closed","ping_status":"closed","post_password":"","post_name":"rosa-navarro-duran","to_ping":"","pinged":"","post_modified":"2022-10-14 22:19:44","post_modified_gmt":"2022-10-14 20:19:44","post_content_filtered":"","post_parent":0,"guid":"http:\/\/dev.claret.cat\/autor\/rosa-navarro-duran\/","menu_order":0,"post_type":"autor","post_mime_type":"","comment_count":"0","filter":"raw"}],"booktrailer":"","resenas":""},"aioseo_notices":[],"_links":{"self":[{"href":"https:\/\/www.claret.cat\/es\/wp-json\/wp\/v2\/product\/30196","targetHints":{"allow":["GET"]}}],"collection":[{"href":"https:\/\/www.claret.cat\/es\/wp-json\/wp\/v2\/product"}],"about":[{"href":"https:\/\/www.claret.cat\/es\/wp-json\/wp\/v2\/types\/product"}],"wp:featuredmedia":[{"embeddable":true,"href":"https:\/\/www.claret.cat\/es\/wp-json\/wp\/v2\/media\/385342"}],"wp:attachment":[{"href":"https:\/\/www.claret.cat\/es\/wp-json\/wp\/v2\/media?parent=30196"}],"wp:term":[{"taxonomy":"product_brand","embeddable":true,"href":"https:\/\/www.claret.cat\/es\/wp-json\/wp\/v2\/product_brand?post=30196"},{"taxonomy":"product_cat","embeddable":true,"href":"https:\/\/www.claret.cat\/es\/wp-json\/wp\/v2\/product_cat?post=30196"},{"taxonomy":"product_tag","embeddable":true,"href":"https:\/\/www.claret.cat\/es\/wp-json\/wp\/v2\/product_tag?post=30196"}],"curies":[{"name":"wp","href":"https:\/\/api.w.org\/{rel}","templated":true}]}}

LA BIBLIA CONTADA A LOS NIÑOS

<p>LA BIBLIA es el libro de los libros, son las Sagradas Escrituras, es un tesoro que sobrepasa su extraordinario valor literario, de una belleza y una fuerza innegables. A lo largo de breves capítulos, los niños y niñas recorrerán las historias que componen tanto el Antiguo Testamento como el Nuevo Testamento. Las expresivas ilustraciones llenan de emoción y ternura los pasajes, y les permitirán disfrutar como nunca con esta lectura.</p>

<p>NAVARRO DURÁN, ROSA</p>

NAVARRO DURÁN, ROSA

Rústica

Grupo EDEBÉ
