{"id":303088,"date":"2022-12-16T04:02:06","date_gmt":"2022-12-16T03:02:06","guid":{"rendered":"http:\/\/dev.claret.cat\/llibre\/sota-els-vents-de-neptu-9788416743995\/"},"modified":"2025-01-31T13:49:20","modified_gmt":"2025-01-31T12:49:20","slug":"sota-els-vents-de-neptu-9788416743995","status":"publish","type":"product","link":"https:\/\/www.claret.cat\/es\/libro\/sota-els-vents-de-neptu-9788416743995\/","title":{"rendered":"SOTA ELS VENTS DE NEPT\u00da"},"content":{"rendered":"<p>Tres cops de punx\u00f3 han segat la vida d&#8217;una noia que apareix entre els matolls a prop d&#8217;una carretera comarcal. Totes les proves incriminen un rodam\u00f3n alcoholitzat que no recorda res de res. \u00c9s evident per a tothom qui \u00e9s el culpable. Per\u00f2 el comissari Adamsberg discrepa. Hi veu un patr\u00f3 antic. Per a ell, aquell cas significa el retorn de l&#8217;assass\u00ed del Trident. El problema \u00e9s que aquest homicida fa molts anys que \u00e9s mort i enterrat.<br \/> Els compromisos adquirits per la Brigada obliguen l&#8217;Adamsberg a posposar les seves investigacions per viatjar amb el seu equip fins al Quebec, on ja els esperen els col\u00b7legues de la policia muntada amb els darrers aven\u00e7os en mat\u00e8ria d&#8217;an\u00e0lisi d&#8217;ADN. Ser\u00e0 al Quebec on la marca del Trident convertir\u00e0 l&#8217;Adamsberg en un fugitiu de si mateix, en el seu pitjor enemic, en un tipus execrable. L&#8217;home solitari i melanc\u00f2lic, que resol els casos \u00abexcavant els n\u00favols amb una pala\u00bb, haur\u00e0 d&#8217;aprendre a confiar en els altres per una vegada.<\/p>\n","protected":false},"excerpt":{"rendered":"<p>VARGAS, FRED<\/p>\n","protected":false},"featured_media":303089,"template":"","meta":{"_acf_changed":false,"om_disable_all_campaigns":false,"rs_blank_template":"","rs_page_bg_color":"","slide_template_v7":"","inline_featured_image":false,"_monsterinsights_skip_tracking":false,"_monsterinsights_sitenote_active":false,"_monsterinsights_sitenote_note":"","_monsterinsights_sitenote_category":0},"product_brand":[],"product_cat":[87,353],"product_tag":[],"class_list":{"0":"post-303088","1":"product","2":"type-product","3":"status-publish","4":"has-post-thumbnail","6":"product_cat-literatura","7":"product_cat-literatura-2_humanidades","9":"first","10":"instock","11":"taxable","12":"shipping-taxable","13":"purchasable","14":"product-type-simple"},"acf":{"autor":"VARGAS, FRED","codart":"841674399","libros-coleccion":"Biblioteca Fred Vargas","ediciones":"1","encuadernacion":"R\u00fastica","fecha_de_publicacion":"01\/05\/2019","novedad":"1","paginas":"410","subtitulo":"","orden":"0","portada":"0","idioma":"cat","editorial":[{"ID":147425,"post_author":"3","post_date":"2022-10-14 11:50:28","post_date_gmt":"2022-10-14 09:50:28","post_content":"","post_title":"Amsterdam","post_excerpt":"","post_status":"publish","comment_status":"closed","ping_status":"closed","post_password":"","post_name":"amsterdam","to_ping":"","pinged":"","post_modified":"2022-10-14 11:50:28","post_modified_gmt":"2022-10-14 09:50:28","post_content_filtered":"","post_parent":0,"guid":"http:\/\/dev.claret.cat\/editorial\/amsterdam\/","menu_order":0,"post_type":"editorial","post_mime_type":"","comment_count":"0","filter":"raw"}],"autores-libros":[{"ID":156396,"post_author":"3","post_date":"2022-10-14 15:20:29","post_date_gmt":"2022-10-14 13:20:29","post_content":"","post_title":"FRED VARGAS","post_excerpt":"","post_status":"publish","comment_status":"closed","ping_status":"closed","post_password":"","post_name":"fred-vargas","to_ping":"","pinged":"","post_modified":"2022-10-14 15:20:29","post_modified_gmt":"2022-10-14 13:20:29","post_content_filtered":"","post_parent":0,"guid":"http:\/\/dev.claret.cat\/autor\/fred-vargas\/","menu_order":0,"post_type":"autor","post_mime_type":"","comment_count":"0","filter":"raw"}]},"aioseo_notices":[],"_links":{"self":[{"href":"https:\/\/www.claret.cat\/es\/wp-json\/wp\/v2\/product\/303088","targetHints":{"allow":["GET"]}}],"collection":[{"href":"https:\/\/www.claret.cat\/es\/wp-json\/wp\/v2\/product"}],"about":[{"href":"https:\/\/www.claret.cat\/es\/wp-json\/wp\/v2\/types\/product"}],"wp:featuredmedia":[{"embeddable":true,"href":"https:\/\/www.claret.cat\/es\/wp-json\/wp\/v2\/media\/303089"}],"wp:attachment":[{"href":"https:\/\/www.claret.cat\/es\/wp-json\/wp\/v2\/media?parent=303088"}],"wp:term":[{"taxonomy":"product_brand","embeddable":true,"href":"https:\/\/www.claret.cat\/es\/wp-json\/wp\/v2\/product_brand?post=303088"},{"taxonomy":"product_cat","embeddable":true,"href":"https:\/\/www.claret.cat\/es\/wp-json\/wp\/v2\/product_cat?post=303088"},{"taxonomy":"product_tag","embeddable":true,"href":"https:\/\/www.claret.cat\/es\/wp-json\/wp\/v2\/product_tag?post=303088"}],"curies":[{"name":"wp","href":"https:\/\/api.w.org\/{rel}","templated":true}]}}

SOTA ELS VENTS DE NEPTÚ

<p>Tres cops de punxó han segat la vida d&#8217;una noia que apareix entre els matolls a prop d&#8217;una carretera comarcal. Totes les proves incriminen un rodamón alcoholitzat que no recorda res de res. És evident per a tothom qui és el culpable. Però el comissari Adamsberg discrepa. Hi veu un patró antic. Per a ell, aquell cas significa el retorn de l&#8217;assassí del Trident. El problema és que aquest homicida fa molts anys que és mort i enterrat.<br /> Els compromisos adquirits per la Brigada obliguen l&#8217;Adamsberg a posposar les seves investigacions per viatjar amb el seu equip fins al Quebec, on ja els esperen els col·legues de la policia muntada amb els darrers avenços en matèria d&#8217;anàlisi d&#8217;ADN. Serà al Quebec on la marca del Trident convertirà l&#8217;Adamsberg en un fugitiu de si mateix, en el seu pitjor enemic, en un tipus execrable. L&#8217;home solitari i melancòlic, que resol els casos «excavant els núvols amb una pala», haurà d&#8217;aprendre a confiar en els altres per una vegada.</p>

Rústica
