{"id":303993,"date":"2022-12-16T04:41:00","date_gmt":"2022-12-16T03:41:00","guid":{"rendered":"http:\/\/dev.claret.cat\/llibre\/el-primer-piteu-9788417660369\/"},"modified":"2024-07-04T10:25:22","modified_gmt":"2024-07-04T08:25:22","slug":"el-primer-piteu-9788417660369","status":"publish","type":"product","link":"https:\/\/www.claret.cat\/es\/libro\/el-primer-piteu-9788417660369\/","title":{"rendered":"EL PRIMER PITEU"},"content":{"rendered":"<p>Segle XIV. La Guerra dels Cent Anys, les lluites de Pere el Cerimoni\u00f3s amb Jaume de Mallorca, el cam\u00ed de Sant Jaume i el monestir benedict\u00ed de Tav\u00e8rnoles marquen l\u2019exist\u00e8ncia d\u2019en Gerard fins a la seva arribada a la vila closa de Sant Lloren\u00e7 de Morunys, a la vall de Lord.<\/p>\n<p>Reminisc\u00e8ncies de la doctrina her\u00e8tica dels \u00abbons homes\u00bb, la vida mon\u00e0stica i les pr\u00e8diques de clergues caragirats determinen el seu car\u00e0cter. L\u2019estrall de la pesta, el rebuig vers els jueus i la vida gremial ens situen en una \u00e8poca de forts contrastos. I, entremig, l\u2019amor, la tra\u00efci\u00f3, la prostituci\u00f3 i el patiment, amb tota la seva cruesa.<\/p>\n<p>Un text d\u2019una prosa precisa i efectiva que posa de relleu la import\u00e0ncia que va adquirir a la zona del Solson\u00e8s i, per extensi\u00f3, a tot Catalunya el m\u00f3n de la draperia, dels teixidors, dels paraires, dels comerciants de llana, dels telers i dels primers tissatges de l\u2019exit\u00f3s \u00abdrap del piteu\u00bb.<\/p>\n","protected":false},"excerpt":{"rendered":"<p>CAMA I SABALLS, ALFONS<\/p>\n","protected":false},"featured_media":973303,"template":"","meta":{"_acf_changed":false,"om_disable_all_campaigns":false,"rs_blank_template":"","rs_page_bg_color":"","slide_template_v7":"","inline_featured_image":false,"_monsterinsights_skip_tracking":false,"_monsterinsights_sitenote_active":false,"_monsterinsights_sitenote_note":"","_monsterinsights_sitenote_category":0},"product_brand":[],"product_cat":[87,353],"product_tag":[],"class_list":{"0":"post-303993","1":"product","2":"type-product","3":"status-publish","4":"has-post-thumbnail","6":"product_cat-literatura","7":"product_cat-literatura-2_humanidades","9":"first","10":"outofstock","11":"taxable","12":"shipping-taxable","13":"purchasable","14":"product-type-simple"},"acf":{"autor":"CAMA I SABALLS, ALFONS","codart":"841766036","libros-coleccion":"Novel\u00b7la","ediciones":"1","encuadernacion":"R\u00fastica","fecha_de_publicacion":"01\/05\/2019","novedad":"0","paginas":"302","subtitulo":"","orden":"0","portada":"0","idioma":"cat","editorial":[{"ID":147983,"post_author":"3","post_date":"2022-10-14 11:54:44","post_date_gmt":"2022-10-14 09:54:44","post_content":"","post_title":"Editorial Gregal","post_excerpt":"","post_status":"publish","comment_status":"closed","ping_status":"closed","post_password":"","post_name":"editorial-gregal","to_ping":"","pinged":"","post_modified":"2022-10-14 11:54:44","post_modified_gmt":"2022-10-14 09:54:44","post_content_filtered":"","post_parent":0,"guid":"http:\/\/dev.claret.cat\/editorial\/editorial-gregal\/","menu_order":0,"post_type":"editorial","post_mime_type":"","comment_count":"0","filter":"raw"}],"autores-libros":[{"ID":149741,"post_author":"3","post_date":"2022-10-14 14:27:20","post_date_gmt":"2022-10-14 12:27:20","post_content":"","post_title":"ALFONS CAMA I SABALLS","post_excerpt":"","post_status":"publish","comment_status":"closed","ping_status":"closed","post_password":"","post_name":"alfons-cama-i-saballs","to_ping":"","pinged":"","post_modified":"2022-10-14 14:27:20","post_modified_gmt":"2022-10-14 12:27:20","post_content_filtered":"","post_parent":0,"guid":"http:\/\/dev.claret.cat\/autor\/alfons-cama-i-saballs\/","menu_order":0,"post_type":"autor","post_mime_type":"","comment_count":"0","filter":"raw"}]},"aioseo_notices":[],"_links":{"self":[{"href":"https:\/\/www.claret.cat\/es\/wp-json\/wp\/v2\/product\/303993","targetHints":{"allow":["GET"]}}],"collection":[{"href":"https:\/\/www.claret.cat\/es\/wp-json\/wp\/v2\/product"}],"about":[{"href":"https:\/\/www.claret.cat\/es\/wp-json\/wp\/v2\/types\/product"}],"wp:featuredmedia":[{"embeddable":true,"href":"https:\/\/www.claret.cat\/es\/wp-json\/wp\/v2\/media\/973303"}],"wp:attachment":[{"href":"https:\/\/www.claret.cat\/es\/wp-json\/wp\/v2\/media?parent=303993"}],"wp:term":[{"taxonomy":"product_brand","embeddable":true,"href":"https:\/\/www.claret.cat\/es\/wp-json\/wp\/v2\/product_brand?post=303993"},{"taxonomy":"product_cat","embeddable":true,"href":"https:\/\/www.claret.cat\/es\/wp-json\/wp\/v2\/product_cat?post=303993"},{"taxonomy":"product_tag","embeddable":true,"href":"https:\/\/www.claret.cat\/es\/wp-json\/wp\/v2\/product_tag?post=303993"}],"curies":[{"name":"wp","href":"https:\/\/api.w.org\/{rel}","templated":true}]}}

<p>Segle XIV. La Guerra dels Cent Anys, les lluites de Pere el Cerimoniós amb Jaume de Mallorca, el camí de Sant Jaume i el monestir benedictí de Tavèrnoles marquen l’existència d’en Gerard fins a la seva arribada a la vila closa de Sant Llorenç de Morunys, a la vall de Lord.</p>
<p>Reminiscències de la doctrina herètica dels «bons homes», la vida monàstica i les prèdiques de clergues caragirats determinen el seu caràcter. L’estrall de la pesta, el rebuig vers els jueus i la vida gremial ens situen en una època de forts contrastos. I, entremig, l’amor, la traïció, la prostitució i el patiment, amb tota la seva cruesa.</p>
<p>Un text d’una prosa precisa i efectiva que posa de relleu la importància que va adquirir a la zona del Solsonès i, per extensió, a tot Catalunya el món de la draperia, dels teixidors, dels paraires, dels comerciants de llana, dels telers i dels primers tissatges de l’exitós «drap del piteu».</p>

Rústica
