{"id":304885,"date":"2022-12-16T05:18:59","date_gmt":"2022-12-16T04:18:59","guid":{"rendered":"http:\/\/dev.claret.cat\/llibre\/audacia-y-conviccion-pablo-de-tarso-8421839764\/"},"modified":"2023-01-28T14:06:19","modified_gmt":"2023-01-28T13:06:19","slug":"audacia-y-conviccion-pablo-de-tarso-8421839764","status":"publish","type":"product","link":"https:\/\/www.claret.cat\/es\/libro\/audacia-y-conviccion-pablo-de-tarso-8421839764\/","title":{"rendered":"AUDACIA Y CONVICCI\u00d3N. PABLO DE TARSO"},"content":{"rendered":"<p>El apasionado Pablo de Tarso se entreg\u00f3 desde joven a buscar fieramente la verdad. Estaba seguro de que la hab\u00eda encontrado en la Ley que Mois\u00e9s dej\u00f3 para su pueblo, Israel, que la defendi\u00f3 a capa y espada.<br \/>Supo que se equivocaba el d\u00eda en que una luz deslumbradora se le apareci\u00f3 de improviso y lo tir\u00f3 del caballo cuando se dirig\u00eda a Damasco. Llevaba en el bolsillo una autorizaci\u00f3n para perseguir a los partidarios de Jes\u00fas y cabalgaba confiado y orgulloso.<br \/>Ese hecho cambi\u00f3 su vida. Ya no pudo ignorar su destino: transmitir la nueva verdad que se le hab\u00eda mostrado de manera ins\u00f3lita e inesperada, tirando por tierra su orgullo y su seguridad. Desde aquel momento dedic\u00f3 su ida por completo a fundar nuevas comuniodades de cristianos y nuevas iglesias y le dio forma al legado que hab\u00eda dejado Jes\u00fas de Nazaret para que lo entendieran tanto griegos como romanos. De Tarso a Jerusal\u00e9n, de Antioqu\u00eda a Atenas y Corinto, de Roma a la lejana Hispania.<br \/>Una entrega humana de tal alcance s\u00f3lo se explica si brota de una pasi\u00f3n. EL propio Pablo resumi\u00f3 la clave de su descubrimiento vital: &#8216;Mi vida no es m\u00eda. Hay otro que vive en m\u00ed&#8217;. Pablo nos habla de la m\u00edstica, que explica la extraordinaria biograf\u00eda de este jud\u00edo nacido en Tarso, una ciudad del sur de la actual Tur<\/p>\n","protected":false},"excerpt":{"rendered":"<p>BALLAZ, JES\u00daS<\/p>\n","protected":false},"featured_media":304886,"template":"","meta":{"_acf_changed":false,"om_disable_all_campaigns":false,"rs_blank_template":"","rs_page_bg_color":"","slide_template_v7":"","inline_featured_image":false,"_monsterinsights_skip_tracking":false,"_monsterinsights_sitenote_active":false,"_monsterinsights_sitenote_note":"","_monsterinsights_sitenote_category":0},"product_brand":[],"product_cat":[90,540],"product_tag":[],"class_list":{"0":"post-304885","1":"product","2":"type-product","3":"status-publish","4":"has-post-thumbnail","6":"product_cat-altres","7":"product_cat-otros","9":"first","10":"instock","11":"taxable","12":"shipping-taxable","13":"purchasable","14":"product-type-simple"},"acf":{"autor":"BALLAZ, JES\u00daS","codart":"842183976","libros-coleccion":"Biograf\u00eda joven","ediciones":"1","encuadernacion":"R\u00fastica","fecha_de_publicacion":"29\/03\/2010","novedad":"0","paginas":"155","subtitulo":"","orden":"999","portada":"0","idioma":"spa","editorial":[{"ID":147941,"post_author":"3","post_date":"2022-10-14 11:54:24","post_date_gmt":"2022-10-14 09:54:24","post_content":"","post_title":"Editorial Casals","post_excerpt":"","post_status":"publish","comment_status":"closed","ping_status":"closed","post_password":"","post_name":"editorial-casals","to_ping":"","pinged":"","post_modified":"2022-10-14 11:54:24","post_modified_gmt":"2022-10-14 09:54:24","post_content_filtered":"","post_parent":0,"guid":"http:\/\/dev.claret.cat\/editorial\/editorial-casals\/","menu_order":0,"post_type":"editorial","post_mime_type":"","comment_count":"0","filter":"raw"}],"autores-libros":[{"ID":5587,"post_author":"3","post_date":"2022-07-28 17:27:12","post_date_gmt":"2022-07-28 15:27:12","post_content":"","post_title":"JES\u00daS BALLAZ","post_excerpt":"","post_status":"publish","comment_status":"closed","ping_status":"closed","post_password":"","post_name":"jesus-ballaz","to_ping":"","pinged":"","post_modified":"2022-07-28 17:27:12","post_modified_gmt":"2022-07-28 15:27:12","post_content_filtered":"","post_parent":0,"guid":"http:\/\/dev.claret.cat\/autor\/jesus-ballaz\/","menu_order":0,"post_type":"autor","post_mime_type":"","comment_count":"0","filter":"raw"}]},"aioseo_notices":[],"_links":{"self":[{"href":"https:\/\/www.claret.cat\/es\/wp-json\/wp\/v2\/product\/304885","targetHints":{"allow":["GET"]}}],"collection":[{"href":"https:\/\/www.claret.cat\/es\/wp-json\/wp\/v2\/product"}],"about":[{"href":"https:\/\/www.claret.cat\/es\/wp-json\/wp\/v2\/types\/product"}],"wp:featuredmedia":[{"embeddable":true,"href":"https:\/\/www.claret.cat\/es\/wp-json\/wp\/v2\/media\/304886"}],"wp:attachment":[{"href":"https:\/\/www.claret.cat\/es\/wp-json\/wp\/v2\/media?parent=304885"}],"wp:term":[{"taxonomy":"product_brand","embeddable":true,"href":"https:\/\/www.claret.cat\/es\/wp-json\/wp\/v2\/product_brand?post=304885"},{"taxonomy":"product_cat","embeddable":true,"href":"https:\/\/www.claret.cat\/es\/wp-json\/wp\/v2\/product_cat?post=304885"},{"taxonomy":"product_tag","embeddable":true,"href":"https:\/\/www.claret.cat\/es\/wp-json\/wp\/v2\/product_tag?post=304885"}],"curies":[{"name":"wp","href":"https:\/\/api.w.org\/{rel}","templated":true}]}}

AUDACIA Y CONVICCIÓN. PABLO DE TARSO

<p>El apasionado Pablo de Tarso se entregó desde joven a buscar fieramente la verdad. Estaba seguro de que la había encontrado en la Ley que Moisés dejó para su pueblo, Israel, que la defendió a capa y espada.<br />Supo que se equivocaba el día en que una luz deslumbradora se le apareció de improviso y lo tiró del caballo cuando se dirigía a Damasco. Llevaba en el bolsillo una autorización para perseguir a los partidarios de Jesús y cabalgaba confiado y orgulloso.<br />Ese hecho cambió su vida. Ya no pudo ignorar su destino: transmitir la nueva verdad que se le había mostrado de manera insólita e inesperada, tirando por tierra su orgullo y su seguridad. Desde aquel momento dedicó su ida por completo a fundar nuevas comuniodades de cristianos y nuevas iglesias y le dio forma al legado que había dejado Jesús de Nazaret para que lo entendieran tanto griegos como romanos. De Tarso a Jerusalén, de Antioquía a Atenas y Corinto, de Roma a la lejana Hispania.<br />Una entrega humana de tal alcance sólo se explica si brota de una pasión. EL propio Pablo resumió la clave de su descubrimiento vital: &#8216;Mi vida no es mía. Hay otro que vive en mí&#8217;. Pablo nos habla de la mística, que explica la extraordinaria biografía de este judío nacido en Tarso, una ciudad del sur de la actual Tur</p>

<p>BALLAZ, JESÚS</p>

BALLAZ, JESÚS

Biografía joven

Rústica

JESÚS BALLAZ
