{"id":305645,"date":"2022-12-16T05:49:37","date_gmt":"2022-12-16T04:49:37","guid":{"rendered":"http:\/\/dev.claret.cat\/llibre\/mi-hermano-miente-mas-que-habla-los-peores-anos-de-mi-vida-3-9788424649265\/"},"modified":"2025-01-31T21:58:49","modified_gmt":"2025-01-31T20:58:49","slug":"mi-hermano-miente-mas-que-habla-los-peores-anos-de-mi-vida-3-9788424649265","status":"publish","type":"product","link":"https:\/\/www.claret.cat\/es\/libro\/mi-hermano-miente-mas-que-habla-los-peores-anos-de-mi-vida-3-9788424649265\/","title":{"rendered":"MI HERMANO MIENTE M\u00c1S QUE HABLA &#8211; LOS PEORES A\u00d1OS DE MI VIDA 3"},"content":{"rendered":"<p>Primer a\u00f1o de Secundaria de Georgia Khatchatorian en el instituto Hills Village, donde tendr\u00e1 la oportunidad de demostrar que es una alumna aplicada y brillante y que no tiene nada que ver con su hermano Rafe. Pero los profesores no est\u00e1n muy dispuestos a darle esa oportunidad; la huella que dej\u00f3 en el instituto Rafe Khatchatorian es demasiado profunda. Los intentos de Georgia de hacer amigos y ser aceptada por sus compa\u00f1eros (y especialmente por las popular\u00edsimas \u00abPatrulla de Princesas\u00bb) tampoco tiene mucho \u00e9xito. Siempre puede refugiarse en la banda de rock que tiene con unas amigas, hasta que Rafe, a traici\u00f3n, las inscribe para tocar en el concurso de bandas del instituto. Y si ya iba directa hacia el desastre, el descubrimiento de un secreto familiar acaba de rematar la faena. En el instituto Hills Village tambi\u00e9n Georgia vivir\u00e1 los peores a\u00f1os de su vida.<\/p>\n","protected":false},"excerpt":{"rendered":"<p>PATTERSON, JAMES \/ PAPADE<\/p>\n","protected":false},"featured_media":305646,"template":"","meta":{"_acf_changed":false,"om_disable_all_campaigns":false,"rs_blank_template":"","rs_page_bg_color":"","slide_template_v7":"","inline_featured_image":false,"_monsterinsights_skip_tracking":false,"_monsterinsights_sitenote_active":false,"_monsterinsights_sitenote_note":"","_monsterinsights_sitenote_category":0},"product_brand":[],"product_cat":[90,540],"product_tag":[],"class_list":{"0":"post-305645","1":"product","2":"type-product","3":"status-publish","4":"has-post-thumbnail","6":"product_cat-altres","7":"product_cat-otros","9":"first","10":"instock","11":"taxable","12":"shipping-taxable","13":"purchasable","14":"product-type-simple"},"acf":{"autor":"PATTERSON, JAMES \/ PAPADE","codart":"842464926","libros-coleccion":"","ediciones":"1","encuadernacion":"Carton\u00e9","fecha_de_publicacion":"01\/11\/2013","novedad":"0","paginas":"280","subtitulo":"","orden":"999","portada":"0","idioma":"spa","editorial":[{"ID":148361,"post_author":"3","post_date":"2022-10-14 11:57:38","post_date_gmt":"2022-10-14 09:57:38","post_content":"","post_title":"LA GALERA, S.A. EDITORIAL","post_excerpt":"","post_status":"publish","comment_status":"closed","ping_status":"closed","post_password":"","post_name":"la-galera-s-a-editorial","to_ping":"","pinged":"","post_modified":"2022-10-14 11:57:38","post_modified_gmt":"2022-10-14 09:57:38","post_content_filtered":"","post_parent":0,"guid":"http:\/\/dev.claret.cat\/editorial\/la-galera-s-a-editorial\/","menu_order":0,"post_type":"editorial","post_mime_type":"","comment_count":"0","filter":"raw"}],"autores-libros":[{"ID":5568,"post_author":"3","post_date":"2022-07-28 17:26:46","post_date_gmt":"2022-07-28 15:26:46","post_content":"","post_title":"JAMES PATTERSON","post_excerpt":"","post_status":"publish","comment_status":"closed","ping_status":"closed","post_password":"","post_name":"james-patterson","to_ping":"","pinged":"","post_modified":"2022-07-28 17:26:46","post_modified_gmt":"2022-07-28 15:26:46","post_content_filtered":"","post_parent":0,"guid":"http:\/\/dev.claret.cat\/autor\/james-patterson\/","menu_order":0,"post_type":"autor","post_mime_type":"","comment_count":"0","filter":"raw"},{"ID":305644,"post_author":"3","post_date":"2022-12-16 05:49:35","post_date_gmt":"2022-12-16 04:49:35","post_content":"","post_title":"LISA PAPADEMETRIOU","post_excerpt":"","post_status":"publish","comment_status":"closed","ping_status":"closed","post_password":"","post_name":"lisa-papademetriou","to_ping":"","pinged":"","post_modified":"2022-12-16 05:49:35","post_modified_gmt":"2022-12-16 04:49:35","post_content_filtered":"","post_parent":0,"guid":"http:\/\/dev.claret.cat\/autor\/lisa-papademetriou\/","menu_order":0,"post_type":"autor","post_mime_type":"","comment_count":"0","filter":"raw"}]},"aioseo_notices":[],"_links":{"self":[{"href":"https:\/\/www.claret.cat\/es\/wp-json\/wp\/v2\/product\/305645","targetHints":{"allow":["GET"]}}],"collection":[{"href":"https:\/\/www.claret.cat\/es\/wp-json\/wp\/v2\/product"}],"about":[{"href":"https:\/\/www.claret.cat\/es\/wp-json\/wp\/v2\/types\/product"}],"wp:featuredmedia":[{"embeddable":true,"href":"https:\/\/www.claret.cat\/es\/wp-json\/wp\/v2\/media\/305646"}],"wp:attachment":[{"href":"https:\/\/www.claret.cat\/es\/wp-json\/wp\/v2\/media?parent=305645"}],"wp:term":[{"taxonomy":"product_brand","embeddable":true,"href":"https:\/\/www.claret.cat\/es\/wp-json\/wp\/v2\/product_brand?post=305645"},{"taxonomy":"product_cat","embeddable":true,"href":"https:\/\/www.claret.cat\/es\/wp-json\/wp\/v2\/product_cat?post=305645"},{"taxonomy":"product_tag","embeddable":true,"href":"https:\/\/www.claret.cat\/es\/wp-json\/wp\/v2\/product_tag?post=305645"}],"curies":[{"name":"wp","href":"https:\/\/api.w.org\/{rel}","templated":true}]}}

MI HERMANO MIENTE MÁS QUE HABLA &#8211; LOS PEORES AÑOS DE MI VIDA 3

<p>Primer año de Secundaria de Georgia Khatchatorian en el instituto Hills Village, donde tendrá la oportunidad de demostrar que es una alumna aplicada y brillante y que no tiene nada que ver con su hermano Rafe. Pero los profesores no están muy dispuestos a darle esa oportunidad; la huella que dejó en el instituto Rafe Khatchatorian es demasiado profunda. Los intentos de Georgia de hacer amigos y ser aceptada por sus compañeros (y especialmente por las popularísimas «Patrulla de Princesas») tampoco tiene mucho éxito. Siempre puede refugiarse en la banda de rock que tiene con unas amigas, hasta que Rafe, a traición, las inscribe para tocar en el concurso de bandas del instituto. Y si ya iba directa hacia el desastre, el descubrimiento de un secreto familiar acaba de rematar la faena. En el instituto Hills Village también Georgia vivirá los peores años de su vida.</p>

Cartoné
