{"id":305764,"date":"2022-12-16T05:54:46","date_gmt":"2022-12-16T04:54:46","guid":{"rendered":"http:\/\/dev.claret.cat\/llibre\/besties-de-lolimp-1-el-guardia-de-les-besties-no1-9788424664794\/"},"modified":"2025-01-31T17:32:44","modified_gmt":"2025-01-31T16:32:44","slug":"besties-de-lolimp-1-el-guardia-de-les-besties-no1-9788424664794","status":"publish","type":"product","link":"https:\/\/www.claret.cat\/es\/libro\/besties-de-lolimp-1-el-guardia-de-les-besties-no1-9788424664794\/","title":{"rendered":"B\u00c8STIES DE L&#8217;OLIMP 1. EL GUARDI\u00c0 DE LES B\u00c8STIES ( N\u00ba1)"},"content":{"rendered":"<p>En Pandem\u00f2nius t\u00e9 onze anys, i tothom l&#8221;anomena D\u00e9mon. Viu, avorrit, en un petit poble de l&#8221;antiga Gr\u00e8cia fins que el seu pare, un semideu, apareix i li encomana una feina nova: ser el Guardi\u00e0 de les b\u00e8sties dels d\u00e9us de l&#8221;Olimp! B\u00e9, de fet \u00e9s l&#8221;encarregat de l&#8221;estable, per\u00f2 la feina de simple mosso de quadra s&#8221;acaba aviat: H\u00e8racles, un d\u00e9u guerrer, causa estralls en les b\u00e8sties immortals i en D\u00e9mon les ha de salvar!<\/p>\n<p>La ira de Zeus caur\u00e0 sobre qui no llegeixi B\u00e8sties de l&#8221;Olimp!<\/p>\n","protected":false},"excerpt":{"rendered":"<p>COATS, LUCY<\/p>\n","protected":false},"featured_media":305765,"template":"","meta":{"_acf_changed":false,"om_disable_all_campaigns":false,"rs_blank_template":"","rs_page_bg_color":"","slide_template_v7":"","inline_featured_image":false,"_monsterinsights_skip_tracking":false,"_monsterinsights_sitenote_active":false,"_monsterinsights_sitenote_note":"","_monsterinsights_sitenote_category":0},"product_brand":[],"product_cat":[86,352],"product_tag":[],"class_list":{"0":"post-305764","1":"product","2":"type-product","3":"status-publish","4":"has-post-thumbnail","6":"product_cat-infantil","7":"product_cat-infantil-3_infantil-juvenil-spa","9":"first","10":"instock","11":"taxable","12":"shipping-taxable","13":"purchasable","14":"product-type-simple"},"acf":{"autor":"COATS, LUCY","codart":"842466479","libros-coleccion":"A clar de nit","ediciones":"1","encuadernacion":"Carton\u00e9","fecha_de_publicacion":"01\/06\/2019","novedad":"1","paginas":"138","subtitulo":"","orden":"0","portada":"0","idioma":"cat","editorial":[{"ID":148189,"post_author":"3","post_date":"2022-10-14 11:56:19","post_date_gmt":"2022-10-14 09:56:19","post_content":"","post_title":"GALERA, EDITORIAL","post_excerpt":"","post_status":"publish","comment_status":"closed","ping_status":"closed","post_password":"","post_name":"galera-editorial","to_ping":"","pinged":"","post_modified":"2022-10-14 11:56:19","post_modified_gmt":"2022-10-14 09:56:19","post_content_filtered":"","post_parent":0,"guid":"http:\/\/dev.claret.cat\/editorial\/galera-editorial\/","menu_order":0,"post_type":"editorial","post_mime_type":"","comment_count":"0","filter":"raw"}],"autores-libros":[{"ID":162622,"post_author":"3","post_date":"2022-10-14 17:32:29","post_date_gmt":"2022-10-14 15:32:29","post_content":"","post_title":"LUCY COATS","post_excerpt":"","post_status":"publish","comment_status":"closed","ping_status":"closed","post_password":"","post_name":"lucy-coats","to_ping":"","pinged":"","post_modified":"2022-10-14 17:32:29","post_modified_gmt":"2022-10-14 15:32:29","post_content_filtered":"","post_parent":0,"guid":"http:\/\/dev.claret.cat\/autor\/lucy-coats\/","menu_order":0,"post_type":"autor","post_mime_type":"","comment_count":"0","filter":"raw"}]},"aioseo_notices":[],"_links":{"self":[{"href":"https:\/\/www.claret.cat\/es\/wp-json\/wp\/v2\/product\/305764","targetHints":{"allow":["GET"]}}],"collection":[{"href":"https:\/\/www.claret.cat\/es\/wp-json\/wp\/v2\/product"}],"about":[{"href":"https:\/\/www.claret.cat\/es\/wp-json\/wp\/v2\/types\/product"}],"wp:featuredmedia":[{"embeddable":true,"href":"https:\/\/www.claret.cat\/es\/wp-json\/wp\/v2\/media\/305765"}],"wp:attachment":[{"href":"https:\/\/www.claret.cat\/es\/wp-json\/wp\/v2\/media?parent=305764"}],"wp:term":[{"taxonomy":"product_brand","embeddable":true,"href":"https:\/\/www.claret.cat\/es\/wp-json\/wp\/v2\/product_brand?post=305764"},{"taxonomy":"product_cat","embeddable":true,"href":"https:\/\/www.claret.cat\/es\/wp-json\/wp\/v2\/product_cat?post=305764"},{"taxonomy":"product_tag","embeddable":true,"href":"https:\/\/www.claret.cat\/es\/wp-json\/wp\/v2\/product_tag?post=305764"}],"curies":[{"name":"wp","href":"https:\/\/api.w.org\/{rel}","templated":true}]}}

BÈSTIES DE L&#8217;OLIMP 1. EL GUARDIÀ DE LES BÈSTIES ( Nº1)

<p>En Pandemònius té onze anys, i tothom l&#8221;anomena Démon. Viu, avorrit, en un petit poble de l&#8221;antiga Grècia fins que el seu pare, un semideu, apareix i li encomana una feina nova: ser el Guardià de les bèsties dels déus de l&#8221;Olimp! Bé, de fet és l&#8221;encarregat de l&#8221;estable, però la feina de simple mosso de quadra s&#8221;acaba aviat: Hèracles, un déu guerrer, causa estralls en les bèsties immortals i en Démon les ha de salvar!</p>
<p>La ira de Zeus caurà sobre qui no llegeixi Bèsties de l&#8221;Olimp!</p>

Cartoné
