{"id":305767,"date":"2022-12-16T05:54:54","date_gmt":"2022-12-16T04:54:54","guid":{"rendered":"http:\/\/dev.claret.cat\/llibre\/besties-de-lolimp-2-el-gos-de-lhades-no2-9788424664800\/"},"modified":"2025-01-31T17:32:56","modified_gmt":"2025-01-31T16:32:56","slug":"besties-de-lolimp-2-el-gos-de-lhades-no2-9788424664800","status":"publish","type":"product","link":"https:\/\/www.claret.cat\/es\/libro\/besties-de-lolimp-2-el-gos-de-lhades-no2-9788424664800\/","title":{"rendered":"B\u00c8STIES DE L&#8217;OLIMP 2. EL GOS DE L&#8217;HADES (N\u00ba2)"},"content":{"rendered":"<p>En D\u00e9mon ha de baixar a l&#8221;Inframon, el terror\u00edfic regne del d\u00e9u Hades. H\u00e8racles ho ha tornat a fer: ha ficat el Guardi\u00e0 de les b\u00e8sties en un embolic. C\u00e8rber, el gos de tres caps d&#8221;Hades, estava ben tranquil, als estables dels d\u00e9us, fins que H\u00e8racles l&#8221;ha portat a l&#8221;Inframon. All\u00e0, el gos ha recuperat els seus mal costums i s&#8221;ha tornat molt perill\u00f3s. En D\u00e9mon s&#8221;hi haur\u00e0 d&#8221;esfor\u00e7ar i anar amb compte, per recuperar l&#8221;animal.<\/p>\n<p>La ira de Zeus caur\u00e0 sobre qui no llegeixi B\u00e8sties de l&#8221;Olimp!<\/p>\n","protected":false},"excerpt":{"rendered":"<p>COATS, LUCY<\/p>\n","protected":false},"featured_media":305768,"template":"","meta":{"_acf_changed":false,"om_disable_all_campaigns":false,"rs_blank_template":"","rs_page_bg_color":"","slide_template_v7":"","inline_featured_image":false,"_monsterinsights_skip_tracking":false,"_monsterinsights_sitenote_active":false,"_monsterinsights_sitenote_note":"","_monsterinsights_sitenote_category":0},"product_brand":[],"product_cat":[86,352],"product_tag":[],"class_list":{"0":"post-305767","1":"product","2":"type-product","3":"status-publish","4":"has-post-thumbnail","6":"product_cat-infantil","7":"product_cat-infantil-3_infantil-juvenil-spa","9":"first","10":"instock","11":"taxable","12":"shipping-taxable","13":"purchasable","14":"product-type-simple"},"acf":{"autor":"COATS, LUCY","codart":"842466480","libros-coleccion":"A clar de nit","ediciones":"1","encuadernacion":"Carton\u00e9","fecha_de_publicacion":"01\/06\/2019","novedad":"1","paginas":"138","subtitulo":"","orden":"0","portada":"0","idioma":"cat","editorial":[{"ID":148189,"post_author":"3","post_date":"2022-10-14 11:56:19","post_date_gmt":"2022-10-14 09:56:19","post_content":"","post_title":"GALERA, EDITORIAL","post_excerpt":"","post_status":"publish","comment_status":"closed","ping_status":"closed","post_password":"","post_name":"galera-editorial","to_ping":"","pinged":"","post_modified":"2022-10-14 11:56:19","post_modified_gmt":"2022-10-14 09:56:19","post_content_filtered":"","post_parent":0,"guid":"http:\/\/dev.claret.cat\/editorial\/galera-editorial\/","menu_order":0,"post_type":"editorial","post_mime_type":"","comment_count":"0","filter":"raw"}],"autores-libros":[{"ID":162622,"post_author":"3","post_date":"2022-10-14 17:32:29","post_date_gmt":"2022-10-14 15:32:29","post_content":"","post_title":"LUCY COATS","post_excerpt":"","post_status":"publish","comment_status":"closed","ping_status":"closed","post_password":"","post_name":"lucy-coats","to_ping":"","pinged":"","post_modified":"2022-10-14 17:32:29","post_modified_gmt":"2022-10-14 15:32:29","post_content_filtered":"","post_parent":0,"guid":"http:\/\/dev.claret.cat\/autor\/lucy-coats\/","menu_order":0,"post_type":"autor","post_mime_type":"","comment_count":"0","filter":"raw"}]},"aioseo_notices":[],"_links":{"self":[{"href":"https:\/\/www.claret.cat\/es\/wp-json\/wp\/v2\/product\/305767","targetHints":{"allow":["GET"]}}],"collection":[{"href":"https:\/\/www.claret.cat\/es\/wp-json\/wp\/v2\/product"}],"about":[{"href":"https:\/\/www.claret.cat\/es\/wp-json\/wp\/v2\/types\/product"}],"wp:featuredmedia":[{"embeddable":true,"href":"https:\/\/www.claret.cat\/es\/wp-json\/wp\/v2\/media\/305768"}],"wp:attachment":[{"href":"https:\/\/www.claret.cat\/es\/wp-json\/wp\/v2\/media?parent=305767"}],"wp:term":[{"taxonomy":"product_brand","embeddable":true,"href":"https:\/\/www.claret.cat\/es\/wp-json\/wp\/v2\/product_brand?post=305767"},{"taxonomy":"product_cat","embeddable":true,"href":"https:\/\/www.claret.cat\/es\/wp-json\/wp\/v2\/product_cat?post=305767"},{"taxonomy":"product_tag","embeddable":true,"href":"https:\/\/www.claret.cat\/es\/wp-json\/wp\/v2\/product_tag?post=305767"}],"curies":[{"name":"wp","href":"https:\/\/api.w.org\/{rel}","templated":true}]}}

BÈSTIES DE L&#8217;OLIMP 2. EL GOS DE L&#8217;HADES (Nº2)

<p>En Démon ha de baixar a l&#8221;Inframon, el terrorífic regne del déu Hades. Hèracles ho ha tornat a fer: ha ficat el Guardià de les bèsties en un embolic. Cèrber, el gos de tres caps d&#8221;Hades, estava ben tranquil, als estables dels déus, fins que Hèracles l&#8221;ha portat a l&#8221;Inframon. Allà, el gos ha recuperat els seus mal costums i s&#8221;ha tornat molt perillós. En Démon s&#8221;hi haurà d&#8221;esforçar i anar amb compte, per recuperar l&#8221;animal.</p>
<p>La ira de Zeus caurà sobre qui no llegeixi Bèsties de l&#8221;Olimp!</p>

Cartoné
