{"id":305773,"date":"2022-12-16T05:55:11","date_gmt":"2022-12-16T04:55:11","guid":{"rendered":"http:\/\/dev.claret.cat\/llibre\/bestias-del-olimpo-2-el-sabueso-del-hades-9788424664824\/"},"modified":"2025-01-31T17:33:30","modified_gmt":"2025-01-31T16:33:30","slug":"bestias-del-olimpo-2-el-sabueso-del-hades-9788424664824","status":"publish","type":"product","link":"https:\/\/www.claret.cat\/es\/libro\/bestias-del-olimpo-2-el-sabueso-del-hades-9788424664824\/","title":{"rendered":"BESTIAS DEL OLIMPO 2. EL SABUESO DEL HADES"},"content":{"rendered":"<p>Demon tiene que descender al Inframundo, el terror\u00edfico reino del dios Hades. Heracles lo ha vuelto a hacer: ha metido al Guardi\u00e1n de las bestias en un l\u00edo. Cerbero, el perro de tres cabezas de Hades, estaba muy relajado en los establos de los dioses, hasta que Heracles lo ha llevado al Inframundo. All\u00ed, el sabueso ha recuperado sus malas costumbres y se ha vuelto peligroso. Demon tendr\u00e1 que sudar la gota gorda e ir con cuidado para recuperar al animal.<\/p>\n<p>\u00a1La ira de Zeus caer\u00e1 sobre los que no lean Bestias del Olimpo!<\/p>\n","protected":false},"excerpt":{"rendered":"<p>COATS, LUCY<\/p>\n","protected":false},"featured_media":305774,"template":"","meta":{"_acf_changed":false,"om_disable_all_campaigns":false,"rs_blank_template":"","rs_page_bg_color":"","slide_template_v7":"","inline_featured_image":false,"_monsterinsights_skip_tracking":false,"_monsterinsights_sitenote_active":false,"_monsterinsights_sitenote_note":"","_monsterinsights_sitenote_category":0},"product_brand":[],"product_cat":[86,352],"product_tag":[],"class_list":{"0":"post-305773","1":"product","2":"type-product","3":"status-publish","4":"has-post-thumbnail","6":"product_cat-infantil","7":"product_cat-infantil-3_infantil-juvenil-spa","9":"first","10":"instock","11":"taxable","12":"shipping-taxable","13":"purchasable","14":"product-type-simple"},"acf":{"autor":"COATS, LUCY","codart":"842466482","libros-coleccion":"Bestias del Olimpo","ediciones":"1","encuadernacion":"Carton\u00e9","fecha_de_publicacion":"01\/06\/2019","novedad":"1","paginas":"138","subtitulo":"","orden":"0","portada":"0","idioma":"spa","editorial":[{"ID":148189,"post_author":"3","post_date":"2022-10-14 11:56:19","post_date_gmt":"2022-10-14 09:56:19","post_content":"","post_title":"GALERA, EDITORIAL","post_excerpt":"","post_status":"publish","comment_status":"closed","ping_status":"closed","post_password":"","post_name":"galera-editorial","to_ping":"","pinged":"","post_modified":"2022-10-14 11:56:19","post_modified_gmt":"2022-10-14 09:56:19","post_content_filtered":"","post_parent":0,"guid":"http:\/\/dev.claret.cat\/editorial\/galera-editorial\/","menu_order":0,"post_type":"editorial","post_mime_type":"","comment_count":"0","filter":"raw"}],"autores-libros":[{"ID":162622,"post_author":"3","post_date":"2022-10-14 17:32:29","post_date_gmt":"2022-10-14 15:32:29","post_content":"","post_title":"LUCY COATS","post_excerpt":"","post_status":"publish","comment_status":"closed","ping_status":"closed","post_password":"","post_name":"lucy-coats","to_ping":"","pinged":"","post_modified":"2022-10-14 17:32:29","post_modified_gmt":"2022-10-14 15:32:29","post_content_filtered":"","post_parent":0,"guid":"http:\/\/dev.claret.cat\/autor\/lucy-coats\/","menu_order":0,"post_type":"autor","post_mime_type":"","comment_count":"0","filter":"raw"}]},"aioseo_notices":[],"_links":{"self":[{"href":"https:\/\/www.claret.cat\/es\/wp-json\/wp\/v2\/product\/305773","targetHints":{"allow":["GET"]}}],"collection":[{"href":"https:\/\/www.claret.cat\/es\/wp-json\/wp\/v2\/product"}],"about":[{"href":"https:\/\/www.claret.cat\/es\/wp-json\/wp\/v2\/types\/product"}],"wp:featuredmedia":[{"embeddable":true,"href":"https:\/\/www.claret.cat\/es\/wp-json\/wp\/v2\/media\/305774"}],"wp:attachment":[{"href":"https:\/\/www.claret.cat\/es\/wp-json\/wp\/v2\/media?parent=305773"}],"wp:term":[{"taxonomy":"product_brand","embeddable":true,"href":"https:\/\/www.claret.cat\/es\/wp-json\/wp\/v2\/product_brand?post=305773"},{"taxonomy":"product_cat","embeddable":true,"href":"https:\/\/www.claret.cat\/es\/wp-json\/wp\/v2\/product_cat?post=305773"},{"taxonomy":"product_tag","embeddable":true,"href":"https:\/\/www.claret.cat\/es\/wp-json\/wp\/v2\/product_tag?post=305773"}],"curies":[{"name":"wp","href":"https:\/\/api.w.org\/{rel}","templated":true}]}}

<p>Demon tiene que descender al Inframundo, el terrorífico reino del dios Hades. Heracles lo ha vuelto a hacer: ha metido al Guardián de las bestias en un lío. Cerbero, el perro de tres cabezas de Hades, estaba muy relajado en los establos de los dioses, hasta que Heracles lo ha llevado al Inframundo. Allí, el sabueso ha recuperado sus malas costumbres y se ha vuelto peligroso. Demon tendrá que sudar la gota gorda e ir con cuidado para recuperar al animal.</p>
<p>¡La ira de Zeus caerá sobre los que no lean Bestias del Olimpo!</p>

Cartoné
