{"id":306712,"date":"2022-12-16T13:15:27","date_gmt":"2022-12-16T12:15:27","guid":{"rendered":"https:\/\/www.claret.cat\/llibre\/canconeret-de-nadal-8493347639\/"},"modified":"2026-01-07T18:45:06","modified_gmt":"2026-01-07T17:45:06","slug":"canconeret-de-nadal-9788493347635","status":"publish","type":"product","link":"https:\/\/www.claret.cat\/es\/libro\/canconeret-de-nadal-9788493347635\/","title":{"rendered":"CAN\u00c7ONERET DE NADAL"},"content":{"rendered":"<p>Cadasc\u00fa viu el Nadal a la seva manera. Tothom diu el Nadal de la forma com el viu.<br \/>Les lletres del Nadal s\u00f3n les lletres de la inf\u00e0ncia. Sempre tornen. Mai no se\u2019n van del tot.<br \/>El Nadal t\u00e9 lletra i m\u00fasica. Les nadales de Nadal es canten a la vora de l\u2019estufa roent.<br \/>Al voltant de l\u2019arbre de Nadal. A la pla\u00e7a, de nit, sota el cel estrellat. Vora el pessebre.<\/p>\n<p>I el Nadal sempre es comparteix. Es canta en grup, amb amics i en fam\u00edlia. Hi ha una lletra i una m\u00fasica del Nadal que mai no volem oblidar. Perqu\u00e8 si l\u2019oblidem, alg\u00fa s\u2019enfada.<\/p>\n<p>Qui canta el Nadal no \u00e9s mai la mateixa persona. Canviem, les persones; ens fem grans; vivim.<br \/>Per\u00f2 el Nadal queda intacte. A la falda del senyor Hivern\u00e0s. A la llum baixa del Solstici d\u2019Hivern.<br \/>Als ulls dels nens que sempre es mereixen renovar la felicitat. Sempre, sempre, sempre.<\/p>\n<p>Per aix\u00f2 \u00e9s tan important tenir lletres per cantar el Nadal. I, si pot ser, sempre les mateixes lletres. Amb les melodies que tots sabem. I quines lletres? Nosaltres hi hem treballat uns quants dies. Hem buscat les lletres i les melodies de m\u00e9s bon compartir. \u00c9s aix\u00f2, la tradici\u00f3. Cants de veus amb mem\u00f2ria. Aquests cants i no uns altres. Hem fet la reedici\u00f3 del \u201cCan\u00e7oneret de Nadal\u201d i n\u2019estem for\u00e7a contents. Perqu\u00e8 amb l\u2019ajut de l\u2019Arnau Luco l\u2019hem millorat i hem trobat, pensem, aquelles lletres i aquelles melodies que m\u00e9s i m\u00e9s gent comparteix.<\/p>\n<p>Mides: 17&#215;12<\/p>\n","protected":false},"excerpt":{"rendered":"<p>SOLANES,LLUISA;CAMPS,ROSE<\/p>\n","protected":false},"featured_media":943234,"template":"","meta":{"_acf_changed":false,"om_disable_all_campaigns":false,"rs_blank_template":"","rs_page_bg_color":"","slide_template_v7":"","inline_featured_image":false,"_monsterinsights_skip_tracking":false,"_monsterinsights_sitenote_active":false,"_monsterinsights_sitenote_note":"","_monsterinsights_sitenote_category":0},"product_brand":[],"product_cat":[552,102],"product_tag":[],"class_list":{"0":"post-306712","1":"product","2":"type-product","3":"status-publish","4":"has-post-thumbnail","6":"product_cat-calendarios-y-agendas","7":"product_cat-calendaris-i-agendes","9":"first","10":"instock","11":"taxable","12":"shipping-taxable","13":"purchasable","14":"product-type-simple"},"acf":{"editorial":[{"ID":148224,"post_author":"3","post_date":"2022-10-14 11:56:35","post_date_gmt":"2022-10-14 09:56:35","post_content":"","post_title":"GRATA LECTURA","post_excerpt":"","post_status":"publish","comment_status":"closed","ping_status":"closed","post_password":"","post_name":"grata-lectura","to_ping":"","pinged":"","post_modified":"2022-10-14 11:56:35","post_modified_gmt":"2022-10-14 09:56:35","post_content_filtered":"","post_parent":0,"guid":"http:\/\/dev.claret.cat\/editorial\/grata-lectura\/","menu_order":0,"post_type":"editorial","post_mime_type":"","comment_count":"0","filter":"raw"}],"autores-libros":[{"ID":306703,"post_author":"3","post_date":"2022-12-16 13:10:25","post_date_gmt":"2022-12-16 12:10:25","post_content":"","post_title":"LLUISA SOLANES","post_excerpt":"","post_status":"publish","comment_status":"closed","ping_status":"closed","post_password":"","post_name":"lluisa-solanes","to_ping":"","pinged":"","post_modified":"2022-12-16 13:10:25","post_modified_gmt":"2022-12-16 12:10:25","post_content_filtered":"","post_parent":0,"guid":"https:\/\/www.claret.cat\/autor\/lluisa-solanes\/","menu_order":0,"post_type":"autor","post_mime_type":"","comment_count":"0","filter":"raw"},{"ID":306704,"post_author":"3","post_date":"2022-12-16 13:10:27","post_date_gmt":"2022-12-16 12:10:27","post_content":"","post_title":"ROSER CAMPS","post_excerpt":"","post_status":"publish","comment_status":"closed","ping_status":"closed","post_password":"","post_name":"roser-camps","to_ping":"","pinged":"","post_modified":"2022-12-16 13:10:27","post_modified_gmt":"2022-12-16 12:10:27","post_content_filtered":"","post_parent":0,"guid":"https:\/\/www.claret.cat\/autor\/roser-camps\/","menu_order":0,"post_type":"autor","post_mime_type":"","comment_count":"0","filter":"raw"}],"autor":"SOLANES,LLUISA;CAMPS,ROSE","codart":"849334763","libros-coleccion":"FORA DE COL.LECCI\u00d3","ediciones":"1","encuadernacion":"Grapado","fecha_de_publicacion":"11\/11\/2005","novedad":"0","paginas":"50","subtitulo":"","orden":"999","portada":"0","idioma":"cat","booktrailer":"","resenas":""},"aioseo_notices":[],"_links":{"self":[{"href":"https:\/\/www.claret.cat\/es\/wp-json\/wp\/v2\/product\/306712","targetHints":{"allow":["GET"]}}],"collection":[{"href":"https:\/\/www.claret.cat\/es\/wp-json\/wp\/v2\/product"}],"about":[{"href":"https:\/\/www.claret.cat\/es\/wp-json\/wp\/v2\/types\/product"}],"wp:featuredmedia":[{"embeddable":true,"href":"https:\/\/www.claret.cat\/es\/wp-json\/wp\/v2\/media\/943234"}],"wp:attachment":[{"href":"https:\/\/www.claret.cat\/es\/wp-json\/wp\/v2\/media?parent=306712"}],"wp:term":[{"taxonomy":"product_brand","embeddable":true,"href":"https:\/\/www.claret.cat\/es\/wp-json\/wp\/v2\/product_brand?post=306712"},{"taxonomy":"product_cat","embeddable":true,"href":"https:\/\/www.claret.cat\/es\/wp-json\/wp\/v2\/product_cat?post=306712"},{"taxonomy":"product_tag","embeddable":true,"href":"https:\/\/www.claret.cat\/es\/wp-json\/wp\/v2\/product_tag?post=306712"}],"curies":[{"name":"wp","href":"https:\/\/api.w.org\/{rel}","templated":true}]}}

CANÇONERET DE NADAL

<p>Cadascú viu el Nadal a la seva manera. Tothom diu el Nadal de la forma com el viu.<br />Les lletres del Nadal són les lletres de la infància. Sempre tornen. Mai no se’n van del tot.<br />El Nadal té lletra i música. Les nadales de Nadal es canten a la vora de l’estufa roent.<br />Al voltant de l’arbre de Nadal. A la plaça, de nit, sota el cel estrellat. Vora el pessebre.</p>
<p>I el Nadal sempre es comparteix. Es canta en grup, amb amics i en família. Hi ha una lletra i una música del Nadal que mai no volem oblidar. Perquè si l’oblidem, algú s’enfada.</p>
<p>Qui canta el Nadal no és mai la mateixa persona. Canviem, les persones; ens fem grans; vivim.<br />Però el Nadal queda intacte. A la falda del senyor Hivernàs. A la llum baixa del Solstici d’Hivern.<br />Als ulls dels nens que sempre es mereixen renovar la felicitat. Sempre, sempre, sempre.</p>
<p>Per això és tan important tenir lletres per cantar el Nadal. I, si pot ser, sempre les mateixes lletres. Amb les melodies que tots sabem. I quines lletres? Nosaltres hi hem treballat uns quants dies. Hem buscat les lletres i les melodies de més bon compartir. És això, la tradició. Cants de veus amb memòria. Aquests cants i no uns altres. Hem fet la reedició del “Cançoneret de Nadal” i n’estem força contents. Perquè amb l’ajut de l’Arnau Luco l’hem millorat i hem trobat, pensem, aquelles lletres i aquelles melodies que més i més gent comparteix.</p>
<p>Mides: 17&#215;12</p>

FORA DE COL.LECCIÓ
