{"id":30943,"date":"2022-10-02T11:45:59","date_gmt":"2022-10-02T09:45:59","guid":{"rendered":"http:\/\/dev.claret.cat\/producte\/dialectica-de-la-ilustracion\/"},"modified":"2023-01-28T10:44:03","modified_gmt":"2023-01-28T09:44:03","slug":"dialectica-de-la-ilustracion-9788498796681","status":"publish","type":"product","link":"https:\/\/www.claret.cat\/es\/libro\/dialectica-de-la-ilustracion-9788498796681\/","title":{"rendered":"DIAL\u00c9CTICA DE LA ILUSTRACI\u00d3N"},"content":{"rendered":"<p>La \u00abdial\u00e9ctica de la Ilustraci\u00f3n\u00bb expresa la conciencia de la densa complejidad de los procesos que dieron lugar a la Modernidad y que ahora est\u00e1n a punto de superarla sin llevar consigo hacia adelante sus momentos de verdad. Significa, adem\u00e1s, que esos procesos y la situaci\u00f3n a la que nos han conducido est\u00e1n atravesados por una fundamental \u00abambig\u00fcedad\u00bb: que pueden realizar la Ilustraci\u00f3n, pero tambi\u00e9n liquidarla, lo cual sucede siempre que se ignora aquella dial\u00e9ctica.<\/p>\n<p>\u00c9ste es el tema que se dilucida en el debate que marca este fin de siglo: el debate sobre el tr\u00e1nsito de la Modernidad a la denominada posmodernidad. Un debate en el que est\u00e1n en juego los valores de la Ilustraci\u00f3n que configuran la identidad de nuestra cultura.<br \/>Preservar los valores de la Ilustraci\u00f3n fue el inter\u00e9s que movi\u00f3 a Horkheimer y Adorno a escribir esta obra, cuya presente edici\u00f3n ofrece por primera vez al p\u00fablico de habla espa\u00f1ola una traducci\u00f3n completa con sus tres variaciones textuales, as\u00ed como un estudio introductorio.<\/p>\n","protected":false},"excerpt":{"rendered":"<p>HORKHEIMER, MAX \/ ADORNO, THEODOR W.<\/p>\n","protected":false},"featured_media":73254,"template":"","meta":{"_acf_changed":false,"om_disable_all_campaigns":false,"rs_blank_template":"","rs_page_bg_color":"","slide_template_v7":"","inline_featured_image":false,"_monsterinsights_skip_tracking":false,"_monsterinsights_sitenote_active":false,"_monsterinsights_sitenote_note":"","_monsterinsights_sitenote_category":0},"product_brand":[],"product_cat":[83],"product_tag":[],"class_list":{"0":"post-30943","1":"product","2":"type-product","3":"status-publish","4":"has-post-thumbnail","6":"product_cat-filosofia","8":"first","9":"instock","10":"taxable","11":"shipping-taxable","12":"purchasable","13":"product-type-simple"},"acf":{"autor":"HORKHEIMER, MAX \/ ADORNO, THEODOR W.","codart":"849879668","libros-coleccion":"SUSHI BOOKS","ediciones":"1","encuadernacion":"R\u00fastica","fecha_de_publicacion":"01\/10\/2016","novedad":"1","paginas":"0","subtitulo":"FRAGMENTOS FILOS\u00d3FICOS","orden":"0","portada":"0","idioma":"spa","editorial":[{"ID":6237,"post_author":"3","post_date":"2022-07-28 17:47:53","post_date_gmt":"2022-07-28 15:47:53","post_content":"","post_title":"Editorial Trotta","post_excerpt":"","post_status":"publish","comment_status":"closed","ping_status":"closed","post_password":"","post_name":"editorial-trotta","to_ping":"","pinged":"","post_modified":"2022-07-28 17:47:53","post_modified_gmt":"2022-07-28 15:47:53","post_content_filtered":"","post_parent":0,"guid":"http:\/\/dev.claret.cat\/editorial\/editorial-trotta\/","menu_order":0,"post_type":"editorial","post_mime_type":"","comment_count":"0","filter":"raw"}],"autores-libros":[{"ID":164549,"post_author":"3","post_date":"2022-10-14 17:47:58","post_date_gmt":"2022-10-14 15:47:58","post_content":"","post_title":"MAX HORKHEIMER","post_excerpt":"","post_status":"publish","comment_status":"closed","ping_status":"closed","post_password":"","post_name":"max-horkheimer","to_ping":"","pinged":"","post_modified":"2022-10-14 17:47:58","post_modified_gmt":"2022-10-14 15:47:58","post_content_filtered":"","post_parent":0,"guid":"http:\/\/dev.claret.cat\/autor\/max-horkheimer\/","menu_order":0,"post_type":"autor","post_mime_type":"","comment_count":"0","filter":"raw"},{"ID":170302,"post_author":"3","post_date":"2022-10-14 22:34:13","post_date_gmt":"2022-10-14 20:34:13","post_content":"","post_title":"THEODOR W. ADORNO","post_excerpt":"","post_status":"publish","comment_status":"closed","ping_status":"closed","post_password":"","post_name":"theodor-w-adorno","to_ping":"","pinged":"","post_modified":"2022-10-14 22:34:13","post_modified_gmt":"2022-10-14 20:34:13","post_content_filtered":"","post_parent":0,"guid":"http:\/\/dev.claret.cat\/autor\/theodor-w-adorno\/","menu_order":0,"post_type":"autor","post_mime_type":"","comment_count":"0","filter":"raw"}]},"aioseo_notices":[],"_links":{"self":[{"href":"https:\/\/www.claret.cat\/es\/wp-json\/wp\/v2\/product\/30943","targetHints":{"allow":["GET"]}}],"collection":[{"href":"https:\/\/www.claret.cat\/es\/wp-json\/wp\/v2\/product"}],"about":[{"href":"https:\/\/www.claret.cat\/es\/wp-json\/wp\/v2\/types\/product"}],"wp:featuredmedia":[{"embeddable":true,"href":"https:\/\/www.claret.cat\/es\/wp-json\/wp\/v2\/media\/73254"}],"wp:attachment":[{"href":"https:\/\/www.claret.cat\/es\/wp-json\/wp\/v2\/media?parent=30943"}],"wp:term":[{"taxonomy":"product_brand","embeddable":true,"href":"https:\/\/www.claret.cat\/es\/wp-json\/wp\/v2\/product_brand?post=30943"},{"taxonomy":"product_cat","embeddable":true,"href":"https:\/\/www.claret.cat\/es\/wp-json\/wp\/v2\/product_cat?post=30943"},{"taxonomy":"product_tag","embeddable":true,"href":"https:\/\/www.claret.cat\/es\/wp-json\/wp\/v2\/product_tag?post=30943"}],"curies":[{"name":"wp","href":"https:\/\/api.w.org\/{rel}","templated":true}]}}

DIALÉCTICA DE LA ILUSTRACIÓN

<p>La «dialéctica de la Ilustración» expresa la conciencia de la densa complejidad de los procesos que dieron lugar a la Modernidad y que ahora están a punto de superarla sin llevar consigo hacia adelante sus momentos de verdad. Significa, además, que esos procesos y la situación a la que nos han conducido están atravesados por una fundamental «ambigüedad»: que pueden realizar la Ilustración, pero también liquidarla, lo cual sucede siempre que se ignora aquella dialéctica.</p>
<p>Éste es el tema que se dilucida en el debate que marca este fin de siglo: el debate sobre el tránsito de la Modernidad a la denominada posmodernidad. Un debate en el que están en juego los valores de la Ilustración que configuran la identidad de nuestra cultura.<br />Preservar los valores de la Ilustración fue el interés que movió a Horkheimer y Adorno a escribir esta obra, cuya presente edición ofrece por primera vez al público de habla española una traducción completa con sus tres variaciones textuales, así como un estudio introductorio.</p>

Rústica

FRAGMENTOS FILOSÓFICOS
