{"id":31038,"date":"2022-10-02T11:47:24","date_gmt":"2022-10-02T09:47:24","guid":{"rendered":"http:\/\/dev.claret.cat\/producte\/mi-primera-comunion-misalitorosario\/"},"modified":"2026-04-24T14:27:37","modified_gmt":"2026-04-24T12:27:37","slug":"mi-primera-comunion-misalitorosario-9788428544177","status":"publish","type":"product","link":"https:\/\/www.claret.cat\/es\/libro\/mi-primera-comunion-misalitorosario-9788428544177\/","title":{"rendered":"MI PRIMERA COMUNI\u00d3N. (MISALITO+ROSARIO)"},"content":{"rendered":"<p>Un maravilloso regalo de Primera Comuni\u00f3n que contiene un libro de oraciones y un rosario, presentados en un estuche. El libro de oraciones, en edici\u00f3n de lujo, con estampaciones en oro, incluye los contenidos esenciales de la fe necesarios para la vida y devoci\u00f3n criatiana: el desarrollo de la Misa, los Mandamientos, las Bienaventuranzas, los Sacramentos, las oraciones m\u00e1s importantes del cristiano&#8230; El rosario, con funda de tela, srvir\u00e1 a los ni\u00f1os para poner en pr\u00e1ctica esta tradicional devoci\u00f3n mariana.<\/p>\n","protected":false},"excerpt":{"rendered":"<p>SAN PABLO<\/p>\n","protected":false},"featured_media":334732,"template":"","meta":{"_acf_changed":false,"om_disable_all_campaigns":false,"rs_blank_template":"","rs_page_bg_color":"","slide_template_v7":"","inline_featured_image":false,"_monsterinsights_skip_tracking":false,"_monsterinsights_sitenote_active":false,"_monsterinsights_sitenote_note":"","_monsterinsights_sitenote_category":0},"product_brand":[],"product_cat":[119,568,582],"product_tag":[],"class_list":{"0":"post-31038","1":"product","2":"type-product","3":"status-publish","4":"has-post-thumbnail","6":"product_cat-primera-comunio","7":"product_cat-primera-comunion-1_espiritualidad-spa","8":"product_cat-portada-es","10":"first","11":"outofstock","12":"taxable","13":"shipping-taxable","14":"purchasable","15":"product-type-simple"},"acf":{"autor":"SAN PABLO","codart":"842854417","libros-coleccion":"","ediciones":"1","encuadernacion":"Carpeta","fecha_de_publicacion":"21\/03\/2014","novedad":"0","paginas":"160","subtitulo":"","orden":"999","portada":"0","idioma":"spa","editorial":[{"ID":6356,"post_author":"3","post_date":"2022-07-28 17:50:26","post_date_gmt":"2022-07-28 15:50:26","post_content":"","post_title":"SAN PABLO COMUNICACI\u00d3N","post_excerpt":"","post_status":"publish","comment_status":"closed","ping_status":"closed","post_password":"","post_name":"san-pablo-comunicacion","to_ping":"","pinged":"","post_modified":"2022-07-28 17:50:26","post_modified_gmt":"2022-07-28 15:50:26","post_content_filtered":"","post_parent":0,"guid":"http:\/\/dev.claret.cat\/editorial\/san-pablo-comunicacion\/","menu_order":0,"post_type":"editorial","post_mime_type":"","comment_count":"0","filter":"raw"}],"autores-libros":[{"ID":155233,"post_author":"3","post_date":"2022-10-14 15:11:12","post_date_gmt":"2022-10-14 13:11:12","post_content":"","post_title":"EQUIPO SAN PABLO","post_excerpt":"","post_status":"publish","comment_status":"closed","ping_status":"closed","post_password":"","post_name":"equipo-san-pablo","to_ping":"","pinged":"","post_modified":"2022-10-14 15:11:12","post_modified_gmt":"2022-10-14 13:11:12","post_content_filtered":"","post_parent":0,"guid":"http:\/\/dev.claret.cat\/autor\/equipo-san-pablo\/","menu_order":0,"post_type":"autor","post_mime_type":"","comment_count":"0","filter":"raw"}],"booktrailer":"","resenas":""},"aioseo_notices":[],"_links":{"self":[{"href":"https:\/\/www.claret.cat\/es\/wp-json\/wp\/v2\/product\/31038","targetHints":{"allow":["GET"]}}],"collection":[{"href":"https:\/\/www.claret.cat\/es\/wp-json\/wp\/v2\/product"}],"about":[{"href":"https:\/\/www.claret.cat\/es\/wp-json\/wp\/v2\/types\/product"}],"wp:featuredmedia":[{"embeddable":true,"href":"https:\/\/www.claret.cat\/es\/wp-json\/wp\/v2\/media\/334732"}],"wp:attachment":[{"href":"https:\/\/www.claret.cat\/es\/wp-json\/wp\/v2\/media?parent=31038"}],"wp:term":[{"taxonomy":"product_brand","embeddable":true,"href":"https:\/\/www.claret.cat\/es\/wp-json\/wp\/v2\/product_brand?post=31038"},{"taxonomy":"product_cat","embeddable":true,"href":"https:\/\/www.claret.cat\/es\/wp-json\/wp\/v2\/product_cat?post=31038"},{"taxonomy":"product_tag","embeddable":true,"href":"https:\/\/www.claret.cat\/es\/wp-json\/wp\/v2\/product_tag?post=31038"}],"curies":[{"name":"wp","href":"https:\/\/api.w.org\/{rel}","templated":true}]}}

MI PRIMERA COMUNIÓN. (MISALITO+ROSARIO)

<p>Un maravilloso regalo de Primera Comunión que contiene un libro de oraciones y un rosario, presentados en un estuche. El libro de oraciones, en edición de lujo, con estampaciones en oro, incluye los contenidos esenciales de la fe necesarios para la vida y devoción criatiana: el desarrollo de la Misa, los Mandamientos, las Bienaventuranzas, los Sacramentos, las oraciones más importantes del cristiano&#8230; El rosario, con funda de tela, srvirá a los niños para poner en práctica esta tradicional devoción mariana.</p>

SAN PABLO COMUNICACIÓN
