{"id":310491,"date":"2022-12-20T16:55:08","date_gmt":"2022-12-20T15:55:08","guid":{"rendered":"https:\/\/www.claret.cat\/llibre\/flors-silvestres-comestibles-9788413560533\/"},"modified":"2026-01-03T18:46:36","modified_gmt":"2026-01-03T17:46:36","slug":"flors-silvestres-comestibles-9788413560533","status":"publish","type":"product","link":"https:\/\/www.claret.cat\/es\/libro\/flors-silvestres-comestibles-9788413560533\/","title":{"rendered":"FLORS SILVESTRES COMESTIBLES"},"content":{"rendered":"<p>UNA GUIA DE 40 ESP\u00c8CIES PER CADA ESP\u00c8CIE:  * un text amb la presentaci\u00f3 i la descripci\u00f3 de l&#8221;esp\u00e8cie, esp\u00e8cies ve\u00efnes i confusions  * possibles, virtuts i aplicacions culin\u00e0ries de les flors&#8230;  * una fitxa t\u00e8cnica on es detalla el nom cient\u00edfic, la fam\u00edlia, la mida, el per\u00edode de floraci\u00f3, la distribuci\u00f3 geogr\u00e0fica, els h\u00e0bitats principals, l&#8221;altitud, la frequ?\u00e8ncia, la longevitat&#8230;  * una recepta original f\u00e0cil de preparar  * una fotografia amb un grup de flors  * un dibuix en color de la planta sencera UN QUADERN DE CAMP CONT\u00c9:  * alguns elements de bot\u00e0nica, amb especificitats sobre les flors  * consells per a la recol\u00b7lecta de les flors  * silvestres comestibles  * calendari de la floraci\u00f3 i de les plantes  * silvestres amb flors comestibles  * carnet d&#8221;observaci\u00f3  * els meus racons de recol\u00b7lecci\u00f3  * les meves receptes<\/p>\n","protected":false},"excerpt":{"rendered":"<p>COUPLAN, FRAN\u00c7OIS<\/p>\n","protected":false},"featured_media":315732,"template":"","meta":{"_acf_changed":false,"om_disable_all_campaigns":false,"rs_blank_template":"","rs_page_bg_color":"","slide_template_v7":"","inline_featured_image":false,"_monsterinsights_skip_tracking":false,"_monsterinsights_sitenote_active":false,"_monsterinsights_sitenote_note":"","_monsterinsights_sitenote_category":0},"product_brand":[],"product_cat":[90,553,103,540],"product_tag":[],"class_list":{"0":"post-310491","1":"product","2":"type-product","3":"status-publish","4":"has-post-thumbnail","6":"product_cat-altres","7":"product_cat-cocina","8":"product_cat-cuina","9":"product_cat-otros","11":"first","12":"instock","13":"taxable","14":"shipping-taxable","15":"purchasable","16":"product-type-simple"},"acf":{"editorial":[{"ID":6171,"post_author":"3","post_date":"2022-07-28 17:46:25","post_date_gmt":"2022-07-28 15:46:25","post_content":"","post_title":"COSSETANIA EDICIONS","post_excerpt":"","post_status":"publish","comment_status":"closed","ping_status":"closed","post_password":"","post_name":"cossetania-edicions","to_ping":"","pinged":"","post_modified":"2022-07-28 17:46:25","post_modified_gmt":"2022-07-28 15:46:25","post_content_filtered":"","post_parent":0,"guid":"http:\/\/dev.claret.cat\/editorial\/cossetania-edicions\/","menu_order":0,"post_type":"editorial","post_mime_type":"","comment_count":"0","filter":"raw"}],"autor":"COUPLAN, FRAN\u00c7OIS","codart":"841356053","libros-coleccion":"FORA DE COL.LECCI\u00d3","ediciones":"1","encuadernacion":"R\u00fastica","fecha_de_publicacion":"01\/05\/2022","novedad":"1","paginas":"125","subtitulo":"UNA GUIA + UN QUADERN DE CAMP","orden":"0","portada":"0","idioma":"cat","booktrailer":"","resenas":"","autores-libros":[{"ID":422807,"post_author":"3","post_date":"2023-05-16 07:26:31","post_date_gmt":"2023-05-16 05:26:31","post_content":"","post_title":"FRAN\u00c7OIS COUPLAN","post_excerpt":"","post_status":"publish","comment_status":"closed","ping_status":"closed","post_password":"","post_name":"francois-couplan","to_ping":"","pinged":"","post_modified":"2023-05-16 07:26:31","post_modified_gmt":"2023-05-16 05:26:31","post_content_filtered":"","post_parent":0,"guid":"https:\/\/www.claret.cat\/autor\/francois-couplan\/","menu_order":0,"post_type":"autor","post_mime_type":"","comment_count":"0","filter":"raw"}]},"aioseo_notices":[],"_links":{"self":[{"href":"https:\/\/www.claret.cat\/es\/wp-json\/wp\/v2\/product\/310491","targetHints":{"allow":["GET"]}}],"collection":[{"href":"https:\/\/www.claret.cat\/es\/wp-json\/wp\/v2\/product"}],"about":[{"href":"https:\/\/www.claret.cat\/es\/wp-json\/wp\/v2\/types\/product"}],"wp:featuredmedia":[{"embeddable":true,"href":"https:\/\/www.claret.cat\/es\/wp-json\/wp\/v2\/media\/315732"}],"wp:attachment":[{"href":"https:\/\/www.claret.cat\/es\/wp-json\/wp\/v2\/media?parent=310491"}],"wp:term":[{"taxonomy":"product_brand","embeddable":true,"href":"https:\/\/www.claret.cat\/es\/wp-json\/wp\/v2\/product_brand?post=310491"},{"taxonomy":"product_cat","embeddable":true,"href":"https:\/\/www.claret.cat\/es\/wp-json\/wp\/v2\/product_cat?post=310491"},{"taxonomy":"product_tag","embeddable":true,"href":"https:\/\/www.claret.cat\/es\/wp-json\/wp\/v2\/product_tag?post=310491"}],"curies":[{"name":"wp","href":"https:\/\/api.w.org\/{rel}","templated":true}]}}

<p>UNA GUIA DE 40 ESPÈCIES PER CADA ESPÈCIE:  * un text amb la presentació i la descripció de l&#8221;espècie, espècies veïnes i confusions  * possibles, virtuts i aplicacions culinàries de les flors&#8230;  * una fitxa tècnica on es detalla el nom científic, la família, la mida, el període de floració, la distribució geogràfica, els hàbitats principals, l&#8221;altitud, la frequ?ència, la longevitat&#8230;  * una recepta original fàcil de preparar  * una fotografia amb un grup de flors  * un dibuix en color de la planta sencera UN QUADERN DE CAMP CONTÉ:  * alguns elements de botànica, amb especificitats sobre les flors  * consells per a la recol·lecta de les flors  * silvestres comestibles  * calendari de la floració i de les plantes  * silvestres amb flors comestibles  * carnet d&#8221;observació  * els meus racons de recol·lecció  * les meves receptes</p>

<p>COUPLAN, FRANÇOIS</p>

COUPLAN, FRANÇOIS

FORA DE COL.LECCIÓ

Rústica

FRANÇOIS COUPLAN
