{"id":310567,"date":"2022-12-20T17:25:20","date_gmt":"2022-12-20T16:25:20","guid":{"rendered":"https:\/\/www.claret.cat\/llibre\/deu-te-mes-dun-nom-islam-8482976427\/"},"modified":"2024-12-03T13:08:06","modified_gmt":"2024-12-03T12:08:06","slug":"deu-te-mes-dun-nom-islam-9788482976426","status":"publish","type":"product","link":"https:\/\/www.claret.cat\/es\/libro\/deu-te-mes-dun-nom-islam-9788482976426\/","title":{"rendered":"DEU TE MES D&#8217;UN NOM. ISLAM"},"content":{"rendered":"<p>Un grup de persones musulmanes que formen part d&#8217;una associaci\u00f3 mixta (cristians i musulmans), expliquen al lector qu\u00e8 vol dir per a ells ser musulm\u00e0.<br \/>Presenten l&#8217;Islam i tots aquells aspectes m\u00e9s importants que el configuren: parlen del seu llibre sagrat, l&#8217;Alcor\u00e0, parlen dels seus costums, de les seves festes, de les seves normes&#8230;<br \/>Aquest llibre est\u00e0 pensat per a nens i nenes de 10 a 12 anys, perqu\u00e8 tot ajudant-los a con\u00e8ixer les religions m\u00e9s importants del m\u00f3n, els faci apreciar tamb\u00e9 les persones que les practiquen.<\/p>\n","protected":false},"excerpt":{"rendered":"<p>MEMBRES DE L&#8217;AMIC<\/p>\n","protected":false},"featured_media":355684,"template":"","meta":{"_acf_changed":false,"om_disable_all_campaigns":false,"rs_blank_template":"","rs_page_bg_color":"","slide_template_v7":"","inline_featured_image":false,"_monsterinsights_skip_tracking":false,"_monsterinsights_sitenote_active":false,"_monsterinsights_sitenote_note":"","_monsterinsights_sitenote_category":0},"product_brand":[],"product_cat":[132,406,268,581,219,478,362,437,163],"product_tag":[],"class_list":{"0":"post-310567","1":"product","2":"type-product","3":"status-publish","4":"has-post-thumbnail","6":"product_cat-lectures-per-preadolescents-6-12-anys","7":"product_cat-adolescentes","8":"product_cat-adolescents","9":"product_cat-editorial-claret","10":"product_cat-infantil-catequesi","11":"product_cat-infantil-catequesis-1_espiritualidad","12":"product_cat-libros-preadolescentes-6-12-anos","13":"product_cat-valores-y-convivencia","14":"product_cat-valors-i-convivencia","16":"first","17":"instock","18":"taxable","19":"shipping-taxable","20":"purchasable","21":"product-type-simple"},"acf":{"editorial":[{"ID":6158,"post_author":"3","post_date":"2022-07-28 17:46:08","post_date_gmt":"2022-07-28 15:46:08","post_content":"","post_title":"CLARET","post_excerpt":"","post_status":"publish","comment_status":"closed","ping_status":"closed","post_password":"","post_name":"claret","to_ping":"","pinged":"","post_modified":"2022-07-28 17:46:08","post_modified_gmt":"2022-07-28 15:46:08","post_content_filtered":"","post_parent":0,"guid":"http:\/\/dev.claret.cat\/editorial\/claret\/","menu_order":0,"post_type":"editorial","post_mime_type":"","comment_count":"0","filter":"raw"}],"autores-libros":[{"ID":310566,"post_author":"3","post_date":"2022-12-20 17:25:18","post_date_gmt":"2022-12-20 16:25:18","post_content":"","post_title":"MEMBRES DE L\u00b4AMIC","post_excerpt":"","post_status":"publish","comment_status":"closed","ping_status":"closed","post_password":"","post_name":"membres-de-lamic","to_ping":"","pinged":"","post_modified":"2022-12-20 17:25:18","post_modified_gmt":"2022-12-20 16:25:18","post_content_filtered":"","post_parent":0,"guid":"https:\/\/www.claret.cat\/autor\/membres-de-lamic\/","menu_order":0,"post_type":"autor","post_mime_type":"","comment_count":"0","filter":"raw"}],"autor":"MEMBRES DE L'AMIC","codart":"848297642","libros-coleccion":"D\u00e9u t\u00e9 m\u00e9s d'un nom","ediciones":"1","encuadernacion":"Carton\u00e9","fecha_de_publicacion":"31\/10\/2003","novedad":"0","paginas":"28","subtitulo":"ISLAM","orden":"999","portada":"0","idioma":"cat"},"aioseo_notices":[],"_links":{"self":[{"href":"https:\/\/www.claret.cat\/es\/wp-json\/wp\/v2\/product\/310567","targetHints":{"allow":["GET"]}}],"collection":[{"href":"https:\/\/www.claret.cat\/es\/wp-json\/wp\/v2\/product"}],"about":[{"href":"https:\/\/www.claret.cat\/es\/wp-json\/wp\/v2\/types\/product"}],"wp:featuredmedia":[{"embeddable":true,"href":"https:\/\/www.claret.cat\/es\/wp-json\/wp\/v2\/media\/355684"}],"wp:attachment":[{"href":"https:\/\/www.claret.cat\/es\/wp-json\/wp\/v2\/media?parent=310567"}],"wp:term":[{"taxonomy":"product_brand","embeddable":true,"href":"https:\/\/www.claret.cat\/es\/wp-json\/wp\/v2\/product_brand?post=310567"},{"taxonomy":"product_cat","embeddable":true,"href":"https:\/\/www.claret.cat\/es\/wp-json\/wp\/v2\/product_cat?post=310567"},{"taxonomy":"product_tag","embeddable":true,"href":"https:\/\/www.claret.cat\/es\/wp-json\/wp\/v2\/product_tag?post=310567"}],"curies":[{"name":"wp","href":"https:\/\/api.w.org\/{rel}","templated":true}]}}

<p>Un grup de persones musulmanes que formen part d&#8217;una associació mixta (cristians i musulmans), expliquen al lector què vol dir per a ells ser musulmà.<br />Presenten l&#8217;Islam i tots aquells aspectes més importants que el configuren: parlen del seu llibre sagrat, l&#8217;Alcorà, parlen dels seus costums, de les seves festes, de les seves normes&#8230;<br />Aquest llibre està pensat per a nens i nenes de 10 a 12 anys, perquè tot ajudant-los a conèixer les religions més importants del món, els faci apreciar també les persones que les practiquen.</p>

Déu té més d'un nom

Cartoné
