{"id":31105,"date":"2022-10-02T11:48:10","date_gmt":"2022-10-02T09:48:10","guid":{"rendered":"http:\/\/dev.claret.cat\/producte\/esto-es-mi-cuerpo\/"},"modified":"2024-12-28T11:55:10","modified_gmt":"2024-12-28T10:55:10","slug":"esto-es-mi-cuerpo-9788472399754","status":"publish","type":"product","link":"https:\/\/www.claret.cat\/es\/libro\/esto-es-mi-cuerpo-9788472399754\/","title":{"rendered":"&#8216;ESTO ES MI CUERPO&#8217;"},"content":{"rendered":"<p>Con una carta del Papa Juan Pablo II bendiciendo al autor y su obra.<br \/>En este libro, el P. Cantalamessa recoge las meditaciones sobre la Eucarist\u00eda que ha dado en la Casa Pontificia durante el Adviento y la Cuaresma del a\u00f1o de la Eucarist\u00eda 2004-2005. Son las \u00faltimas meditaciones que ha tenido el honor y la gracia de poder tener en presencia del Santo Padre Juan Pablo II.<\/p>\n","protected":false},"excerpt":{"rendered":"<p>CANTALAMESSA, RANIERO<\/p>\n","protected":false},"featured_media":444084,"template":"","meta":{"_acf_changed":false,"om_disable_all_campaigns":false,"rs_blank_template":"","rs_page_bg_color":"","slide_template_v7":"","inline_featured_image":false,"_monsterinsights_skip_tracking":false,"_monsterinsights_sitenote_active":false,"_monsterinsights_sitenote_note":"","_monsterinsights_sitenote_category":0},"product_brand":[],"product_cat":[496,246,497,248,522,298],"product_tag":[],"class_list":{"0":"post-31105","1":"product","2":"type-product","3":"status-publish","4":"has-post-thumbnail","6":"product_cat-devocionarios","7":"product_cat-devocionaris","8":"product_cat-meditaciones","9":"product_cat-meditacions","10":"product_cat-sacramental-pastoral-1_espiritualidad","11":"product_cat-sacramental","13":"first","14":"instock","15":"taxable","16":"shipping-taxable","17":"purchasable","18":"product-type-simple"},"acf":{"editorial":[{"ID":6309,"post_author":"3","post_date":"2022-07-28 17:49:25","post_date_gmt":"2022-07-28 15:49:25","post_content":"","post_title":"Monte Carmelo","post_excerpt":"","post_status":"publish","comment_status":"closed","ping_status":"closed","post_password":"","post_name":"monte-carmelo","to_ping":"","pinged":"","post_modified":"2022-07-28 17:49:25","post_modified_gmt":"2022-07-28 15:49:25","post_content_filtered":"","post_parent":0,"guid":"http:\/\/dev.claret.cat\/editorial\/monte-carmelo\/","menu_order":0,"post_type":"editorial","post_mime_type":"","comment_count":"0","filter":"raw"}],"autores-libros":[{"ID":5968,"post_author":"3","post_date":"2022-07-28 17:35:21","post_date_gmt":"2022-07-28 15:35:21","post_content":"","post_title":"RANIERO CANTALAMESSA","post_excerpt":"","post_status":"publish","comment_status":"closed","ping_status":"closed","post_password":"","post_name":"raniero-cantalamessa","to_ping":"","pinged":"","post_modified":"2022-07-28 17:35:21","post_modified_gmt":"2022-07-28 15:35:21","post_content_filtered":"","post_parent":0,"guid":"http:\/\/dev.claret.cat\/autor\/raniero-cantalamessa\/","menu_order":0,"post_type":"autor","post_mime_type":"","comment_count":"0","filter":"raw"}],"autor":"CANTALAMESSA, RANIERO","codart":"847239975","libros-coleccion":"Agua viva","ediciones":"2","encuadernacion":"R\u00fastica","fecha_de_publicacion":"16\/05\/2006","novedad":"0","paginas":"191","subtitulo":"LA EUCARIST\u00cdA A LA LUZ DEL 'ADORO TE DEVOTE' Y DEL 'AVE VERUM'","orden":"999","portada":"0","idioma":"spa"},"aioseo_notices":[],"_links":{"self":[{"href":"https:\/\/www.claret.cat\/es\/wp-json\/wp\/v2\/product\/31105","targetHints":{"allow":["GET"]}}],"collection":[{"href":"https:\/\/www.claret.cat\/es\/wp-json\/wp\/v2\/product"}],"about":[{"href":"https:\/\/www.claret.cat\/es\/wp-json\/wp\/v2\/types\/product"}],"wp:featuredmedia":[{"embeddable":true,"href":"https:\/\/www.claret.cat\/es\/wp-json\/wp\/v2\/media\/444084"}],"wp:attachment":[{"href":"https:\/\/www.claret.cat\/es\/wp-json\/wp\/v2\/media?parent=31105"}],"wp:term":[{"taxonomy":"product_brand","embeddable":true,"href":"https:\/\/www.claret.cat\/es\/wp-json\/wp\/v2\/product_brand?post=31105"},{"taxonomy":"product_cat","embeddable":true,"href":"https:\/\/www.claret.cat\/es\/wp-json\/wp\/v2\/product_cat?post=31105"},{"taxonomy":"product_tag","embeddable":true,"href":"https:\/\/www.claret.cat\/es\/wp-json\/wp\/v2\/product_tag?post=31105"}],"curies":[{"name":"wp","href":"https:\/\/api.w.org\/{rel}","templated":true}]}}

<p>Con una carta del Papa Juan Pablo II bendiciendo al autor y su obra.<br />En este libro, el P. Cantalamessa recoge las meditaciones sobre la Eucaristía que ha dado en la Casa Pontificia durante el Adviento y la Cuaresma del año de la Eucaristía 2004-2005. Son las últimas meditaciones que ha tenido el honor y la gracia de poder tener en presencia del Santo Padre Juan Pablo II.</p>

Rústica

LA EUCARISTÍA A LA LUZ DEL 'ADORO TE DEVOTE' Y DEL 'AVE VERUM'
