{"id":31184,"date":"2022-10-02T11:49:09","date_gmt":"2022-10-02T09:49:09","guid":{"rendered":"http:\/\/dev.claret.cat\/producte\/la-meva-primera-comunio-album-de-records\/"},"modified":"2026-04-24T13:40:46","modified_gmt":"2026-04-24T11:40:46","slug":"la-meva-primera-comunio-album-de-records-9788428828987","status":"publish","type":"product","link":"https:\/\/www.claret.cat\/es\/libro\/la-meva-primera-comunio-album-de-records-9788428828987\/","title":{"rendered":"LA MEVA PRIMERA COMUNI\u00d3 &#8211; \u00c0LBUM DE RECORDS"},"content":{"rendered":"<p>Aquest \u00e9s el teu \u00e0lbum i pots omplir-lo com prefereixis. Enganxa-hi les fotos que m\u00e9s t&#8221;agraden, escriu-hi els teus pensaments i demana a les persones que m\u00e9s estimes que hi escriguin les seves dedicat\u00f2ries. Converteix aquest \u00e0lbum de la teva Primera Comuni\u00f3 en el regal que recordar\u00e0s sempre.<\/p>\n","protected":false},"excerpt":{"rendered":"<p>PPC<\/p>\n","protected":false},"featured_media":337455,"template":"","meta":{"_acf_changed":false,"om_disable_all_campaigns":false,"rs_blank_template":"","rs_page_bg_color":"","slide_template_v7":"","inline_featured_image":false,"_monsterinsights_skip_tracking":false,"_monsterinsights_sitenote_active":false,"_monsterinsights_sitenote_note":"","_monsterinsights_sitenote_category":0},"product_brand":[],"product_cat":[77,343,312],"product_tag":[],"class_list":{"0":"post-31184","1":"product","2":"type-product","3":"status-publish","4":"has-post-thumbnail","6":"product_cat-catequesi","7":"product_cat-catequesis","8":"product_cat-portada","10":"first","11":"instock","12":"taxable","13":"shipping-taxable","14":"purchasable","15":"product-type-simple"},"acf":{"autor":"PPC","codart":"842882898","libros-coleccion":"","ediciones":"1","encuadernacion":"Carton\u00e9","fecha_de_publicacion":"03\/03\/2016","novedad":"0","paginas":"44","subtitulo":"","orden":"999","portada":"0","idioma":"cat","editorial":[{"ID":6335,"post_author":"3","post_date":"2022-07-28 17:49:59","post_date_gmt":"2022-07-28 15:49:59","post_content":"","post_title":"PPC altres","post_excerpt":"","post_status":"publish","comment_status":"closed","ping_status":"closed","post_password":"","post_name":"ppc-altres","to_ping":"","pinged":"","post_modified":"2022-07-28 17:49:59","post_modified_gmt":"2022-07-28 15:49:59","post_content_filtered":"","post_parent":0,"guid":"http:\/\/dev.claret.cat\/editorial\/ppc-altres\/","menu_order":0,"post_type":"editorial","post_mime_type":"","comment_count":"0","filter":"raw"}],"autores-libros":[{"ID":5953,"post_author":"3","post_date":"2022-07-28 17:35:03","post_date_gmt":"2022-07-28 15:35:03","post_content":"","post_title":"PPC","post_excerpt":"","post_status":"publish","comment_status":"closed","ping_status":"closed","post_password":"","post_name":"ppc","to_ping":"","pinged":"","post_modified":"2022-07-28 17:35:03","post_modified_gmt":"2022-07-28 15:35:03","post_content_filtered":"","post_parent":0,"guid":"http:\/\/dev.claret.cat\/autor\/ppc\/","menu_order":0,"post_type":"autor","post_mime_type":"","comment_count":"0","filter":"raw"}],"booktrailer":"","resenas":""},"aioseo_notices":[],"_links":{"self":[{"href":"https:\/\/www.claret.cat\/es\/wp-json\/wp\/v2\/product\/31184","targetHints":{"allow":["GET"]}}],"collection":[{"href":"https:\/\/www.claret.cat\/es\/wp-json\/wp\/v2\/product"}],"about":[{"href":"https:\/\/www.claret.cat\/es\/wp-json\/wp\/v2\/types\/product"}],"wp:featuredmedia":[{"embeddable":true,"href":"https:\/\/www.claret.cat\/es\/wp-json\/wp\/v2\/media\/337455"}],"wp:attachment":[{"href":"https:\/\/www.claret.cat\/es\/wp-json\/wp\/v2\/media?parent=31184"}],"wp:term":[{"taxonomy":"product_brand","embeddable":true,"href":"https:\/\/www.claret.cat\/es\/wp-json\/wp\/v2\/product_brand?post=31184"},{"taxonomy":"product_cat","embeddable":true,"href":"https:\/\/www.claret.cat\/es\/wp-json\/wp\/v2\/product_cat?post=31184"},{"taxonomy":"product_tag","embeddable":true,"href":"https:\/\/www.claret.cat\/es\/wp-json\/wp\/v2\/product_tag?post=31184"}],"curies":[{"name":"wp","href":"https:\/\/api.w.org\/{rel}","templated":true}]}}

LA MEVA PRIMERA COMUNIÓ &#8211; ÀLBUM DE RECORDS

<p>Aquest és el teu àlbum i pots omplir-lo com prefereixis. Enganxa-hi les fotos que més t&#8221;agraden, escriu-hi els teus pensaments i demana a les persones que més estimes que hi escriguin les seves dedicatòries. Converteix aquest àlbum de la teva Primera Comunió en el regal que recordaràs sempre.</p>

Cartoné
