{"id":313133,"date":"2022-12-27T11:28:15","date_gmt":"2022-12-27T10:28:15","guid":{"rendered":"https:\/\/www.claret.cat\/llibre\/nueva-oracion-de-los-fieles-ii-ferial-9788484070979\/"},"modified":"2023-01-28T16:13:20","modified_gmt":"2023-01-28T15:13:20","slug":"nueva-oracion-de-los-fieles-ii-ferial-9788484070979","status":"publish","type":"product","link":"https:\/\/www.claret.cat\/es\/libro\/nueva-oracion-de-los-fieles-ii-ferial-9788484070979\/","title":{"rendered":"NUEVA ORACI\u00d3N DE LOS FIELES II. FERIAL"},"content":{"rendered":"","protected":false},"excerpt":{"rendered":"<p>CARAM, LUC\u00cdA<\/p>\n","protected":false},"featured_media":313134,"template":"","meta":{"_acf_changed":false,"om_disable_all_campaigns":false,"rs_blank_template":"","rs_page_bg_color":"","slide_template_v7":"","inline_featured_image":false,"_monsterinsights_skip_tracking":false,"_monsterinsights_sitenote_active":false,"_monsterinsights_sitenote_note":"","_monsterinsights_sitenote_category":0},"product_brand":[],"product_cat":[346,80,78,344],"product_tag":[],"class_list":{"0":"post-313133","1":"product","2":"type-product","3":"status-publish","4":"has-post-thumbnail","6":"product_cat-libros-liturgia","7":"product_cat-liturgia","8":"product_cat-pastoral","9":"product_cat-pastoral-1_espiritualidad","11":"first","12":"instock","13":"taxable","14":"shipping-taxable","15":"purchasable","16":"product-type-simple"},"acf":{"editorial":[{"ID":147774,"post_author":"3","post_date":"2022-10-14 11:53:07","post_date_gmt":"2022-10-14 09:53:07","post_content":"","post_title":"EDIBESA","post_excerpt":"","post_status":"publish","comment_status":"closed","ping_status":"closed","post_password":"","post_name":"edibesa","to_ping":"","pinged":"","post_modified":"2022-10-14 11:53:07","post_modified_gmt":"2022-10-14 09:53:07","post_content_filtered":"","post_parent":0,"guid":"http:\/\/dev.claret.cat\/editorial\/edibesa\/","menu_order":0,"post_type":"editorial","post_mime_type":"","comment_count":"0","filter":"raw"}],"autores-libros":[{"ID":5744,"post_author":"3","post_date":"2022-07-28 17:30:32","post_date_gmt":"2022-07-28 15:30:32","post_content":"","post_title":"LUC\u00cdA CARAM","post_excerpt":"","post_status":"publish","comment_status":"closed","ping_status":"closed","post_password":"","post_name":"lucia-caram","to_ping":"","pinged":"","post_modified":"2022-07-28 17:30:32","post_modified_gmt":"2022-07-28 15:30:32","post_content_filtered":"","post_parent":0,"guid":"http:\/\/dev.claret.cat\/autor\/lucia-caram\/","menu_order":0,"post_type":"autor","post_mime_type":"","comment_count":"0","filter":"raw"}],"autor":"CARAM, LUC\u00cdA","codart":"848407097","libros-coleccion":"FORA DE COL.LECCI\u00d3","ediciones":"1","encuadernacion":"Carton\u00e9","fecha_de_publicacion":"01\/01\/2000","novedad":"0","paginas":"544","subtitulo":"II FERIAL","orden":"999","portada":"0","idioma":"spa"},"aioseo_notices":[],"_links":{"self":[{"href":"https:\/\/www.claret.cat\/es\/wp-json\/wp\/v2\/product\/313133","targetHints":{"allow":["GET"]}}],"collection":[{"href":"https:\/\/www.claret.cat\/es\/wp-json\/wp\/v2\/product"}],"about":[{"href":"https:\/\/www.claret.cat\/es\/wp-json\/wp\/v2\/types\/product"}],"wp:featuredmedia":[{"embeddable":true,"href":"https:\/\/www.claret.cat\/es\/wp-json\/wp\/v2\/media\/313134"}],"wp:attachment":[{"href":"https:\/\/www.claret.cat\/es\/wp-json\/wp\/v2\/media?parent=313133"}],"wp:term":[{"taxonomy":"product_brand","embeddable":true,"href":"https:\/\/www.claret.cat\/es\/wp-json\/wp\/v2\/product_brand?post=313133"},{"taxonomy":"product_cat","embeddable":true,"href":"https:\/\/www.claret.cat\/es\/wp-json\/wp\/v2\/product_cat?post=313133"},{"taxonomy":"product_tag","embeddable":true,"href":"https:\/\/www.claret.cat\/es\/wp-json\/wp\/v2\/product_tag?post=313133"}],"curies":[{"name":"wp","href":"https:\/\/api.w.org\/{rel}","templated":true}]}}

NUEVA ORACIÓN DE LOS FIELES II. FERIAL

<p>CARAM, LUCÍA</p>

LUCÍA CARAM

CARAM, LUCÍA

FORA DE COL.LECCIÓ

Cartoné
