{"id":31909,"date":"2022-10-02T11:59:07","date_gmt":"2022-10-02T09:59:07","guid":{"rendered":"http:\/\/dev.claret.cat\/producte\/el-silenci-en-temps-de-soroll\/"},"modified":"2024-01-31T20:16:09","modified_gmt":"2024-01-31T19:16:09","slug":"el-silenci-en-temps-de-soroll-9788429776157","status":"publish","type":"product","link":"https:\/\/www.claret.cat\/es\/libro\/el-silenci-en-temps-de-soroll-9788429776157\/","title":{"rendered":"EL SILENCI EN TEMPS DE SOROLL"},"content":{"rendered":"<p>L&#8217;aventura, i el plaer, d&#8217;a\u00efllar-se del m\u00f3n: \u00abQuan no puc escalar, caminar o navegar lluny del m\u00f3n, li barro el pas. Aprendre a barrar-li el pas al m\u00f3n, a tancar-li la porta, requereix el seu temps. Primer vaig haver d&#8217;entendre que la necessitat de silenci \u00e9s una q\u00fcesti\u00f3 primordial, diria que vital. Llavors vaig comen\u00e7ar la seva recerca. I all\u00e0, al fons, molt al fons, enmig de la cacofonia, dels tr\u00e0nsit de sorolls, dels pensaments, enmig de la m\u00fasica, les m\u00e0quines, els m\u00f2bils, els iPhones, les teles, etc.; all\u00e0, molt al fons, hi era, esperant-me. El silenci.\u00bb<br \/>En aquest assaig narratiu, il\u00b7lustrat amb fotografies de diversos artistes, l&#8217;autor es planteja tres q\u00fcestions: qu\u00e8 \u00e9s el silenci, on el podem trobar, per qu\u00e8 \u00e9s m\u00e9s important ara que mai? A partir de les seves experi\u00e8ncies com a explorador, com a pare, i com a home de m\u00f3n, Erling Kagge aborda un tema, el silenci, que desafia de manera significativa i poderosa alguns mals dels nostres temps moderns.<\/p>\n","protected":false},"excerpt":{"rendered":"<p>KAGGE, ERLING<\/p>\n","protected":false},"featured_media":72012,"template":"","meta":{"_acf_changed":false,"om_disable_all_campaigns":false,"rs_blank_template":"","rs_page_bg_color":"","slide_template_v7":"","inline_featured_image":false,"_monsterinsights_skip_tracking":false,"_monsterinsights_sitenote_active":false,"_monsterinsights_sitenote_note":"","_monsterinsights_sitenote_category":0},"product_brand":[],"product_cat":[345,79],"product_tag":[],"class_list":{"0":"post-31909","1":"product","2":"type-product","3":"status-publish","4":"has-post-thumbnail","6":"product_cat-espiritualidad","7":"product_cat-espiritualitat","9":"first","10":"instock","11":"taxable","12":"shipping-taxable","13":"purchasable","14":"product-type-simple"},"acf":{"autor":"KAGGE, ERLING","codart":"842977615","libros-coleccion":"SUSHI BOOKS","ediciones":"1","encuadernacion":"Carton\u00e9","fecha_de_publicacion":"01\/10\/2017","novedad":"1","paginas":"143","subtitulo":"L'AVENTURA D''A\u00cfLLA-SE DEL MON","orden":"0","portada":"0","idioma":"cat","editorial":[{"ID":6210,"post_author":"3","post_date":"2022-07-28 17:47:13","post_date_gmt":"2022-07-28 15:47:13","post_content":"","post_title":"Edicions 62","post_excerpt":"","post_status":"publish","comment_status":"closed","ping_status":"closed","post_password":"","post_name":"edicions-62","to_ping":"","pinged":"","post_modified":"2022-07-28 17:47:13","post_modified_gmt":"2022-07-28 15:47:13","post_content_filtered":"","post_parent":0,"guid":"http:\/\/dev.claret.cat\/editorial\/edicions-62\/","menu_order":0,"post_type":"editorial","post_mime_type":"","comment_count":"0","filter":"raw"}],"autores-libros":[{"ID":155300,"post_author":"3","post_date":"2022-10-14 15:11:44","post_date_gmt":"2022-10-14 13:11:44","post_content":"","post_title":"ERLING KAGGE","post_excerpt":"","post_status":"publish","comment_status":"closed","ping_status":"closed","post_password":"","post_name":"erling-kagge","to_ping":"","pinged":"","post_modified":"2022-10-14 15:11:44","post_modified_gmt":"2022-10-14 13:11:44","post_content_filtered":"","post_parent":0,"guid":"http:\/\/dev.claret.cat\/autor\/erling-kagge\/","menu_order":0,"post_type":"autor","post_mime_type":"","comment_count":"0","filter":"raw"}]},"aioseo_notices":[],"_links":{"self":[{"href":"https:\/\/www.claret.cat\/es\/wp-json\/wp\/v2\/product\/31909","targetHints":{"allow":["GET"]}}],"collection":[{"href":"https:\/\/www.claret.cat\/es\/wp-json\/wp\/v2\/product"}],"about":[{"href":"https:\/\/www.claret.cat\/es\/wp-json\/wp\/v2\/types\/product"}],"wp:featuredmedia":[{"embeddable":true,"href":"https:\/\/www.claret.cat\/es\/wp-json\/wp\/v2\/media\/72012"}],"wp:attachment":[{"href":"https:\/\/www.claret.cat\/es\/wp-json\/wp\/v2\/media?parent=31909"}],"wp:term":[{"taxonomy":"product_brand","embeddable":true,"href":"https:\/\/www.claret.cat\/es\/wp-json\/wp\/v2\/product_brand?post=31909"},{"taxonomy":"product_cat","embeddable":true,"href":"https:\/\/www.claret.cat\/es\/wp-json\/wp\/v2\/product_cat?post=31909"},{"taxonomy":"product_tag","embeddable":true,"href":"https:\/\/www.claret.cat\/es\/wp-json\/wp\/v2\/product_tag?post=31909"}],"curies":[{"name":"wp","href":"https:\/\/api.w.org\/{rel}","templated":true}]}}

<p>L&#8217;aventura, i el plaer, d&#8217;aïllar-se del món: «Quan no puc escalar, caminar o navegar lluny del món, li barro el pas. Aprendre a barrar-li el pas al món, a tancar-li la porta, requereix el seu temps. Primer vaig haver d&#8217;entendre que la necessitat de silenci és una qüestió primordial, diria que vital. Llavors vaig començar la seva recerca. I allà, al fons, molt al fons, enmig de la cacofonia, dels trànsit de sorolls, dels pensaments, enmig de la música, les màquines, els mòbils, els iPhones, les teles, etc.; allà, molt al fons, hi era, esperant-me. El silenci.»<br />En aquest assaig narratiu, il·lustrat amb fotografies de diversos artistes, l&#8217;autor es planteja tres qüestions: què és el silenci, on el podem trobar, per què és més important ara que mai? A partir de les seves experiències com a explorador, com a pare, i com a home de món, Erling Kagge aborda un tema, el silenci, que desafia de manera significativa i poderosa alguns mals dels nostres temps moderns.</p>

Cartoné

L'AVENTURA D''AÏLLA-SE DEL MON
