{"id":320047,"date":"2023-01-02T23:56:06","date_gmt":"2023-01-02T22:56:06","guid":{"rendered":"https:\/\/www.claret.cat\/llibre\/per-molts-anys-claudia-9788490344460\/"},"modified":"2024-05-21T15:58:59","modified_gmt":"2024-05-21T13:58:59","slug":"per-molts-anys-claudia-9788490344460","status":"publish","type":"product","link":"https:\/\/www.claret.cat\/es\/libro\/per-molts-anys-claudia-9788490344460\/","title":{"rendered":"PER MOLTS ANYS, CL\u00c0UDIA!"},"content":{"rendered":"<p>Avui est\u00e0s de sort! \u00c9s el teu aniversari! T&#8221;ho passar\u00e0s pipa celebrant-ho amb la fam\u00edlia, els companys d&#8221;escola, els amics i amb tots els que vulguin compartir amb tu aquests moments m\u00e0gics. Desembolicar\u00e0s regals, bufar\u00e0s les espelmes del past\u00eds, rebr\u00e0s felicitacions de molta gent&#8230; Fer-se gran \u00e9s una aventura fascinant! I m\u00e9s si ho fas al costat de tots aquells que t&#8221;estimen i, sobretot, del PATUFET!<\/p>\n","protected":false},"excerpt":{"rendered":"<p>ROIG C\u00c9SAR, ROGER<\/p>\n","protected":false},"featured_media":965725,"template":"","meta":{"_acf_changed":false,"om_disable_all_campaigns":false,"rs_blank_template":"","rs_page_bg_color":"","slide_template_v7":"","inline_featured_image":false,"_monsterinsights_skip_tracking":false,"_monsterinsights_sitenote_active":false,"_monsterinsights_sitenote_note":"","_monsterinsights_sitenote_category":0},"product_brand":[],"product_cat":[131,361,86,352],"product_tag":[],"class_list":{"0":"post-320047","1":"product","2":"type-product","3":"status-publish","4":"has-post-thumbnail","6":"product_cat-contes-per-infants-0-6-anys","7":"product_cat-cuentos-para-ninos-0-6-anos","8":"product_cat-infantil","9":"product_cat-infantil-3_infantil-juvenil-spa","11":"first","12":"instock","13":"taxable","14":"shipping-taxable","15":"purchasable","16":"product-type-simple"},"acf":{"editorial":[{"ID":6171,"post_author":"3","post_date":"2022-07-28 17:46:25","post_date_gmt":"2022-07-28 15:46:25","post_content":"","post_title":"COSSETANIA EDICIONS","post_excerpt":"","post_status":"publish","comment_status":"closed","ping_status":"closed","post_password":"","post_name":"cossetania-edicions","to_ping":"","pinged":"","post_modified":"2022-07-28 17:46:25","post_modified_gmt":"2022-07-28 15:46:25","post_content_filtered":"","post_parent":0,"guid":"http:\/\/dev.claret.cat\/editorial\/cossetania-edicions\/","menu_order":0,"post_type":"editorial","post_mime_type":"","comment_count":"0","filter":"raw"}],"autores-libros":[{"ID":168382,"post_author":"3","post_date":"2022-10-14 18:18:47","post_date_gmt":"2022-10-14 16:18:47","post_content":"","post_title":"ROGER ROIG C\u00c9SAR","post_excerpt":"","post_status":"publish","comment_status":"closed","ping_status":"closed","post_password":"","post_name":"roger-roig-cesar","to_ping":"","pinged":"","post_modified":"2022-10-14 18:18:47","post_modified_gmt":"2022-10-14 16:18:47","post_content_filtered":"","post_parent":0,"guid":"http:\/\/dev.claret.cat\/autor\/roger-roig-cesar\/","menu_order":0,"post_type":"autor","post_mime_type":"","comment_count":"0","filter":"raw"}],"autor":"ROIG C\u00c9SAR, ROGER","codart":"849034446","libros-coleccion":"","ediciones":"1","encuadernacion":"R\u00fastica","fecha_de_publicacion":"01\/03\/2016","novedad":"0","paginas":"16","subtitulo":"","orden":"999","portada":"0","idioma":"spa"},"aioseo_notices":[],"_links":{"self":[{"href":"https:\/\/www.claret.cat\/es\/wp-json\/wp\/v2\/product\/320047","targetHints":{"allow":["GET"]}}],"collection":[{"href":"https:\/\/www.claret.cat\/es\/wp-json\/wp\/v2\/product"}],"about":[{"href":"https:\/\/www.claret.cat\/es\/wp-json\/wp\/v2\/types\/product"}],"wp:featuredmedia":[{"embeddable":true,"href":"https:\/\/www.claret.cat\/es\/wp-json\/wp\/v2\/media\/965725"}],"wp:attachment":[{"href":"https:\/\/www.claret.cat\/es\/wp-json\/wp\/v2\/media?parent=320047"}],"wp:term":[{"taxonomy":"product_brand","embeddable":true,"href":"https:\/\/www.claret.cat\/es\/wp-json\/wp\/v2\/product_brand?post=320047"},{"taxonomy":"product_cat","embeddable":true,"href":"https:\/\/www.claret.cat\/es\/wp-json\/wp\/v2\/product_cat?post=320047"},{"taxonomy":"product_tag","embeddable":true,"href":"https:\/\/www.claret.cat\/es\/wp-json\/wp\/v2\/product_tag?post=320047"}],"curies":[{"name":"wp","href":"https:\/\/api.w.org\/{rel}","templated":true}]}}

PER MOLTS ANYS, CLÀUDIA!

<p>Avui estàs de sort! És el teu aniversari! T&#8221;ho passaràs pipa celebrant-ho amb la família, els companys d&#8221;escola, els amics i amb tots els que vulguin compartir amb tu aquests moments màgics. Desembolicaràs regals, bufaràs les espelmes del pastís, rebràs felicitacions de molta gent&#8230; Fer-se gran és una aventura fascinant! I més si ho fas al costat de tots aquells que t&#8221;estimen i, sobretot, del PATUFET!</p>

<p>ROIG CÉSAR, ROGER</p>

ROGER ROIG CÉSAR

ROIG CÉSAR, ROGER

Rústica
