{"id":322828,"date":"2023-01-03T04:49:27","date_gmt":"2023-01-03T03:49:27","guid":{"rendered":"https:\/\/www.claret.cat\/llibre\/el-desafiament-de-la-laicitat-9788497917735\/"},"modified":"2023-01-28T10:27:30","modified_gmt":"2023-01-28T09:27:30","slug":"el-desafiament-de-la-laicitat-9788497917735","status":"publish","type":"product","link":"https:\/\/www.claret.cat\/es\/libro\/el-desafiament-de-la-laicitat-9788497917735\/","title":{"rendered":"EL DESAFIAMENT DE LA LAICITAT"},"content":{"rendered":"<p>El volum comen\u00e7a amb una introducci\u00f3 que vol aclarir, d?entrada, qu\u00e8 vol dir la\u00efcitat, i ho fa a partir de la percepci\u00f3 cristiana d?&#8217;aquesta la\u00efcitat. De fet, pel que fa a l?&#8217;evoluci\u00f3 del pensament cristi\u00e0, es tracta de veure all\u00f2 que, agosaradament, l?&#8217;autor anomena profetisme laic, \u00e9s a dir, una vehiculaci\u00f3 del pensament cristi\u00e0 a trav\u00e9s de les formes postcristianes d?&#8217;aquest mateix pensament. El primer cap\u00edtol del volum ofereix una visi\u00f3 cr\u00edtica dels esdeveniments de tot tipus que van de finals dels anys seixanta fins a les darreries del segle, posant l&#8217;?\u00e8mfasi en les tres grans crisis de l?&#8217;\u00e8poca: la crisi del Maig franc\u00e8s, la crisi energ\u00e8tica dels anys setanta i la crisi del m\u00f3n comunista dels anys noranta. Val a dir que l?&#8217;autor no ha volgut anar m\u00e9s enll\u00e0 i s&#8217;?ha aturat a finals dels noranta, la qual cosa fa que la bibliografia que ha consultat, i que consta adequadament en el volum, tamb\u00e9 s?atura a finals de segle, fora d&#8217;?alguna excepci\u00f3 d&#8217;?algun text ja del segle XXI, que l&#8217;?autor, en una segona redacci\u00f3 del text, ha volgut incorporar. El seguiment de l?evoluci\u00f3 del pensament cristi\u00e0 en aquests darrers quaranta anys, exigeix una revisi\u00f3 de la hist\u00f2ria d&#8217;?una Esgl\u00e9sia, la cat\u00f2lica, a partir de la promulgaci\u00f3 dels documents del concili Vatic\u00e0 II, sota el guiatge de Pau VI i de Joan Pau II. El volum fa un seguiment dels valors cristians de la literatura, del cinema, de les arts pl\u00e0stiques i de la m\u00fasica, des de les avantguardes de comen\u00e7aments de segle, amb la qual cosa intenta demostrar els accents que aquests altres vehicles del pensament cristi\u00e0 li han aportat. Naturalment, s?imposa una comparaci\u00f3 entre aquestes expressions, que l&#8217;?autor anomena postcristianes, i les que continuen vigents en altres expressions, diguem-ne, oficials , i que sovint deixen entreveure l?&#8217;exist\u00e8ncia i la vig\u00e8ncia d?&#8217;uns interessos de croada d&#8217;?aquest mateix pensament. Entremig, el pensament dels pensadors m\u00e9s vinculats a la instituci\u00f3, b\u00e0sicament te\u00f2legs i fil\u00f2sofs, obren altres camins, sovint molt poc transitables encara, a trav\u00e9s dels quals voldrien salvar les ess\u00e8ncies d&#8217;?aquest pensament. Aquest darrer intent obliga l?autor a reprendre les dades que havia escrit en el primer volum de la col\u00b7lecci\u00f3 sobre l&#8217;?ess\u00e8ncia del pensament cristi\u00e0, tot resumint el cam\u00ed que aquest pensament ha seguit fins arribar a finals del segle XX. La la\u00efcitat, en aquest cas, comportar\u00e0 l&#8217;?arribada definitiva de la pluralitat d&#8217;?un pensament que ha deixat enrere, no menys definitivament, el pensament \u00fanic que s&#8217;?havia imposat a partir de l&#8217;?Edat Mitjana.<\/p>\n","protected":false},"excerpt":{"rendered":"<p>GIL RIBAS, JOSEP<\/p>\n","protected":false},"featured_media":322851,"template":"","meta":{"_acf_changed":false,"om_disable_all_campaigns":false,"rs_blank_template":"","rs_page_bg_color":"","slide_template_v7":"","inline_featured_image":false,"_monsterinsights_skip_tracking":false,"_monsterinsights_sitenote_active":false,"_monsterinsights_sitenote_note":"","_monsterinsights_sitenote_category":0},"product_brand":[],"product_cat":[90,540],"product_tag":[],"class_list":{"0":"post-322828","1":"product","2":"type-product","3":"status-publish","4":"has-post-thumbnail","6":"product_cat-altres","7":"product_cat-otros","9":"first","10":"instock","11":"taxable","12":"shipping-taxable","13":"purchasable","14":"product-type-simple"},"acf":{"editorial":[{"ID":147671,"post_author":"3","post_date":"2022-10-14 11:52:21","post_date_gmt":"2022-10-14 09:52:21","post_content":"","post_title":"COSSETANIA EDICIONS","post_excerpt":"","post_status":"publish","comment_status":"closed","ping_status":"closed","post_password":"","post_name":"cossetania-edicions-2","to_ping":"","pinged":"","post_modified":"2022-10-14 11:52:21","post_modified_gmt":"2022-10-14 09:52:21","post_content_filtered":"","post_parent":0,"guid":"http:\/\/dev.claret.cat\/editorial\/cossetania-edicions-2\/","menu_order":0,"post_type":"editorial","post_mime_type":"","comment_count":"0","filter":"raw"}],"autores-libros":[{"ID":160672,"post_author":"3","post_date":"2022-10-14 15:54:58","post_date_gmt":"2022-10-14 13:54:58","post_content":"","post_title":"JOSEP GIL RIBAS","post_excerpt":"","post_status":"publish","comment_status":"closed","ping_status":"closed","post_password":"","post_name":"josep-gil-ribas","to_ping":"","pinged":"","post_modified":"2022-10-14 15:54:58","post_modified_gmt":"2022-10-14 13:54:58","post_content_filtered":"","post_parent":0,"guid":"http:\/\/dev.claret.cat\/autor\/josep-gil-ribas\/","menu_order":0,"post_type":"autor","post_mime_type":"","comment_count":"0","filter":"raw"}],"autor":"GIL RIBAS, JOSEP","codart":"849791773","libros-coleccion":"","ediciones":"1","encuadernacion":"R\u00fastica","fecha_de_publicacion":"01\/02\/2011","novedad":"0","paginas":"328","subtitulo":"","orden":"999","portada":"0","idioma":"cat"},"aioseo_notices":[],"_links":{"self":[{"href":"https:\/\/www.claret.cat\/es\/wp-json\/wp\/v2\/product\/322828","targetHints":{"allow":["GET"]}}],"collection":[{"href":"https:\/\/www.claret.cat\/es\/wp-json\/wp\/v2\/product"}],"about":[{"href":"https:\/\/www.claret.cat\/es\/wp-json\/wp\/v2\/types\/product"}],"wp:featuredmedia":[{"embeddable":true,"href":"https:\/\/www.claret.cat\/es\/wp-json\/wp\/v2\/media\/322851"}],"wp:attachment":[{"href":"https:\/\/www.claret.cat\/es\/wp-json\/wp\/v2\/media?parent=322828"}],"wp:term":[{"taxonomy":"product_brand","embeddable":true,"href":"https:\/\/www.claret.cat\/es\/wp-json\/wp\/v2\/product_brand?post=322828"},{"taxonomy":"product_cat","embeddable":true,"href":"https:\/\/www.claret.cat\/es\/wp-json\/wp\/v2\/product_cat?post=322828"},{"taxonomy":"product_tag","embeddable":true,"href":"https:\/\/www.claret.cat\/es\/wp-json\/wp\/v2\/product_tag?post=322828"}],"curies":[{"name":"wp","href":"https:\/\/api.w.org\/{rel}","templated":true}]}}

<p>El volum comença amb una introducció que vol aclarir, d?entrada, què vol dir laïcitat, i ho fa a partir de la percepció cristiana d?&#8217;aquesta laïcitat. De fet, pel que fa a l?&#8217;evolució del pensament cristià, es tracta de veure allò que, agosaradament, l?&#8217;autor anomena profetisme laic, és a dir, una vehiculació del pensament cristià a través de les formes postcristianes d?&#8217;aquest mateix pensament. El primer capítol del volum ofereix una visió crítica dels esdeveniments de tot tipus que van de finals dels anys seixanta fins a les darreries del segle, posant l&#8217;?èmfasi en les tres grans crisis de l?&#8217;època: la crisi del Maig francès, la crisi energètica dels anys setanta i la crisi del món comunista dels anys noranta. Val a dir que l?&#8217;autor no ha volgut anar més enllà i s&#8217;?ha aturat a finals dels noranta, la qual cosa fa que la bibliografia que ha consultat, i que consta adequadament en el volum, també s?atura a finals de segle, fora d&#8217;?alguna excepció d&#8217;?algun text ja del segle XXI, que l&#8217;?autor, en una segona redacció del text, ha volgut incorporar. El seguiment de l?evolució del pensament cristià en aquests darrers quaranta anys, exigeix una revisió de la història d&#8217;?una Església, la catòlica, a partir de la promulgació dels documents del concili Vaticà II, sota el guiatge de Pau VI i de Joan Pau II. El volum fa un seguiment dels valors cristians de la literatura, del cinema, de les arts plàstiques i de la música, des de les avantguardes de començaments de segle, amb la qual cosa intenta demostrar els accents que aquests altres vehicles del pensament cristià li han aportat. Naturalment, s?imposa una comparació entre aquestes expressions, que l&#8217;?autor anomena postcristianes, i les que continuen vigents en altres expressions, diguem-ne, oficials , i que sovint deixen entreveure l?&#8217;existència i la vigència d?&#8217;uns interessos de croada d&#8217;?aquest mateix pensament. Entremig, el pensament dels pensadors més vinculats a la institució, bàsicament teòlegs i filòsofs, obren altres camins, sovint molt poc transitables encara, a través dels quals voldrien salvar les essències d&#8217;?aquest pensament. Aquest darrer intent obliga l?autor a reprendre les dades que havia escrit en el primer volum de la col·lecció sobre l&#8217;?essència del pensament cristià, tot resumint el camí que aquest pensament ha seguit fins arribar a finals del segle XX. La laïcitat, en aquest cas, comportarà l&#8217;?arribada definitiva de la pluralitat d&#8217;?un pensament que ha deixat enrere, no menys definitivament, el pensament únic que s&#8217;?havia imposat a partir de l&#8217;?Edat Mitjana.</p>

Rústica
