{"id":32410,"date":"2022-10-02T12:06:18","date_gmt":"2022-10-02T10:06:18","guid":{"rendered":"http:\/\/dev.claret.cat\/producte\/diccionari-general-de-barbarismes-i-altres-incorreccions\/"},"modified":"2024-05-23T11:19:19","modified_gmt":"2024-05-23T09:19:19","slug":"diccionari-general-de-barbarismes-i-altres-incorreccions-9788482977324","status":"publish","type":"product","link":"https:\/\/www.claret.cat\/es\/libro\/diccionari-general-de-barbarismes-i-altres-incorreccions-9788482977324\/","title":{"rendered":"DICCIONARI GENERAL DE BARBARISMES I ALTRES INCORRECCIONS"},"content":{"rendered":"<p>No \u00e9s cap pecat que les lleng\u00fces llatines estiguin tan emparentades i que molts cops es corresponguin tan \u00edntimament.<br \/>Per\u00f2 aix\u00f2 provoca una contaminaci\u00f3 que, si b\u00e9 de vegades \u00e9s inevitable i no sempre perniciosa, sovint \u00e9s inncess\u00e0ria, perqu\u00e8 el catal\u00e0 disposa de paraules i expressions tan adequades, o m\u00e9s, que les manllevades a altres lleng\u00fces.<br \/>Aquest recull aplega m\u00e9s de 5.600 barbarismes i incorreccions, amb indicaci\u00f3 de la proced\u00e8ncia i la versi\u00f3 correcta.<\/p>\n","protected":false},"excerpt":{"rendered":"<p>MIRAVITLLES<\/p>\n","protected":false},"featured_media":386560,"template":"","meta":{"_acf_changed":false,"om_disable_all_campaigns":false,"rs_blank_template":"","rs_page_bg_color":"","slide_template_v7":"","inline_featured_image":false,"_monsterinsights_skip_tracking":false,"_monsterinsights_sitenote_active":false,"_monsterinsights_sitenote_note":"","_monsterinsights_sitenote_category":0},"product_brand":[],"product_cat":[573,140,578,145,189,453,581,139,572],"product_tag":[],"class_list":{"0":"post-32410","1":"product","2":"type-product","3":"status-publish","4":"has-post-thumbnail","6":"product_cat-bachillerato","7":"product_cat-batxillerat","8":"product_cat-diccionarios-y-libros-de-consulta","9":"product_cat-diccionaris-i-llibres-de-consulta","10":"product_cat-didactica-i-praxi-escolar","11":"product_cat-didactica-y-praxis-escolar","12":"product_cat-editorial-claret","13":"product_cat-secundaria","14":"product_cat-secundaria-escolar-4_escolar-spa","16":"first","17":"outofstock","18":"taxable","19":"shipping-taxable","20":"purchasable","21":"product-type-simple"},"acf":{"autor":"MIRAVITLLES","codart":"848297732","libros-coleccion":"POMPEU FABRA","ediciones":"7","encuadernacion":"R\u00fastica","fecha_de_publicacion":"01\/06\/2004","novedad":"0","paginas":"219","subtitulo":"","orden":"999","portada":"0","idioma":"cat","editorial":[{"ID":6158,"post_author":"3","post_date":"2022-07-28 17:46:08","post_date_gmt":"2022-07-28 15:46:08","post_content":"","post_title":"CLARET","post_excerpt":"","post_status":"publish","comment_status":"closed","ping_status":"closed","post_password":"","post_name":"claret","to_ping":"","pinged":"","post_modified":"2022-07-28 17:46:08","post_modified_gmt":"2022-07-28 15:46:08","post_content_filtered":"","post_parent":0,"guid":"http:\/\/dev.claret.cat\/editorial\/claret\/","menu_order":0,"post_type":"editorial","post_mime_type":"","comment_count":"0","filter":"raw"}],"autores-libros":[{"ID":159373,"post_author":"3","post_date":"2022-10-14 15:44:19","post_date_gmt":"2022-10-14 13:44:19","post_content":"","post_title":"JOAN MIRAVITLLES SERRADELL","post_excerpt":"","post_status":"publish","comment_status":"closed","ping_status":"closed","post_password":"","post_name":"joan-miravitlles-serradell","to_ping":"","pinged":"","post_modified":"2022-10-14 15:44:19","post_modified_gmt":"2022-10-14 13:44:19","post_content_filtered":"","post_parent":0,"guid":"http:\/\/dev.claret.cat\/autor\/joan-miravitlles-serradell\/","menu_order":0,"post_type":"autor","post_mime_type":"","comment_count":"0","filter":"raw"}]},"aioseo_notices":[],"_links":{"self":[{"href":"https:\/\/www.claret.cat\/es\/wp-json\/wp\/v2\/product\/32410","targetHints":{"allow":["GET"]}}],"collection":[{"href":"https:\/\/www.claret.cat\/es\/wp-json\/wp\/v2\/product"}],"about":[{"href":"https:\/\/www.claret.cat\/es\/wp-json\/wp\/v2\/types\/product"}],"wp:featuredmedia":[{"embeddable":true,"href":"https:\/\/www.claret.cat\/es\/wp-json\/wp\/v2\/media\/386560"}],"wp:attachment":[{"href":"https:\/\/www.claret.cat\/es\/wp-json\/wp\/v2\/media?parent=32410"}],"wp:term":[{"taxonomy":"product_brand","embeddable":true,"href":"https:\/\/www.claret.cat\/es\/wp-json\/wp\/v2\/product_brand?post=32410"},{"taxonomy":"product_cat","embeddable":true,"href":"https:\/\/www.claret.cat\/es\/wp-json\/wp\/v2\/product_cat?post=32410"},{"taxonomy":"product_tag","embeddable":true,"href":"https:\/\/www.claret.cat\/es\/wp-json\/wp\/v2\/product_tag?post=32410"}],"curies":[{"name":"wp","href":"https:\/\/api.w.org\/{rel}","templated":true}]}}

<p>No és cap pecat que les llengües llatines estiguin tan emparentades i que molts cops es corresponguin tan íntimament.<br />Però això provoca una contaminació que, si bé de vegades és inevitable i no sempre perniciosa, sovint és inncessària, perquè el català disposa de paraules i expressions tan adequades, o més, que les manllevades a altres llengües.<br />Aquest recull aplega més de 5.600 barbarismes i incorreccions, amb indicació de la procedència i la versió correcta.</p>

Rústica
