{"id":325579,"date":"2023-01-04T16:50:11","date_gmt":"2023-01-04T15:50:11","guid":{"rendered":"https:\/\/www.claret.cat\/llibre\/simone-weil-el-silenci-de-deu-9788492416059\/"},"modified":"2026-03-30T12:25:18","modified_gmt":"2026-03-30T10:25:18","slug":"simone-weil-el-silenci-de-deu-9788492416059","status":"publish","type":"product","link":"https:\/\/www.claret.cat\/es\/libro\/simone-weil-el-silenci-de-deu-9788492416059\/","title":{"rendered":"SIMONE WEIL: EL SILENCI DE D\u00c9U"},"content":{"rendered":"<p>Amb una traject\u00f2ria immersa en el context de la II Guerra Mundial, i a l\u2019ombra d\u2019Auschwitz i de la pregunta pel silenci de D\u00e9u, Simone Weil (1909-1943) ens ofereix un dels llegats filos\u00f2fics i espirituals m\u00e9s rellevants de la primera meitat del segle XX.<br \/>En aquest llibre, Josep Ot\u00f3n prossegueix el seu estudi de la interioritat de m\u00edstics, artistes i pensadors centrant-se en l\u2019an\u00e0lisi de l\u2019experi\u00e8ncia personal weiliana. Amb la convicci\u00f3 que no hi ha cap ruptura entre la Weil revolucion\u00e0ria i compromesa amb la lluita obrera, i la Weil dedicada a la recerca religiosa, Ot\u00f3n se centra en un text enigm\u00e0tic \u2014l\u2019anomenat \u00abPrologue\u00bb\u2014, l\u2019an\u00e0lisi del qual li permet desvelar alguns trets fonamentals de la relaci\u00f3 entre l\u2019\u00e9sser hum\u00e0 i el Misteri. El \u00abPrologue\u00bb reflecteix la contradicci\u00f3 que amara el recorregut vital de Weil perqu\u00e8 narra dues experi\u00e8ncies contraposades: una trobada i una abs\u00e8ncia. L\u2019escriptora hi descriu l\u2019encontre amb un personatge desconegut i, despr\u00e9s, com aquest misteri\u00f3s visitant l\u2019abandona. \u00c9s una met\u00e0fora de la vida espiritual: D\u00e9u es revela i s\u2019oculta, es manifesta i s\u2019amaga.<\/p>\n","protected":false},"excerpt":{"rendered":"<p>OT\u00d3N, JOSEP<\/p>\n","protected":false},"featured_media":325590,"template":"","meta":{"_acf_changed":false,"om_disable_all_campaigns":false,"rs_blank_template":"","rs_page_bg_color":"","slide_template_v7":"","inline_featured_image":false,"_monsterinsights_skip_tracking":false,"_monsterinsights_sitenote_active":false,"_monsterinsights_sitenote_note":"","_monsterinsights_sitenote_category":0},"product_brand":[],"product_cat":[373,166,284,418,233,486,491,241],"product_tag":[],"class_list":{"0":"post-325579","1":"product","2":"type-product","3":"status-publish","4":"has-post-thumbnail","6":"product_cat-autores","7":"product_cat-autors-filosofia","8":"product_cat-espiritual","9":"product_cat-espiritual-teologia-1_espiritualidad","10":"product_cat-mistica","11":"product_cat-mistica-espiritualidad-1_espiritualidad","12":"product_cat-testimonios","13":"product_cat-testimonis","15":"first","16":"instock","17":"taxable","18":"shipping-taxable","19":"purchasable","20":"product-type-simple"},"acf":{"editorial":[{"ID":6258,"post_author":"3","post_date":"2022-07-28 17:48:20","post_date_gmt":"2022-07-28 15:48:20","post_content":"","post_title":"FRAGMENTA EDITORIAL","post_excerpt":"","post_status":"publish","comment_status":"closed","ping_status":"closed","post_password":"","post_name":"fragmenta-editorial","to_ping":"","pinged":"","post_modified":"2022-07-28 17:48:20","post_modified_gmt":"2022-07-28 15:48:20","post_content_filtered":"","post_parent":0,"guid":"http:\/\/dev.claret.cat\/editorial\/fragmenta-editorial\/","menu_order":0,"post_type":"editorial","post_mime_type":"","comment_count":"0","filter":"raw"}],"autores-libros":[{"ID":5668,"post_author":"3","post_date":"2022-07-28 17:28:55","post_date_gmt":"2022-07-28 15:28:55","post_content":"","post_title":"JOSEP OT\u00d3N","post_excerpt":"","post_status":"publish","comment_status":"closed","ping_status":"closed","post_password":"","post_name":"josep-oton","to_ping":"","pinged":"","post_modified":"2022-07-28 17:28:55","post_modified_gmt":"2022-07-28 15:28:55","post_content_filtered":"","post_parent":0,"guid":"http:\/\/dev.claret.cat\/autor\/josep-oton\/","menu_order":0,"post_type":"autor","post_mime_type":"","comment_count":"0","filter":"raw"}],"autor":"OT\u00d3N, JOSEP","codart":"849241605","libros-coleccion":"Assaig","ediciones":"1","encuadernacion":"R\u00fastica","fecha_de_publicacion":"16\/06\/2008","novedad":"0","paginas":"2008","subtitulo":"","orden":"999","portada":"0","idioma":"cat","booktrailer":"","resenas":""},"aioseo_notices":[],"_links":{"self":[{"href":"https:\/\/www.claret.cat\/es\/wp-json\/wp\/v2\/product\/325579","targetHints":{"allow":["GET"]}}],"collection":[{"href":"https:\/\/www.claret.cat\/es\/wp-json\/wp\/v2\/product"}],"about":[{"href":"https:\/\/www.claret.cat\/es\/wp-json\/wp\/v2\/types\/product"}],"wp:featuredmedia":[{"embeddable":true,"href":"https:\/\/www.claret.cat\/es\/wp-json\/wp\/v2\/media\/325590"}],"wp:attachment":[{"href":"https:\/\/www.claret.cat\/es\/wp-json\/wp\/v2\/media?parent=325579"}],"wp:term":[{"taxonomy":"product_brand","embeddable":true,"href":"https:\/\/www.claret.cat\/es\/wp-json\/wp\/v2\/product_brand?post=325579"},{"taxonomy":"product_cat","embeddable":true,"href":"https:\/\/www.claret.cat\/es\/wp-json\/wp\/v2\/product_cat?post=325579"},{"taxonomy":"product_tag","embeddable":true,"href":"https:\/\/www.claret.cat\/es\/wp-json\/wp\/v2\/product_tag?post=325579"}],"curies":[{"name":"wp","href":"https:\/\/api.w.org\/{rel}","templated":true}]}}

SIMONE WEIL: EL SILENCI DE DÉU

<p>Amb una trajectòria immersa en el context de la II Guerra Mundial, i a l’ombra d’Auschwitz i de la pregunta pel silenci de Déu, Simone Weil (1909-1943) ens ofereix un dels llegats filosòfics i espirituals més rellevants de la primera meitat del segle XX.<br />En aquest llibre, Josep Otón prossegueix el seu estudi de la interioritat de místics, artistes i pensadors centrant-se en l’anàlisi de l’experiència personal weiliana. Amb la convicció que no hi ha cap ruptura entre la Weil revolucionària i compromesa amb la lluita obrera, i la Weil dedicada a la recerca religiosa, Otón se centra en un text enigmàtic —l’anomenat «Prologue»—, l’anàlisi del qual li permet desvelar alguns trets fonamentals de la relació entre l’ésser humà i el Misteri. El «Prologue» reflecteix la contradicció que amara el recorregut vital de Weil perquè narra dues experiències contraposades: una trobada i una absència. L’escriptora hi descriu l’encontre amb un personatge desconegut i, després, com aquest misteriós visitant l’abandona. És una metàfora de la vida espiritual: Déu es revela i s’oculta, es manifesta i s’amaga.</p>

<p>OTÓN, JOSEP</p>

JOSEP OTÓN

OTÓN, JOSEP

Rústica
