{"id":326296,"date":"2023-01-05T15:40:02","date_gmt":"2023-01-05T14:40:02","guid":{"rendered":"https:\/\/www.claret.cat\/llibre\/los-evangelios-narraciones-e-historia-9788499451398\/"},"modified":"2025-07-21T12:40:13","modified_gmt":"2025-07-21T10:40:13","slug":"los-evangelios-narraciones-e-historia-9788499451398","status":"publish","type":"product","link":"https:\/\/www.claret.cat\/es\/libro\/los-evangelios-narraciones-e-historia-9788499451398\/","title":{"rendered":"LOS EVANGELIOS. NARRACIONES E HISTORIA"},"content":{"rendered":"<p>Este volumen comprende dos partes: la primera aborda el trasfondo sobre el cual se ha desarrollado la ex\u00e9gesis feminista de los evangelios; la segunda se desarrolla en torno a tres n\u00facleos: 1) la reconstrucci\u00f3n de los contextos en que se han formado las tradiciones evang\u00e9licas; 2) los cuatro evangelios can\u00f3nicos; 3) y algunas figuras especialmente relevantes (Mar\u00eda, Mar\u00eda de Magdala, Marta, etc.). As\u00ed, no se trata de un comentario de los cuatro evangelios, sino m\u00e1s bien de un intento de entrar en su trama hist\u00f3rica, literaria y teol\u00f3gica en perspectiva de g\u00e9nero.<\/p>\n","protected":false},"excerpt":{"rendered":"<p>PERRONI, MARINELLA; NAVARRO PUERTO, MERCEDES<\/p>\n","protected":false},"featured_media":373251,"template":"","meta":{"_acf_changed":false,"om_disable_all_campaigns":false,"rs_blank_template":"","rs_page_bg_color":"","slide_template_v7":"","inline_featured_image":false,"_monsterinsights_skip_tracking":false,"_monsterinsights_sitenote_active":false,"_monsterinsights_sitenote_note":"","_monsterinsights_sitenote_category":0},"product_brand":[],"product_cat":[90,540],"product_tag":[],"class_list":{"0":"post-326296","1":"product","2":"type-product","3":"status-publish","4":"has-post-thumbnail","6":"product_cat-altres","7":"product_cat-otros","9":"first","10":"instock","11":"taxable","12":"shipping-taxable","13":"purchasable","14":"product-type-simple"},"acf":{"editorial":[{"ID":6390,"post_author":"3","post_date":"2022-07-28 17:51:08","post_date_gmt":"2022-07-28 15:51:08","post_content":"","post_title":"VERBO DIVINO","post_excerpt":"","post_status":"publish","comment_status":"closed","ping_status":"closed","post_password":"","post_name":"verbo-divino","to_ping":"","pinged":"","post_modified":"2022-07-28 17:51:08","post_modified_gmt":"2022-07-28 15:51:08","post_content_filtered":"","post_parent":0,"guid":"http:\/\/dev.claret.cat\/editorial\/verbo-divino\/","menu_order":0,"post_type":"editorial","post_mime_type":"","comment_count":"0","filter":"raw"}],"autores-libros":[{"ID":163956,"post_author":"3","post_date":"2022-10-14 17:43:12","post_date_gmt":"2022-10-14 15:43:12","post_content":"","post_title":"MARINELLA PERRONI","post_excerpt":"","post_status":"publish","comment_status":"closed","ping_status":"closed","post_password":"","post_name":"marinella-perroni","to_ping":"","pinged":"","post_modified":"2022-10-14 17:43:12","post_modified_gmt":"2022-10-14 15:43:12","post_content_filtered":"","post_parent":0,"guid":"http:\/\/dev.claret.cat\/autor\/marinella-perroni\/","menu_order":0,"post_type":"autor","post_mime_type":"","comment_count":"0","filter":"raw"},{"ID":164730,"post_author":"3","post_date":"2022-10-14 17:49:25","post_date_gmt":"2022-10-14 15:49:25","post_content":"","post_title":"MERCEDES NAVARRO PUERTO","post_excerpt":"","post_status":"publish","comment_status":"closed","ping_status":"closed","post_password":"","post_name":"mercedes-navarro-puerto","to_ping":"","pinged":"","post_modified":"2022-10-14 17:49:25","post_modified_gmt":"2022-10-14 15:49:25","post_content_filtered":"","post_parent":0,"guid":"http:\/\/dev.claret.cat\/autor\/mercedes-navarro-puerto\/","menu_order":0,"post_type":"autor","post_mime_type":"","comment_count":"0","filter":"raw"}],"autor":"PERRONI, MARINELLA; NAVARRO PUERTO, MERCEDES","codart":"849945139","libros-coleccion":"","ediciones":"1","encuadernacion":"R\u00fastica","fecha_de_publicacion":"08\/04\/2011","novedad":"0","paginas":"208","subtitulo":"","orden":"999","portada":"0","idioma":"spa","booktrailer":"","resenas":""},"aioseo_notices":[],"_links":{"self":[{"href":"https:\/\/www.claret.cat\/es\/wp-json\/wp\/v2\/product\/326296","targetHints":{"allow":["GET"]}}],"collection":[{"href":"https:\/\/www.claret.cat\/es\/wp-json\/wp\/v2\/product"}],"about":[{"href":"https:\/\/www.claret.cat\/es\/wp-json\/wp\/v2\/types\/product"}],"wp:featuredmedia":[{"embeddable":true,"href":"https:\/\/www.claret.cat\/es\/wp-json\/wp\/v2\/media\/373251"}],"wp:attachment":[{"href":"https:\/\/www.claret.cat\/es\/wp-json\/wp\/v2\/media?parent=326296"}],"wp:term":[{"taxonomy":"product_brand","embeddable":true,"href":"https:\/\/www.claret.cat\/es\/wp-json\/wp\/v2\/product_brand?post=326296"},{"taxonomy":"product_cat","embeddable":true,"href":"https:\/\/www.claret.cat\/es\/wp-json\/wp\/v2\/product_cat?post=326296"},{"taxonomy":"product_tag","embeddable":true,"href":"https:\/\/www.claret.cat\/es\/wp-json\/wp\/v2\/product_tag?post=326296"}],"curies":[{"name":"wp","href":"https:\/\/api.w.org\/{rel}","templated":true}]}}

<p>Este volumen comprende dos partes: la primera aborda el trasfondo sobre el cual se ha desarrollado la exégesis feminista de los evangelios; la segunda se desarrolla en torno a tres núcleos: 1) la reconstrucción de los contextos en que se han formado las tradiciones evangélicas; 2) los cuatro evangelios canónicos; 3) y algunas figuras especialmente relevantes (María, María de Magdala, Marta, etc.). Así, no se trata de un comentario de los cuatro evangelios, sino más bien de un intento de entrar en su trama histórica, literaria y teológica en perspectiva de género.</p>

Rústica
