{"id":32773,"date":"2022-10-02T12:11:23","date_gmt":"2022-10-02T10:11:23","guid":{"rendered":"http:\/\/dev.claret.cat\/producte\/como-viviremos-en-marte\/"},"modified":"2025-07-17T12:53:28","modified_gmt":"2025-07-17T10:53:28","slug":"como-viviremos-en-marte-9788492921676","status":"publish","type":"product","link":"https:\/\/www.claret.cat\/es\/libro\/como-viviremos-en-marte-9788492921676\/","title":{"rendered":"\u00bfC\u00d3MO VIVIREMOS EN MARTE?"},"content":{"rendered":"<p> Un libro TED<br \/>  Un apasionante relato de futuro.<br \/> Un libro de ciencia ficci\u00f3n con los pies en la Tierra (aunque uno apuntando hacia Marte). El autor considera que ser\u00e1 inevitable que tarde o temprano el ser humano se instale en el planeta rojo, y en este libro hace un an\u00e1lisis de la carrera espacial que se est\u00e1 llevando a cabo desde el \u00e1mbito privado por parte de personalidades del mundo de los negocios como Elon Musk, Richard Branson, Paul Allen y Jeff Bezos.<br \/> Un texto que mezcla ciencia, negocios y an\u00e1lisis human\u00edstico. Un texto provocador para pensar m\u00e1s all\u00e1 de lo que estamos acostumbrados.<\/p>\n","protected":false},"excerpt":{"rendered":"<p>PETRANEK, STEPHEN<\/p>\n","protected":false},"featured_media":72416,"template":"","meta":{"_acf_changed":false,"om_disable_all_campaigns":false,"rs_blank_template":"","rs_page_bg_color":"","slide_template_v7":"","inline_featured_image":false,"_monsterinsights_skip_tracking":false,"_monsterinsights_sitenote_active":false,"_monsterinsights_sitenote_note":"","_monsterinsights_sitenote_category":0},"product_brand":[],"product_cat":[104,554],"product_tag":[],"class_list":{"0":"post-32773","1":"product","2":"type-product","3":"status-publish","4":"has-post-thumbnail","6":"product_cat-ciencia","7":"product_cat-ciencia-5_otras-spa","9":"first","10":"instock","11":"taxable","12":"shipping-taxable","13":"purchasable","14":"product-type-simple"},"acf":{"autor":"PETRANEK, STEPHEN","codart":"849292167","libros-coleccion":"TED Books","ediciones":"1","encuadernacion":"Carpeta","fecha_de_publicacion":"01\/06\/2017","novedad":"1","paginas":"77","subtitulo":"","orden":"0","portada":"0","idioma":"spa","editorial":[{"ID":148088,"post_author":"3","post_date":"2022-10-14 11:55:32","post_date_gmt":"2022-10-14 09:55:32","post_content":"","post_title":"EMPRESA ACTIVA","post_excerpt":"","post_status":"publish","comment_status":"closed","ping_status":"closed","post_password":"","post_name":"empresa-activa","to_ping":"","pinged":"","post_modified":"2022-10-14 11:55:32","post_modified_gmt":"2022-10-14 09:55:32","post_content_filtered":"","post_parent":0,"guid":"http:\/\/dev.claret.cat\/editorial\/empresa-activa\/","menu_order":0,"post_type":"editorial","post_mime_type":"","comment_count":"0","filter":"raw"}],"autores-libros":[{"ID":169836,"post_author":"3","post_date":"2022-10-14 22:30:24","post_date_gmt":"2022-10-14 20:30:24","post_content":"","post_title":"STEPHEN PETRANEK","post_excerpt":"","post_status":"publish","comment_status":"closed","ping_status":"closed","post_password":"","post_name":"stephen-petranek","to_ping":"","pinged":"","post_modified":"2022-10-14 22:30:24","post_modified_gmt":"2022-10-14 20:30:24","post_content_filtered":"","post_parent":0,"guid":"http:\/\/dev.claret.cat\/autor\/stephen-petranek\/","menu_order":0,"post_type":"autor","post_mime_type":"","comment_count":"0","filter":"raw"}],"booktrailer":"","resenas":""},"aioseo_notices":[],"_links":{"self":[{"href":"https:\/\/www.claret.cat\/es\/wp-json\/wp\/v2\/product\/32773","targetHints":{"allow":["GET"]}}],"collection":[{"href":"https:\/\/www.claret.cat\/es\/wp-json\/wp\/v2\/product"}],"about":[{"href":"https:\/\/www.claret.cat\/es\/wp-json\/wp\/v2\/types\/product"}],"wp:featuredmedia":[{"embeddable":true,"href":"https:\/\/www.claret.cat\/es\/wp-json\/wp\/v2\/media\/72416"}],"wp:attachment":[{"href":"https:\/\/www.claret.cat\/es\/wp-json\/wp\/v2\/media?parent=32773"}],"wp:term":[{"taxonomy":"product_brand","embeddable":true,"href":"https:\/\/www.claret.cat\/es\/wp-json\/wp\/v2\/product_brand?post=32773"},{"taxonomy":"product_cat","embeddable":true,"href":"https:\/\/www.claret.cat\/es\/wp-json\/wp\/v2\/product_cat?post=32773"},{"taxonomy":"product_tag","embeddable":true,"href":"https:\/\/www.claret.cat\/es\/wp-json\/wp\/v2\/product_tag?post=32773"}],"curies":[{"name":"wp","href":"https:\/\/api.w.org\/{rel}","templated":true}]}}

¿CÓMO VIVIREMOS EN MARTE?

<p> Un libro TED<br />  Un apasionante relato de futuro.<br /> Un libro de ciencia ficción con los pies en la Tierra (aunque uno apuntando hacia Marte). El autor considera que será inevitable que tarde o temprano el ser humano se instale en el planeta rojo, y en este libro hace un análisis de la carrera espacial que se está llevando a cabo desde el ámbito privado por parte de personalidades del mundo de los negocios como Elon Musk, Richard Branson, Paul Allen y Jeff Bezos.<br /> Un texto que mezcla ciencia, negocios y análisis humanístico. Un texto provocador para pensar más allá de lo que estamos acostumbrados.</p>
