{"id":328064,"date":"2023-01-09T17:50:11","date_gmt":"2023-01-09T16:50:11","guid":{"rendered":"https:\/\/www.claret.cat\/llibre\/la-espera-9788418897771\/"},"modified":"2026-04-07T12:31:30","modified_gmt":"2026-04-07T10:31:30","slug":"la-espera-9788418897771","status":"publish","type":"product","link":"https:\/\/www.claret.cat\/es\/libro\/la-espera-9788418897771\/","title":{"rendered":"LA ESPERA"},"content":{"rendered":"<p>El esperado nuevo libro de la autora de Hierba: la  emocionante historia de las familias separadas tras la divisi\u00f3n de Corea y la guerra de 1950 Gwija tiene 92 a\u00f1os y vive en Corea del Sur. Tras d\u00e9cadas de espera,  desea reencontrarse con su hijo mayor. Lo perdi\u00f3 de vista en una columna de refugiados, huyendo del norte, mientras amamantaba al beb\u00e9 que llevaba en brazos. En un encuentro auspiciado por la Cruz Roja, su amiga Jeong-Sun acaba de reunirse con su hermana peque\u00f1a despu\u00e9s de sesenta y ocho a\u00f1os separadas. Gwija solo desea poder seguir sus pasos en una nueva edici\u00f3n. En 1950, la guerra de Corea separ\u00f3 a familias enteras, que quedaron a  uno y otro lado de una frontera infranqueable. A partir de las entrevistas que Keum Suk Gendry-Kim realiz\u00f3 a varios testimonios (entre ellos, su propia madre), La espera reconstruye el trauma de toda una generaci\u00f3n de coreanos, ya casi olvidados, que siguen aguardando un reencuentro. MEJOR C\u00d3MIC DEL A\u00d1O<br \/>The Washington Post \/ Forbes \/ Publishers Weekly PREMIOS<br \/>Freeman Awards \/ YALSA Book Award \/ Cartoonist Studio Prize \/ Prix BDGest# FINALISTA<br \/>Harvey Award \/ LA Times Book Prize La cr\u00edtica ha dicho&#8230; \u00abLa espera es una reflexi\u00f3n conmovedora, dibujada con belleza y  magistralmente contada sobre c\u00f3mo la Historia se impone con violencia, separa a la gente y deja tantas vidas sin resolver\u00bb.<br \/>Joe Sacco \u00abLa autora de Hierba obra otro milagro con esta historia  parcialmente autobiogr\u00e1fica de una familia separada por el conflicto&#8230;  Keum Suk lleva al lector al interior de los recovecos m\u00e1s inaccesibles  del coraz\u00f3n humano, lugares que est\u00e1n casi cerrados a la mayor\u00eda de los  visitantes; sin embargo, lo hace casi con despreocupaci\u00f3n, la econom\u00eda  descarnada de sus dibujos no busca una respuesta emotiva. Qu\u00e9 talento tiene\u00bb.<br \/>The Guardian \u00abCon pinceladas crudas y una magistral estructura narrativa, la autora  logra una combinaci\u00f3n ganadora y conmovedora, un retrato de c\u00f3mo la esperanza sobrevive generaci\u00f3n tras generaci\u00f3n\u00bb.<br \/>The Washington Post \u00abUna obra coral, llena de voces y relatos, vastamente autobiogr\u00e1fica\u00bb.<br \/>T\u00e9l\u00e9rama \u00abTe romper\u00e1 el coraz\u00f3n\u00bb.<br \/>The Toronto Star <br \/>\u00abEn La espera, Keum Suk Gendry-Kim prosigue su exploraci\u00f3n de la  esfera \u00edntima para revisitar la historia de un pa\u00eds perdido en las   ruinas de la Guerra Fr\u00eda [&#8230;] y las dolorosas consecuencias de su partici\u00f3n<br \/>L#Humanit\u00e9 \u00abLa espera no solo dibuja traumas sino tambi\u00e9n lo mutable que es  la Historia. Gendry-Kim sugiere que nada es fijo, solo nos conocemos a  nosotros mismos a partir de la informaci\u00f3n parcial que se nos ha permitido tener\u00bb.<br \/>Los Angeles Times \u00abLa espera es un verdadero logro, tanto gr\u00e1fico como narrativo, que merecer\u00e1 ser estudiado\u00bb.<br \/>ActuaBD \u00abCon pinceladas gruesas en blanco y negro y un vocabulario visual que se  sit\u00faa en alg\u00fan lugar entre el c\u00f3mic de estilo occidental y  el manwa,  Gendry-Kim evoca la distancia emocional de los personajes atrapados por la historia.\u00bb<br \/>Forbes<\/p>\n","protected":false},"excerpt":{"rendered":"<p>GENDRY-KIM, KEUM SUK<\/p>\n","protected":false},"featured_media":328104,"template":"","meta":{"_acf_changed":false,"om_disable_all_campaigns":false,"rs_blank_template":"","rs_page_bg_color":"","slide_template_v7":"","inline_featured_image":false,"_monsterinsights_skip_tracking":false,"_monsterinsights_sitenote_active":false,"_monsterinsights_sitenote_note":"","_monsterinsights_sitenote_category":0},"product_brand":[],"product_cat":[108,558],"product_tag":[],"class_list":{"0":"post-328064","1":"product","2":"type-product","3":"status-publish","4":"has-post-thumbnail","6":"product_cat-comic","7":"product_cat-comic-3_infantil-juvenil-spa-spa","9":"first","10":"instock","11":"taxable","12":"shipping-taxable","13":"purchasable","14":"product-type-simple"},"acf":{"editorial":[{"ID":148749,"post_author":"3","post_date":"2022-10-14 12:00:41","post_date_gmt":"2022-10-14 10:00:41","post_content":"","post_title":"RESERVOIR BOOKS","post_excerpt":"","post_status":"publish","comment_status":"closed","ping_status":"closed","post_password":"","post_name":"reservoir-books","to_ping":"","pinged":"","post_modified":"2022-10-14 12:00:41","post_modified_gmt":"2022-10-14 10:00:41","post_content_filtered":"","post_parent":0,"guid":"http:\/\/dev.claret.cat\/editorial\/reservoir-books\/","menu_order":0,"post_type":"editorial","post_mime_type":"","comment_count":"0","filter":"raw"}],"autor":"GENDRY-KIM, KEUM SUK","codart":"841889777","libros-coleccion":"RESERVOIR GR\u00c1FICA","ediciones":"1","encuadernacion":"R\u00fastica","fecha_de_publicacion":"01\/01\/2023","novedad":"1","paginas":"252","subtitulo":"","orden":"0","portada":"0","idioma":"spa","autores-libros":[{"ID":161652,"post_author":"3","post_date":"2022-10-14 17:19:57","post_date_gmt":"2022-10-14 15:19:57","post_content":"","post_title":"KEUM SUK GENDRY-KIM","post_excerpt":"","post_status":"publish","comment_status":"closed","ping_status":"closed","post_password":"","post_name":"keum-suk-gendry-kim-2","to_ping":"","pinged":"","post_modified":"2022-10-14 17:19:57","post_modified_gmt":"2022-10-14 15:19:57","post_content_filtered":"","post_parent":0,"guid":"http:\/\/dev.claret.cat\/autor\/keum-suk-gendry-kim-2\/","menu_order":0,"post_type":"autor","post_mime_type":"","comment_count":"0","filter":"raw"}],"booktrailer":"","resenas":""},"aioseo_notices":[],"_links":{"self":[{"href":"https:\/\/www.claret.cat\/es\/wp-json\/wp\/v2\/product\/328064","targetHints":{"allow":["GET"]}}],"collection":[{"href":"https:\/\/www.claret.cat\/es\/wp-json\/wp\/v2\/product"}],"about":[{"href":"https:\/\/www.claret.cat\/es\/wp-json\/wp\/v2\/types\/product"}],"wp:featuredmedia":[{"embeddable":true,"href":"https:\/\/www.claret.cat\/es\/wp-json\/wp\/v2\/media\/328104"}],"wp:attachment":[{"href":"https:\/\/www.claret.cat\/es\/wp-json\/wp\/v2\/media?parent=328064"}],"wp:term":[{"taxonomy":"product_brand","embeddable":true,"href":"https:\/\/www.claret.cat\/es\/wp-json\/wp\/v2\/product_brand?post=328064"},{"taxonomy":"product_cat","embeddable":true,"href":"https:\/\/www.claret.cat\/es\/wp-json\/wp\/v2\/product_cat?post=328064"},{"taxonomy":"product_tag","embeddable":true,"href":"https:\/\/www.claret.cat\/es\/wp-json\/wp\/v2\/product_tag?post=328064"}],"curies":[{"name":"wp","href":"https:\/\/api.w.org\/{rel}","templated":true}]}}

<p>El esperado nuevo libro de la autora de Hierba: la  emocionante historia de las familias separadas tras la división de Corea y la guerra de 1950 Gwija tiene 92 años y vive en Corea del Sur. Tras décadas de espera,  desea reencontrarse con su hijo mayor. Lo perdió de vista en una columna de refugiados, huyendo del norte, mientras amamantaba al bebé que llevaba en brazos. En un encuentro auspiciado por la Cruz Roja, su amiga Jeong-Sun acaba de reunirse con su hermana pequeña después de sesenta y ocho años separadas. Gwija solo desea poder seguir sus pasos en una nueva edición. En 1950, la guerra de Corea separó a familias enteras, que quedaron a  uno y otro lado de una frontera infranqueable. A partir de las entrevistas que Keum Suk Gendry-Kim realizó a varios testimonios (entre ellos, su propia madre), La espera reconstruye el trauma de toda una generación de coreanos, ya casi olvidados, que siguen aguardando un reencuentro. MEJOR CÓMIC DEL AÑO<br />The Washington Post / Forbes / Publishers Weekly PREMIOS<br />Freeman Awards / YALSA Book Award / Cartoonist Studio Prize / Prix BDGest# FINALISTA<br />Harvey Award / LA Times Book Prize La crítica ha dicho&#8230; «La espera es una reflexión conmovedora, dibujada con belleza y  magistralmente contada sobre cómo la Historia se impone con violencia, separa a la gente y deja tantas vidas sin resolver».<br />Joe Sacco «La autora de Hierba obra otro milagro con esta historia  parcialmente autobiográfica de una familia separada por el conflicto&#8230;  Keum Suk lleva al lector al interior de los recovecos más inaccesibles  del corazón humano, lugares que están casi cerrados a la mayoría de los  visitantes; sin embargo, lo hace casi con despreocupación, la economía  descarnada de sus dibujos no busca una respuesta emotiva. Qué talento tiene».<br />The Guardian «Con pinceladas crudas y una magistral estructura narrativa, la autora  logra una combinación ganadora y conmovedora, un retrato de cómo la esperanza sobrevive generación tras generación».<br />The Washington Post «Una obra coral, llena de voces y relatos, vastamente autobiográfica».<br />Télérama «Te romperá el corazón».<br />The Toronto Star <br />«En La espera, Keum Suk Gendry-Kim prosigue su exploración de la  esfera íntima para revisitar la historia de un país perdido en las   ruinas de la Guerra Fría [&#8230;] y las dolorosas consecuencias de su partición<br />L#Humanité «La espera no solo dibuja traumas sino también lo mutable que es  la Historia. Gendry-Kim sugiere que nada es fijo, solo nos conocemos a  nosotros mismos a partir de la información parcial que se nos ha permitido tener».<br />Los Angeles Times «La espera es un verdadero logro, tanto gráfico como narrativo, que merecerá ser estudiado».<br />ActuaBD «Con pinceladas gruesas en blanco y negro y un vocabulario visual que se  sitúa en algún lugar entre el cómic de estilo occidental y  el manwa,  Gendry-Kim evoca la distancia emocional de los personajes atrapados por la historia.»<br />Forbes</p>

RESERVOIR GRÁFICA

Rústica
