{"id":328454,"date":"2023-01-10T19:35:16","date_gmt":"2023-01-10T18:35:16","guid":{"rendered":"https:\/\/www.claret.cat\/llibre\/fora-de-joc-a-montserrat-9788419107374\/"},"modified":"2024-04-11T11:40:07","modified_gmt":"2024-04-11T09:40:07","slug":"fora-de-joc-a-montserrat-9788419107374","status":"publish","type":"product","link":"https:\/\/www.claret.cat\/es\/libro\/fora-de-joc-a-montserrat-9788419107374\/","title":{"rendered":"FORA DE JOC A MONTSERRAT"},"content":{"rendered":"<p>L&#8217;abadia de Montserrat, despr\u00e9s de la pand\u00e8mia, impulsa activitats culturals per reactivar-ne les visites i l&#8217;Oriol Comas i Coma ho aprofita per organitzar-hi el Ludoc\u00e0non, una trobada internacional d&#8217;experts en jocs de taula amb l&#8217;objectiu de triar els cent millors jocs de la hist\u00f2ria. Per\u00f2 al vespre del primer dia, un monjo apareix penjat. El Comas, ajudat per la seva inseparable neboda Sol, aviat relaciona la mort amb altres decessos recents de monjos que semblaven accidentals. I, pitjor encara, la Sol i el seu n\u00f2vio boomer, el periodista Garota que havia treballat de cap de premsa al Grup 69, comencen a trobar indicis que els crims guarden relaci\u00f3 amb uns fets succe\u00efts anys enrere a l&#8217;Escolania.<br \/> El sentit de l&#8217;humor i l&#8217;enginy de M\u00e0rius Serra s&#8217;infiltren per una trama que salta vertiginosament del m\u00f3n hiperconnectat d&#8217;avui a l&#8217;ecosistema gaireb\u00e9 a\u00efllat de l&#8217;Escolania de fa mig segle. Amb di\u00e0legs plens de carisma, situacions hilarants, jocs antics i moderns i una narraci\u00f3 tenyida pel xoc generacional, Fora de joc a Montserrat porta la intriga ludocriminal a un dels indrets m\u00e9s ic\u00f2nics \u2014i alhora misteriosos\u2014 de Catalunya<\/p>\n","protected":false},"excerpt":{"rendered":"<p>SERRA, M\u00c0RIUS<\/p>\n","protected":false},"featured_media":374671,"template":"","meta":{"_acf_changed":false,"om_disable_all_campaigns":false,"rs_blank_template":"","rs_page_bg_color":"","slide_template_v7":"","inline_featured_image":false,"_monsterinsights_skip_tracking":false,"_monsterinsights_sitenote_active":false,"_monsterinsights_sitenote_note":"","_monsterinsights_sitenote_category":0},"product_brand":[],"product_cat":[127,357],"product_tag":[],"class_list":{"0":"post-328454","1":"product","2":"type-product","3":"status-publish","4":"has-post-thumbnail","6":"product_cat-novella-contemporania","7":"product_cat-novela-contemporanea","9":"first","10":"instock","11":"taxable","12":"shipping-taxable","13":"purchasable","14":"product-type-simple"},"acf":{"editorial":[{"ID":6281,"post_author":"3","post_date":"2022-07-28 17:48:50","post_date_gmt":"2022-07-28 15:48:50","post_content":"","post_title":"LABUTXACA","post_excerpt":"","post_status":"publish","comment_status":"closed","ping_status":"closed","post_password":"","post_name":"labutxaca","to_ping":"","pinged":"","post_modified":"2022-07-28 17:48:50","post_modified_gmt":"2022-07-28 15:48:50","post_content_filtered":"","post_parent":0,"guid":"http:\/\/dev.claret.cat\/editorial\/labutxaca\/","menu_order":0,"post_type":"editorial","post_mime_type":"","comment_count":"0","filter":"raw"}],"autor":"SERRA, M\u00c0RIUS","codart":"841910737","libros-coleccion":"LABUTXACA","ediciones":"1","encuadernacion":"R\u00fastica","fecha_de_publicacion":"01\/01\/2023","novedad":"1","paginas":"288","subtitulo":"S\u00c8RIE COMAS I COMA","orden":"0","portada":"0","idioma":"cat","autores-libros":[{"ID":164048,"post_author":"3","post_date":"2022-10-14 17:43:56","post_date_gmt":"2022-10-14 15:43:56","post_content":"","post_title":"MARIUS SERRA","post_excerpt":"","post_status":"publish","comment_status":"closed","ping_status":"closed","post_password":"","post_name":"marius-serra","to_ping":"","pinged":"","post_modified":"2022-10-14 17:43:56","post_modified_gmt":"2022-10-14 15:43:56","post_content_filtered":"","post_parent":0,"guid":"http:\/\/dev.claret.cat\/autor\/marius-serra\/","menu_order":0,"post_type":"autor","post_mime_type":"","comment_count":"0","filter":"raw"}]},"aioseo_notices":[],"_links":{"self":[{"href":"https:\/\/www.claret.cat\/es\/wp-json\/wp\/v2\/product\/328454","targetHints":{"allow":["GET"]}}],"collection":[{"href":"https:\/\/www.claret.cat\/es\/wp-json\/wp\/v2\/product"}],"about":[{"href":"https:\/\/www.claret.cat\/es\/wp-json\/wp\/v2\/types\/product"}],"wp:featuredmedia":[{"embeddable":true,"href":"https:\/\/www.claret.cat\/es\/wp-json\/wp\/v2\/media\/374671"}],"wp:attachment":[{"href":"https:\/\/www.claret.cat\/es\/wp-json\/wp\/v2\/media?parent=328454"}],"wp:term":[{"taxonomy":"product_brand","embeddable":true,"href":"https:\/\/www.claret.cat\/es\/wp-json\/wp\/v2\/product_brand?post=328454"},{"taxonomy":"product_cat","embeddable":true,"href":"https:\/\/www.claret.cat\/es\/wp-json\/wp\/v2\/product_cat?post=328454"},{"taxonomy":"product_tag","embeddable":true,"href":"https:\/\/www.claret.cat\/es\/wp-json\/wp\/v2\/product_tag?post=328454"}],"curies":[{"name":"wp","href":"https:\/\/api.w.org\/{rel}","templated":true}]}}

<p>L&#8217;abadia de Montserrat, després de la pandèmia, impulsa activitats culturals per reactivar-ne les visites i l&#8217;Oriol Comas i Coma ho aprofita per organitzar-hi el Ludocànon, una trobada internacional d&#8217;experts en jocs de taula amb l&#8217;objectiu de triar els cent millors jocs de la història. Però al vespre del primer dia, un monjo apareix penjat. El Comas, ajudat per la seva inseparable neboda Sol, aviat relaciona la mort amb altres decessos recents de monjos que semblaven accidentals. I, pitjor encara, la Sol i el seu nòvio boomer, el periodista Garota que havia treballat de cap de premsa al Grup 69, comencen a trobar indicis que els crims guarden relació amb uns fets succeïts anys enrere a l&#8217;Escolania.<br /> El sentit de l&#8217;humor i l&#8217;enginy de Màrius Serra s&#8217;infiltren per una trama que salta vertiginosament del món hiperconnectat d&#8217;avui a l&#8217;ecosistema gairebé aïllat de l&#8217;Escolania de fa mig segle. Amb diàlegs plens de carisma, situacions hilarants, jocs antics i moderns i una narració tenyida pel xoc generacional, Fora de joc a Montserrat porta la intriga ludocriminal a un dels indrets més icònics —i alhora misteriosos— de Catalunya</p>

<p>SERRA, MÀRIUS</p>

SERRA, MÀRIUS

Rústica

SÈRIE COMAS I COMA
