{"id":334279,"date":"2023-01-12T22:01:00","date_gmt":"2023-01-12T21:01:00","guid":{"rendered":"https:\/\/www.claret.cat\/llibre\/el-album-de-navidad-9788428529785\/"},"modified":"2024-05-02T11:22:50","modified_gmt":"2024-05-02T09:22:50","slug":"el-album-de-navidad-9788428529785","status":"publish","type":"product","link":"https:\/\/www.claret.cat\/es\/libro\/el-album-de-navidad-9788428529785\/","title":{"rendered":"EL \u00c1LBUM DE NAVIDAD"},"content":{"rendered":"<p>Este \u00ab\u00e1lbum de la Navidad\u00bb se presenta ahora en estuche-caja de regalo, con cuentos y actividades para que los ni\u00f1os descubran y vivan la historia de la Navidad y el nacimiento de Jes\u00fas, y conozcan nuestras tradiciones y costumbres.<br \/>&#8211; Cuentos con la historia de la Navidad: Algo se trama en el cielo, Dios necesita una mam\u00e1, Siguiendo una estrella, De camino a Bel\u00e9n, \u00a1Dios nos ha nacido! y Llegan a Bel\u00e9n los Reyes Magos.<br \/>&#8211; Saber m\u00e1s: C\u00f3mo era la vida en Palestina, qui\u00e9nes eran los Reyes Magos, qui\u00e9nes son los \u00e1ngeles&#8230; P\u00e1ginas relacionadas con los cuentos para que los ni\u00f1os conozcan mejor la Navidad.<br \/>&#8211; Nuestras tradiciones: El \u00e1rbol de Navidad, las comidas familiares, el Bel\u00e9n, la misa del Gallo, Pap\u00e1 Noel, los Reyes Magos, el Olentzero\u2026 <br \/>&#8211; Actividades navide\u00f1as: Aprender villancicos, preparar postres t\u00edpicos, montar el Bel\u00e9n, escribir la carta a los Reyes Magos\u2026<br \/>&#8211; Un CD con seis de los villancicos m\u00e1s populares.<br \/>&#8211; Un Bel\u00e9n recortable con sus principales figuras.<br \/>La introducci\u00f3n y las claves para su lectura ayudar\u00e1n a ni\u00f1os y adultos a disfrutar al m\u00e1ximo de todas las actividades que incluye este libro.<\/p>\n","protected":false},"excerpt":{"rendered":"<p>MANERO, ELIA; GARC\u00cdA, MIGUEL A.; CRUZ, PILAR DE LA<\/p>\n","protected":false},"featured_media":0,"template":"","meta":{"_acf_changed":false,"om_disable_all_campaigns":false,"rs_blank_template":"","rs_page_bg_color":"","slide_template_v7":"","inline_featured_image":false,"_monsterinsights_skip_tracking":false,"_monsterinsights_sitenote_active":false,"_monsterinsights_sitenote_note":"","_monsterinsights_sitenote_category":0},"product_brand":[],"product_cat":[90,540],"product_tag":[],"class_list":{"0":"post-334279","1":"product","2":"type-product","3":"status-publish","5":"product_cat-altres","6":"product_cat-otros","8":"first","9":"outofstock","10":"taxable","11":"shipping-taxable","12":"purchasable","13":"product-type-simple"},"acf":{"editorial":[{"ID":6356,"post_author":"3","post_date":"2022-07-28 17:50:26","post_date_gmt":"2022-07-28 15:50:26","post_content":"","post_title":"SAN PABLO COMUNICACI\u00d3N","post_excerpt":"","post_status":"publish","comment_status":"closed","ping_status":"closed","post_password":"","post_name":"san-pablo-comunicacion","to_ping":"","pinged":"","post_modified":"2022-07-28 17:50:26","post_modified_gmt":"2022-07-28 15:50:26","post_content_filtered":"","post_parent":0,"guid":"http:\/\/dev.claret.cat\/editorial\/san-pablo-comunicacion\/","menu_order":0,"post_type":"editorial","post_mime_type":"","comment_count":"0","filter":"raw"}],"autores-libros":[{"ID":284163,"post_author":"3","post_date":"2022-12-10 02:04:53","post_date_gmt":"2022-12-10 01:04:53","post_content":"","post_title":"ELIA MANERO","post_excerpt":"","post_status":"publish","comment_status":"closed","ping_status":"closed","post_password":"","post_name":"elia-manero","to_ping":"","pinged":"","post_modified":"2022-12-10 02:04:53","post_modified_gmt":"2022-12-10 01:04:53","post_content_filtered":"","post_parent":0,"guid":"http:\/\/dev.claret.cat\/autor\/elia-manero\/","menu_order":0,"post_type":"autor","post_mime_type":"","comment_count":"0","filter":"raw"},{"ID":284164,"post_author":"3","post_date":"2022-12-10 02:04:54","post_date_gmt":"2022-12-10 01:04:54","post_content":"","post_title":"MIGUEL A. GARC\u00cdA","post_excerpt":"","post_status":"publish","comment_status":"closed","ping_status":"closed","post_password":"","post_name":"miguel-a-garcia","to_ping":"","pinged":"","post_modified":"2022-12-10 02:04:54","post_modified_gmt":"2022-12-10 01:04:54","post_content_filtered":"","post_parent":0,"guid":"http:\/\/dev.claret.cat\/autor\/miguel-a-garcia\/","menu_order":0,"post_type":"autor","post_mime_type":"","comment_count":"0","filter":"raw"},{"ID":284165,"post_author":"3","post_date":"2022-12-10 02:04:56","post_date_gmt":"2022-12-10 01:04:56","post_content":"","post_title":"PILAR DE LA CRUZ","post_excerpt":"","post_status":"publish","comment_status":"closed","ping_status":"closed","post_password":"","post_name":"pilar-de-la-cruz","to_ping":"","pinged":"","post_modified":"2022-12-10 02:04:56","post_modified_gmt":"2022-12-10 01:04:56","post_content_filtered":"","post_parent":0,"guid":"http:\/\/dev.claret.cat\/autor\/pilar-de-la-cruz\/","menu_order":0,"post_type":"autor","post_mime_type":"","comment_count":"0","filter":"raw"}],"autor":"MANERO, ELIA; GARC\u00cdA, MIGUEL A.; CRUZ, PILAR DE LA","codart":"842852978","libros-coleccion":"Mis primeros libros","ediciones":"1","encuadernacion":"R\u00fastica","fecha_de_publicacion":"15\/10\/2007","novedad":"0","paginas":"88","subtitulo":"","orden":"1","portada":"0","idioma":"spa"},"aioseo_notices":[],"_links":{"self":[{"href":"https:\/\/www.claret.cat\/es\/wp-json\/wp\/v2\/product\/334279","targetHints":{"allow":["GET"]}}],"collection":[{"href":"https:\/\/www.claret.cat\/es\/wp-json\/wp\/v2\/product"}],"about":[{"href":"https:\/\/www.claret.cat\/es\/wp-json\/wp\/v2\/types\/product"}],"wp:attachment":[{"href":"https:\/\/www.claret.cat\/es\/wp-json\/wp\/v2\/media?parent=334279"}],"wp:term":[{"taxonomy":"product_brand","embeddable":true,"href":"https:\/\/www.claret.cat\/es\/wp-json\/wp\/v2\/product_brand?post=334279"},{"taxonomy":"product_cat","embeddable":true,"href":"https:\/\/www.claret.cat\/es\/wp-json\/wp\/v2\/product_cat?post=334279"},{"taxonomy":"product_tag","embeddable":true,"href":"https:\/\/www.claret.cat\/es\/wp-json\/wp\/v2\/product_tag?post=334279"}],"curies":[{"name":"wp","href":"https:\/\/api.w.org\/{rel}","templated":true}]}}

EL ÁLBUM DE NAVIDAD

<p>Este «álbum de la Navidad» se presenta ahora en estuche-caja de regalo, con cuentos y actividades para que los niños descubran y vivan la historia de la Navidad y el nacimiento de Jesús, y conozcan nuestras tradiciones y costumbres.<br />&#8211; Cuentos con la historia de la Navidad: Algo se trama en el cielo, Dios necesita una mamá, Siguiendo una estrella, De camino a Belén, ¡Dios nos ha nacido! y Llegan a Belén los Reyes Magos.<br />&#8211; Saber más: Cómo era la vida en Palestina, quiénes eran los Reyes Magos, quiénes son los ángeles&#8230; Páginas relacionadas con los cuentos para que los niños conozcan mejor la Navidad.<br />&#8211; Nuestras tradiciones: El árbol de Navidad, las comidas familiares, el Belén, la misa del Gallo, Papá Noel, los Reyes Magos, el Olentzero… <br />&#8211; Actividades navideñas: Aprender villancicos, preparar postres típicos, montar el Belén, escribir la carta a los Reyes Magos…<br />&#8211; Un CD con seis de los villancicos más populares.<br />&#8211; Un Belén recortable con sus principales figuras.<br />La introducción y las claves para su lectura ayudarán a niños y adultos a disfrutar al máximo de todas las actividades que incluye este libro.</p>

<p>MANERO, ELIA; GARCÍA, MIGUEL A.; CRUZ, PILAR DE LA</p>

SAN PABLO COMUNICACIÓN

MIGUEL A. GARCÍA

MANERO, ELIA; GARCÍA, MIGUEL A.; CRUZ, PILAR DE LA

Rústica
