{"id":334288,"date":"2023-01-12T22:06:09","date_gmt":"2023-01-12T21:06:09","guid":{"rendered":"https:\/\/www.claret.cat\/llibre\/los-origenes-del-hombre-y-la-evolucion-cultural-9788428530538\/"},"modified":"2024-05-02T11:19:46","modified_gmt":"2024-05-02T09:19:46","slug":"los-origenes-del-hombre-y-la-evolucion-cultural-9788428530538","status":"publish","type":"product","link":"https:\/\/www.claret.cat\/es\/libro\/los-origenes-del-hombre-y-la-evolucion-cultural-9788428530538\/","title":{"rendered":"LOS OR\u00cdGENES DEL HOMBRE Y LA EVOLUCI\u00d3N CULTURAL"},"content":{"rendered":"<p>La historia del hombre es siempre una historia extraordinaria de narrar. Nos apasiona, porque es nuestra historia, pero tambi\u00e9n porque es la historia de un cambio de estado: la materia inerte que se hizo parte viviente de la tierra hace cuatro mil millones de a\u00f1os, se hace aqu\u00ed pensante, tres millones de a\u00f1os atr\u00e1s, y el hombre se encuentra a s\u00ed mismo como recept\u00e1culo \u00fanico de esa transformaci\u00f3n. A su historia natural se agrega as\u00ed una peculiar historia cultural, al mismo tiempo cognitiva, intelectual y espiritual, en la que libertad y responsabilidad se entrelazan de manera parad\u00f3jica.<br \/>El autor, el prestigioso antrop\u00f3logo y paleont\u00f3logo Fiorenzo Facchini, cuenta de forma brillante y elegante esta historia de nuestro ascenso del mundo animal al mundo del hombre, poderoso pero humilde y digno a trav\u00e9s de su hominizaci\u00f3n y de su humanizaci\u00f3n progresiva y sucesiva. Ha sabido mostrar que nuestra historia natural no era en absoluto reductora, que no hac\u00eda m\u00e1s que preparar nuestra historia cultural y espiritual. Se puede afirmar que esta es, verdaderamente, la historia m\u00e1s hermosa del mundo.<br \/>El libro incluye un rico conjunto de im\u00e1genes y fotograf\u00edas que ayudan a comprender mejor los or\u00edgenes del hombre y su evoluci\u00f3n.<\/p>\n","protected":false},"excerpt":{"rendered":"<p>FACCHINI, FIORENZO<\/p>\n","protected":false},"featured_media":0,"template":"","meta":{"_acf_changed":false,"om_disable_all_campaigns":false,"rs_blank_template":"","rs_page_bg_color":"","slide_template_v7":"","inline_featured_image":false,"_monsterinsights_skip_tracking":false,"_monsterinsights_sitenote_active":false,"_monsterinsights_sitenote_note":"","_monsterinsights_sitenote_category":0},"product_brand":[],"product_cat":[375,174,147,426,160,371],"product_tag":[],"class_list":{"0":"post-334288","1":"product","2":"type-product","3":"status-publish","5":"product_cat-antropologia-filosofia-2_humanidades","6":"product_cat-antropologia","7":"product_cat-prehistoria","8":"product_cat-prehistoria-historia-2_humanidades","9":"product_cat-teoria-i-models","10":"product_cat-teoria-y-modelos","12":"first","13":"instock","14":"taxable","15":"shipping-taxable","16":"purchasable","17":"product-type-simple"},"acf":{"editorial":[{"ID":6356,"post_author":"3","post_date":"2022-07-28 17:50:26","post_date_gmt":"2022-07-28 15:50:26","post_content":"","post_title":"SAN PABLO COMUNICACI\u00d3N","post_excerpt":"","post_status":"publish","comment_status":"closed","ping_status":"closed","post_password":"","post_name":"san-pablo-comunicacion","to_ping":"","pinged":"","post_modified":"2022-07-28 17:50:26","post_modified_gmt":"2022-07-28 15:50:26","post_content_filtered":"","post_parent":0,"guid":"http:\/\/dev.claret.cat\/editorial\/san-pablo-comunicacion\/","menu_order":0,"post_type":"editorial","post_mime_type":"","comment_count":"0","filter":"raw"}],"autores-libros":[{"ID":284228,"post_author":"3","post_date":"2022-12-10 02:10:51","post_date_gmt":"2022-12-10 01:10:51","post_content":"","post_title":"FIORENZO FACCHINI","post_excerpt":"","post_status":"publish","comment_status":"closed","ping_status":"closed","post_password":"","post_name":"fiorenzo-facchini","to_ping":"","pinged":"","post_modified":"2022-12-10 02:10:51","post_modified_gmt":"2022-12-10 01:10:51","post_content_filtered":"","post_parent":0,"guid":"http:\/\/dev.claret.cat\/autor\/fiorenzo-facchini\/","menu_order":0,"post_type":"autor","post_mime_type":"","comment_count":"0","filter":"raw"}],"autor":"FACCHINI, FIORENZO","codart":"842853053","libros-coleccion":"Nueva Imagen","ediciones":"1","encuadernacion":"Carton\u00e9","fecha_de_publicacion":"26\/04\/2007","novedad":"0","paginas":"242","subtitulo":"","orden":"1","portada":"0","idioma":"spa"},"aioseo_notices":[],"_links":{"self":[{"href":"https:\/\/www.claret.cat\/es\/wp-json\/wp\/v2\/product\/334288","targetHints":{"allow":["GET"]}}],"collection":[{"href":"https:\/\/www.claret.cat\/es\/wp-json\/wp\/v2\/product"}],"about":[{"href":"https:\/\/www.claret.cat\/es\/wp-json\/wp\/v2\/types\/product"}],"wp:attachment":[{"href":"https:\/\/www.claret.cat\/es\/wp-json\/wp\/v2\/media?parent=334288"}],"wp:term":[{"taxonomy":"product_brand","embeddable":true,"href":"https:\/\/www.claret.cat\/es\/wp-json\/wp\/v2\/product_brand?post=334288"},{"taxonomy":"product_cat","embeddable":true,"href":"https:\/\/www.claret.cat\/es\/wp-json\/wp\/v2\/product_cat?post=334288"},{"taxonomy":"product_tag","embeddable":true,"href":"https:\/\/www.claret.cat\/es\/wp-json\/wp\/v2\/product_tag?post=334288"}],"curies":[{"name":"wp","href":"https:\/\/api.w.org\/{rel}","templated":true}]}}

LOS ORÍGENES DEL HOMBRE Y LA EVOLUCIÓN CULTURAL

<p>La historia del hombre es siempre una historia extraordinaria de narrar. Nos apasiona, porque es nuestra historia, pero también porque es la historia de un cambio de estado: la materia inerte que se hizo parte viviente de la tierra hace cuatro mil millones de años, se hace aquí pensante, tres millones de años atrás, y el hombre se encuentra a sí mismo como receptáculo único de esa transformación. A su historia natural se agrega así una peculiar historia cultural, al mismo tiempo cognitiva, intelectual y espiritual, en la que libertad y responsabilidad se entrelazan de manera paradójica.<br />El autor, el prestigioso antropólogo y paleontólogo Fiorenzo Facchini, cuenta de forma brillante y elegante esta historia de nuestro ascenso del mundo animal al mundo del hombre, poderoso pero humilde y digno a través de su hominización y de su humanización progresiva y sucesiva. Ha sabido mostrar que nuestra historia natural no era en absoluto reductora, que no hacía más que preparar nuestra historia cultural y espiritual. Se puede afirmar que esta es, verdaderamente, la historia más hermosa del mundo.<br />El libro incluye un rico conjunto de imágenes y fotografías que ayudan a comprender mejor los orígenes del hombre y su evolución.</p>

SAN PABLO COMUNICACIÓN

Cartoné
