{"id":337090,"date":"2023-01-13T03:01:25","date_gmt":"2023-01-13T02:01:25","guid":{"rendered":"https:\/\/www.claret.cat\/llibre\/la-pasion-paso-a-paso-9788428819831\/"},"modified":"2024-05-02T07:14:10","modified_gmt":"2024-05-02T05:14:10","slug":"la-pasion-paso-a-paso-9788428819831","status":"publish","type":"product","link":"https:\/\/www.claret.cat\/es\/libro\/la-pasion-paso-a-paso-9788428819831\/","title":{"rendered":"LA PASI\u00d3N PASO A PASO"},"content":{"rendered":"<p>El acierto de PPC al publicar un plan de formaci\u00f3n b\u00e1sica para las Hermandades y Cofrad\u00edas alcanza continuidad ahora con La Pasi\u00f3n paso a paso. Andamos m\u00e1s bien escasos, todav\u00eda, de procesos formativos ,<br \/>para el conjunto de los cofrades, aunque constituyen uno de los colectivos eclesia\u00adles m\u00e1s numerosos y arraigados de nues\u00adtras iglesias locales.<br \/>La piedad popular, cuya mayor y m\u00e1s ajustada valoraci\u00f3n se va abriendo paso en la comunidad eclesial, necesita imprescindiblemente de un acompa\u00f1amiento que afiance su car\u00e1cter evangelizador, mos\u00adtrando a los hermanos la bondad de Dios y la belleza de la Redenci\u00f3n de Cristo. Toda la riqueza de nuestras costumbres y tra\u00addiciones religiosas puede y debe ser re\u00adnovada a la luz del Evangelio, seg\u00fan su propia naturaleza y atendiendo a los di\u00adversos modos, tiempos, circunstancias y lugares: el poder de convocatoria y encuentro que tienen los santuarios, desde los m\u00e1s grandes a los mas pe\u00adque\u00f1os, la multitudinaria acogida de las procesiones, el arraigo de las cos\u00adtumbres navide\u00f1as, cuaresmales y pasionistas, e incluso eucar\u00edsticas, rela\u00adcionadas con la fiesta del Corpus&#8230;, pasando por el culto a la memoria de los difuntos, para llegar a la santificaci\u00f3n de lugares mar\u00edtimos o monta\u00f1osos, rurales o urbanos&#8230;, no pueden ser entendidos como mera expresi\u00f3n de costumbrismo.<\/p>\n","protected":false},"excerpt":{"rendered":"<p>AMEZCUA, MANUEL<\/p>\n","protected":false},"featured_media":0,"template":"","meta":{"_acf_changed":false,"om_disable_all_campaigns":false,"rs_blank_template":"","rs_page_bg_color":"","slide_template_v7":"","inline_featured_image":false,"_monsterinsights_skip_tracking":false,"_monsterinsights_sitenote_active":false,"_monsterinsights_sitenote_note":"","_monsterinsights_sitenote_category":0},"product_brand":[],"product_cat":[496,246,410,272],"product_tag":[],"class_list":{"0":"post-337090","1":"product","2":"type-product","3":"status-publish","5":"product_cat-devocionarios","6":"product_cat-devocionaris","7":"product_cat-especiales","8":"product_cat-especials","10":"first","11":"instock","12":"taxable","13":"shipping-taxable","14":"purchasable","15":"product-type-simple"},"acf":{"editorial":[{"ID":6335,"post_author":"3","post_date":"2022-07-28 17:49:59","post_date_gmt":"2022-07-28 15:49:59","post_content":"","post_title":"PPC altres","post_excerpt":"","post_status":"publish","comment_status":"closed","ping_status":"closed","post_password":"","post_name":"ppc-altres","to_ping":"","pinged":"","post_modified":"2022-07-28 17:49:59","post_modified_gmt":"2022-07-28 15:49:59","post_content_filtered":"","post_parent":0,"guid":"http:\/\/dev.claret.cat\/editorial\/ppc-altres\/","menu_order":0,"post_type":"editorial","post_mime_type":"","comment_count":"0","filter":"raw"}],"autores-libros":[{"ID":287641,"post_author":"3","post_date":"2022-12-10 05:50:18","post_date_gmt":"2022-12-10 04:50:18","post_content":"","post_title":"MANUEL AMEZCUA","post_excerpt":"","post_status":"publish","comment_status":"closed","ping_status":"closed","post_password":"","post_name":"manuel-amezcua","to_ping":"","pinged":"","post_modified":"2022-12-10 05:50:18","post_modified_gmt":"2022-12-10 04:50:18","post_content_filtered":"","post_parent":0,"guid":"http:\/\/dev.claret.cat\/autor\/manuel-amezcua\/","menu_order":0,"post_type":"autor","post_mime_type":"","comment_count":"0","filter":"raw"}],"autor":"AMEZCUA, MANUEL","codart":"842881983","libros-coleccion":"","ediciones":"1","encuadernacion":"R\u00fastica","fecha_de_publicacion":"27\/02\/2006","novedad":"0","paginas":"160","subtitulo":"","orden":"999","portada":"0","idioma":"spa"},"aioseo_notices":[],"_links":{"self":[{"href":"https:\/\/www.claret.cat\/es\/wp-json\/wp\/v2\/product\/337090","targetHints":{"allow":["GET"]}}],"collection":[{"href":"https:\/\/www.claret.cat\/es\/wp-json\/wp\/v2\/product"}],"about":[{"href":"https:\/\/www.claret.cat\/es\/wp-json\/wp\/v2\/types\/product"}],"wp:attachment":[{"href":"https:\/\/www.claret.cat\/es\/wp-json\/wp\/v2\/media?parent=337090"}],"wp:term":[{"taxonomy":"product_brand","embeddable":true,"href":"https:\/\/www.claret.cat\/es\/wp-json\/wp\/v2\/product_brand?post=337090"},{"taxonomy":"product_cat","embeddable":true,"href":"https:\/\/www.claret.cat\/es\/wp-json\/wp\/v2\/product_cat?post=337090"},{"taxonomy":"product_tag","embeddable":true,"href":"https:\/\/www.claret.cat\/es\/wp-json\/wp\/v2\/product_tag?post=337090"}],"curies":[{"name":"wp","href":"https:\/\/api.w.org\/{rel}","templated":true}]}}

LA PASIÓN PASO A PASO

<p>El acierto de PPC al publicar un plan de formación básica para las Hermandades y Cofradías alcanza continuidad ahora con La Pasión paso a paso. Andamos más bien escasos, todavía, de procesos formativos ,<br />para el conjunto de los cofrades, aunque constituyen uno de los colectivos eclesia­les más numerosos y arraigados de nues­tras iglesias locales.<br />La piedad popular, cuya mayor y más ajustada valoración se va abriendo paso en la comunidad eclesial, necesita imprescindiblemente de un acompañamiento que afiance su carácter evangelizador, mos­trando a los hermanos la bondad de Dios y la belleza de la Redención de Cristo. Toda la riqueza de nuestras costumbres y tra­diciones religiosas puede y debe ser re­novada a la luz del Evangelio, según su propia naturaleza y atendiendo a los di­versos modos, tiempos, circunstancias y lugares: el poder de convocatoria y encuentro que tienen los santuarios, desde los más grandes a los mas pe­queños, la multitudinaria acogida de las procesiones, el arraigo de las cos­tumbres navideñas, cuaresmales y pasionistas, e incluso eucarísticas, rela­cionadas con la fiesta del Corpus&#8230;, pasando por el culto a la memoria de los difuntos, para llegar a la santificación de lugares marítimos o montañosos, rurales o urbanos&#8230;, no pueden ser entendidos como mera expresión de costumbrismo.</p>

Rústica
