{"id":339044,"date":"2023-01-13T07:02:38","date_gmt":"2023-01-13T06:02:38","guid":{"rendered":"https:\/\/www.claret.cat\/llibre\/reconciliarse-con-la-propia-sombra-el-lado-oscuro-de-la-persona-9788429313048\/"},"modified":"2025-09-01T11:20:38","modified_gmt":"2025-09-01T09:20:38","slug":"reconciliarse-con-la-propia-sombra-el-lado-oscuro-de-la-persona-9788429313048","status":"publish","type":"product","link":"https:\/\/www.claret.cat\/es\/libro\/reconciliarse-con-la-propia-sombra-el-lado-oscuro-de-la-persona-9788429313048\/","title":{"rendered":"RECONCILIARSE CON LA PROPIA SOMBRA &#8211; EL LADO OSCURO DE LA PERSONA"},"content":{"rendered":"<p>&#8216;La sombra es todo lo que hemos arrojado al inconsciente por temor a ser rechazados por las personas que desempe\u00f1aron un papel determinante en nuestra educaci\u00f3n&#8217;, dice el autor.<\/p>\n<p>\u00bfQui\u00e9n no ha rechazado nunca actitudes espont\u00e1neas con el fin de asegurarse la aprobaci\u00f3n de su pr\u00f3jimo? Todos poseemos ese lado oculto de nuestra personalidad llamado \u00absombra\u00bb. Si no tomamos conciencia de ella, nos arriesgamos a ver c\u00f3mo aflora a nuestras espaldas, ser vuelve contra nosotros mismos y nos crea toda clase de dificultades de orden psicol\u00f3gico y social. La sombra ignorada puede causar estados depresivos y antipat\u00edas obsesivas. Por el contrario, si este lado rechazado y mal amado de nosotros mismos es reconocido e integrado, favorecer\u00e1 el equilibrio psicol\u00f3gico y espiritual de nuestra personalidad. El conocimiento y la reconciliaci\u00f3n con nuestra sombra constituyen, pues, las condiciones necesarias para la realizaci\u00f3n y la autoestima y, por consiguiente, para el mantenimiento de relaciones humanas sanas.<\/p>\n<p>Reconciliarse con la propia sombra nos propone descubrir e integrar este oscuro tesoro interior para que llegue a ser una fuerza creadora en nosotros y una aliada. Para ello, el autor ha recurrido a numerosas ilustraciones, historias y ejercicios pr\u00e1cticos.<\/p>\n","protected":false},"excerpt":{"rendered":"<p>MONBOURQUETTE, JEAN<\/p>\n","protected":false},"featured_media":987501,"template":"","meta":{"_acf_changed":false,"om_disable_all_campaigns":false,"rs_blank_template":"","rs_page_bg_color":"","slide_template_v7":"","inline_featured_image":false,"_monsterinsights_skip_tracking":false,"_monsterinsights_sitenote_active":false,"_monsterinsights_sitenote_note":"","_monsterinsights_sitenote_category":0},"product_brand":[],"product_cat":[81,347],"product_tag":[],"class_list":{"0":"post-339044","1":"product","2":"type-product","3":"status-publish","4":"has-post-thumbnail","6":"product_cat-psicologia","7":"product_cat-psicologia-2_humanidades","9":"first","10":"instock","11":"taxable","12":"shipping-taxable","13":"purchasable","14":"product-type-simple"},"acf":{"editorial":[{"ID":6351,"post_author":"3","post_date":"2022-07-28 17:50:19","post_date_gmt":"2022-07-28 15:50:19","post_content":"","post_title":"Sal Terrae","post_excerpt":"","post_status":"publish","comment_status":"closed","ping_status":"closed","post_password":"","post_name":"sal-terrae","to_ping":"","pinged":"","post_modified":"2022-07-28 17:50:19","post_modified_gmt":"2022-07-28 15:50:19","post_content_filtered":"","post_parent":0,"guid":"http:\/\/dev.claret.cat\/editorial\/sal-terrae\/","menu_order":0,"post_type":"editorial","post_mime_type":"","comment_count":"0","filter":"raw"}],"autores-libros":[{"ID":289628,"post_author":"3","post_date":"2022-12-10 10:40:40","post_date_gmt":"2022-12-10 09:40:40","post_content":"","post_title":"JEAN MONBOURQUETTE","post_excerpt":"","post_status":"publish","comment_status":"closed","ping_status":"closed","post_password":"","post_name":"jean-monbourquette","to_ping":"","pinged":"","post_modified":"2022-12-10 10:40:40","post_modified_gmt":"2022-12-10 09:40:40","post_content_filtered":"","post_parent":0,"guid":"http:\/\/dev.claret.cat\/autor\/jean-monbourquette\/","menu_order":0,"post_type":"autor","post_mime_type":"","comment_count":"0","filter":"raw"}],"autor":"MONBOURQUETTE, JEAN","codart":"842931304","libros-coleccion":"FORA DE COL.LECCI\u00d3","ediciones":"1","encuadernacion":"R\u00fastica","fecha_de_publicacion":"01\/06\/1999","novedad":"0","paginas":"152","subtitulo":"","orden":"999","portada":"0","idioma":"spa","booktrailer":"","resenas":""},"aioseo_notices":[],"_links":{"self":[{"href":"https:\/\/www.claret.cat\/es\/wp-json\/wp\/v2\/product\/339044","targetHints":{"allow":["GET"]}}],"collection":[{"href":"https:\/\/www.claret.cat\/es\/wp-json\/wp\/v2\/product"}],"about":[{"href":"https:\/\/www.claret.cat\/es\/wp-json\/wp\/v2\/types\/product"}],"wp:featuredmedia":[{"embeddable":true,"href":"https:\/\/www.claret.cat\/es\/wp-json\/wp\/v2\/media\/987501"}],"wp:attachment":[{"href":"https:\/\/www.claret.cat\/es\/wp-json\/wp\/v2\/media?parent=339044"}],"wp:term":[{"taxonomy":"product_brand","embeddable":true,"href":"https:\/\/www.claret.cat\/es\/wp-json\/wp\/v2\/product_brand?post=339044"},{"taxonomy":"product_cat","embeddable":true,"href":"https:\/\/www.claret.cat\/es\/wp-json\/wp\/v2\/product_cat?post=339044"},{"taxonomy":"product_tag","embeddable":true,"href":"https:\/\/www.claret.cat\/es\/wp-json\/wp\/v2\/product_tag?post=339044"}],"curies":[{"name":"wp","href":"https:\/\/api.w.org\/{rel}","templated":true}]}}

<p>&#8216;La sombra es todo lo que hemos arrojado al inconsciente por temor a ser rechazados por las personas que desempeñaron un papel determinante en nuestra educación&#8217;, dice el autor.</p>
<p>¿Quién no ha rechazado nunca actitudes espontáneas con el fin de asegurarse la aprobación de su prójimo? Todos poseemos ese lado oculto de nuestra personalidad llamado «sombra». Si no tomamos conciencia de ella, nos arriesgamos a ver cómo aflora a nuestras espaldas, ser vuelve contra nosotros mismos y nos crea toda clase de dificultades de orden psicológico y social. La sombra ignorada puede causar estados depresivos y antipatías obsesivas. Por el contrario, si este lado rechazado y mal amado de nosotros mismos es reconocido e integrado, favorecerá el equilibrio psicológico y espiritual de nuestra personalidad. El conocimiento y la reconciliación con nuestra sombra constituyen, pues, las condiciones necesarias para la realización y la autoestima y, por consiguiente, para el mantenimiento de relaciones humanas sanas.</p>
<p>Reconciliarse con la propia sombra nos propone descubrir e integrar este oscuro tesoro interior para que llegue a ser una fuerza creadora en nosotros y una aliada. Para ello, el autor ha recurrido a numerosas ilustraciones, historias y ejercicios prácticos.</p>

FORA DE COL.LECCIÓ

Rústica
