{"id":343355,"date":"2023-01-13T17:36:59","date_gmt":"2023-01-13T16:36:59","guid":{"rendered":"https:\/\/www.claret.cat\/llibre\/mi-lucha-contra-hitler-9788432146169\/"},"modified":"2024-05-24T05:13:33","modified_gmt":"2024-05-24T03:13:33","slug":"mi-lucha-contra-hitler-9788432146169","status":"publish","type":"product","link":"https:\/\/www.claret.cat\/es\/libro\/mi-lucha-contra-hitler-9788432146169\/","title":{"rendered":"MI LUCHA CONTRA HITLER"},"content":{"rendered":"<p>\u00bfQu\u00e9 hizo el autor para ser considerado un peligroso enemigo de Hitler? Golpear sin miedo en las ra\u00edces intelectuales y espirituales del nazismo, sin espionajes, sin violencias. Desde su lugar como pensador cat\u00f3lico alem\u00e1n, dedic\u00f3 todas sus fuerzas a romper el hechizo que el nazismo pose\u00eda entre tantos de sus compatriotas.<\/p>\n<p> Sin estas memorias, escritas a instancias de su esposa Alice durante las \u00faltimas d\u00e9cadas de su vida, su historia se habr\u00eda perdido. El relato cubre de 1921 a 1938, cuando la  contribuci\u00f3n de Hitler a Alemania era considerada positiva e inevitable, y las denuncias de von Hildebrand despreciables. Sus declaraciones p\u00fablicas le llevan a ser incluido en las primeras listas negras nazis, en 1921, mucho antes de que se desataran los horrores del Tercer Reich.<\/p>\n<p> Abandona su casa en Alemania, dejando atr\u00e1s familia y amigos, y contin\u00faa su lucha desde Austria. All\u00ed, el embajador alem\u00e1n lo describir\u00e1 ante Hitler como &#8216;arquitecto de la resistencia intelectual&#8217;. Von Hildebrand no pierde su confianza en Dios, incluso durante su angustiosa fuga de Viena. Su lucha continuar\u00e1 mediante numerosos art\u00edculos que publicar\u00e1 en esa ciudad. Este volumen ofrece una selecci\u00f3n de ellos.<\/p>\n<p> Dietrich von Hildebrand (1889-1977) fue disc\u00edpulo de los fil\u00f3sofos Edmund Husserl y Max Scheler. Buscador de la verdad y la libertad, la conciencia, el amor y la belleza, descubri\u00f3 nuevas implicaciones en la \u00e9tica, la filosof\u00eda social y la est\u00e9tica. Su conversi\u00f3n al catolicismo en 1914 constituye un hito en su vida y en su trayectoria como escritor.  Su oposici\u00f3n a Hitler le oblig\u00f3 a abandonar Alemania, Austria y finalmente Europa, hasta asentarse en Nueva York en 1940. All\u00ed ense\u00f1\u00f3 en Fordham University hasta 1960. Es autor de docenas de libros.<\/p>\n","protected":false},"excerpt":{"rendered":"<p>HILDEBRAND, DIETRICH VON<\/p>\n","protected":false},"featured_media":344232,"template":"","meta":{"_acf_changed":false,"om_disable_all_campaigns":false,"rs_blank_template":"","rs_page_bg_color":"","slide_template_v7":"","inline_featured_image":false,"_monsterinsights_skip_tracking":false,"_monsterinsights_sitenote_active":false,"_monsterinsights_sitenote_note":"","_monsterinsights_sitenote_category":0},"product_brand":[],"product_cat":[83,349],"product_tag":[],"class_list":{"0":"post-343355","1":"product","2":"type-product","3":"status-publish","4":"has-post-thumbnail","6":"product_cat-filosofia","7":"product_cat-filosofia-2_humanidades","9":"first","10":"instock","11":"taxable","12":"shipping-taxable","13":"purchasable","14":"product-type-simple"},"acf":{"editorial":[{"ID":6348,"post_author":"3","post_date":"2022-07-28 17:50:16","post_date_gmt":"2022-07-28 15:50:16","post_content":"","post_title":"Rialp","post_excerpt":"","post_status":"publish","comment_status":"closed","ping_status":"closed","post_password":"","post_name":"rialp","to_ping":"","pinged":"","post_modified":"2022-07-28 17:50:16","post_modified_gmt":"2022-07-28 15:50:16","post_content_filtered":"","post_parent":0,"guid":"http:\/\/dev.claret.cat\/editorial\/rialp\/","menu_order":0,"post_type":"editorial","post_mime_type":"","comment_count":"0","filter":"raw"}],"autores-libros":[{"ID":343354,"post_author":"3","post_date":"2023-01-13 17:36:57","post_date_gmt":"2023-01-13 16:36:57","post_content":"","post_title":"DIETRICH VON HILDEBRAND","post_excerpt":"","post_status":"publish","comment_status":"closed","ping_status":"closed","post_password":"","post_name":"dietrich-von-hildebrand-2","to_ping":"","pinged":"","post_modified":"2023-01-13 17:36:57","post_modified_gmt":"2023-01-13 16:36:57","post_content_filtered":"","post_parent":0,"guid":"https:\/\/www.claret.cat\/autor\/dietrich-von-hildebrand-2\/","menu_order":0,"post_type":"autor","post_mime_type":"","comment_count":"0","filter":"raw"}],"autor":"HILDEBRAND, DIETRICH VON","codart":"843214616","libros-coleccion":"","ediciones":"1","encuadernacion":"R\u00fastica","fecha_de_publicacion":"10\/03\/2016","novedad":"0","paginas":"444","subtitulo":"","orden":"999","portada":"0","idioma":"spa"},"aioseo_notices":[],"_links":{"self":[{"href":"https:\/\/www.claret.cat\/es\/wp-json\/wp\/v2\/product\/343355","targetHints":{"allow":["GET"]}}],"collection":[{"href":"https:\/\/www.claret.cat\/es\/wp-json\/wp\/v2\/product"}],"about":[{"href":"https:\/\/www.claret.cat\/es\/wp-json\/wp\/v2\/types\/product"}],"wp:featuredmedia":[{"embeddable":true,"href":"https:\/\/www.claret.cat\/es\/wp-json\/wp\/v2\/media\/344232"}],"wp:attachment":[{"href":"https:\/\/www.claret.cat\/es\/wp-json\/wp\/v2\/media?parent=343355"}],"wp:term":[{"taxonomy":"product_brand","embeddable":true,"href":"https:\/\/www.claret.cat\/es\/wp-json\/wp\/v2\/product_brand?post=343355"},{"taxonomy":"product_cat","embeddable":true,"href":"https:\/\/www.claret.cat\/es\/wp-json\/wp\/v2\/product_cat?post=343355"},{"taxonomy":"product_tag","embeddable":true,"href":"https:\/\/www.claret.cat\/es\/wp-json\/wp\/v2\/product_tag?post=343355"}],"curies":[{"name":"wp","href":"https:\/\/api.w.org\/{rel}","templated":true}]}}

<p>¿Qué hizo el autor para ser considerado un peligroso enemigo de Hitler? Golpear sin miedo en las raíces intelectuales y espirituales del nazismo, sin espionajes, sin violencias. Desde su lugar como pensador católico alemán, dedicó todas sus fuerzas a romper el hechizo que el nazismo poseía entre tantos de sus compatriotas.</p>
<p> Sin estas memorias, escritas a instancias de su esposa Alice durante las últimas décadas de su vida, su historia se habría perdido. El relato cubre de 1921 a 1938, cuando la  contribución de Hitler a Alemania era considerada positiva e inevitable, y las denuncias de von Hildebrand despreciables. Sus declaraciones públicas le llevan a ser incluido en las primeras listas negras nazis, en 1921, mucho antes de que se desataran los horrores del Tercer Reich.</p>
<p> Abandona su casa en Alemania, dejando atrás familia y amigos, y continúa su lucha desde Austria. Allí, el embajador alemán lo describirá ante Hitler como &#8216;arquitecto de la resistencia intelectual&#8217;. Von Hildebrand no pierde su confianza en Dios, incluso durante su angustiosa fuga de Viena. Su lucha continuará mediante numerosos artículos que publicará en esa ciudad. Este volumen ofrece una selección de ellos.</p>
<p> Dietrich von Hildebrand (1889-1977) fue discípulo de los filósofos Edmund Husserl y Max Scheler. Buscador de la verdad y la libertad, la conciencia, el amor y la belleza, descubrió nuevas implicaciones en la ética, la filosofía social y la estética. Su conversión al catolicismo en 1914 constituye un hito en su vida y en su trayectoria como escritor.  Su oposición a Hitler le obligó a abandonar Alemania, Austria y finalmente Europa, hasta asentarse en Nueva York en 1940. Allí enseñó en Fordham University hasta 1960. Es autor de docenas de libros.</p>

Rústica
