{"id":34441,"date":"2022-10-02T17:48:07","date_gmt":"2022-10-02T15:48:07","guid":{"rendered":"http:\/\/dev.claret.cat\/producte\/mindfulness-para-cristianos\/"},"modified":"2025-09-19T19:07:53","modified_gmt":"2025-09-19T17:07:53","slug":"mindfulness-para-cristianos-9788433031860","status":"publish","type":"product","link":"https:\/\/www.claret.cat\/es\/libro\/mindfulness-para-cristianos-9788433031860\/","title":{"rendered":"MINDFULNESS PARA CRISTIANOS"},"content":{"rendered":"<p>Hay cristianos que han o\u00eddo hablar del mindfulness por recomendaci\u00f3n de su m\u00e9dico, terapeuta o amigos. Al acercarse a esta pr\u00e1ctica, quiz\u00e1s hayan le\u00eddo que tiene ra\u00edces budistas, o que puede provocar problemas psicol\u00f3gicos, mientras que otras fuentes afirmar\u00e1n su efectividad contra la ansiedad y el estr\u00e9s.<br \/> \u00bfQu\u00e9 hacer? \u00bfPractico el mindfulness o no? \u00bfEs malo hacerlo si soy cristiano? \u00bfSe trata de un camino religioso? \u00bfAfectar\u00e1 esto a mi fe? \u00bfCambiar\u00e1 mi psicolog\u00eda?<br \/> Este libro explica que es posible un di\u00e1logo entre el cristianismo y los principios del mindfulness, pero no lo hace de una manera te\u00f3rica, sino sencilla, amable y con ejercicios pr\u00e1cticos. Cualquier persona de espiritualidad cristiana que practique el mindfulness o que quiera empezar, sentir\u00e1 cercanas estas reflexiones y ejercicios pr\u00e1cticos.<br \/> Rafael Pardo (Pamplona, 1977) es sacerdote, Licenciado en Historia (univ. Sevilla) y Doctor en Historia de la Iglesia (univ. Navarra). Actualmente completa estudios universitarios de Psicolog\u00eda. Es autor de numerosos libros de espiritualidad, psicolog\u00eda e historia, estableciendo un di\u00e1logo entre estas disciplinas.<\/p>\n","protected":false},"excerpt":{"rendered":"<p>PARDO, RAFAEL<\/p>\n","protected":false},"featured_media":347331,"template":"","meta":{"_acf_changed":false,"om_disable_all_campaigns":false,"rs_blank_template":"","rs_page_bg_color":"","slide_template_v7":"","inline_featured_image":false,"_monsterinsights_skip_tracking":false,"_monsterinsights_sitenote_active":false,"_monsterinsights_sitenote_note":"","_monsterinsights_sitenote_category":0},"product_brand":[],"product_cat":[485,232,495,245],"product_tag":[],"class_list":{"0":"post-34441","1":"product","2":"type-product","3":"status-publish","4":"has-post-thumbnail","6":"product_cat-autores-espiritualidad-1_espiritualidad","7":"product_cat-autors-espiritualitat","8":"product_cat-diversa-espiritualidad-1_espiritualidad","9":"product_cat-diversa","11":"first","12":"instock","13":"taxable","14":"shipping-taxable","15":"purchasable","16":"product-type-simple"},"acf":{"autor":"PARDO, RAFAEL","codart":"843303186","libros-coleccion":"A los cuatro vientos","ediciones":"1","encuadernacion":"R\u00fastica","fecha_de_publicacion":"19\/09\/2022","novedad":"1","paginas":"120","subtitulo":"","orden":"0","portada":"0","idioma":"spa","editorial":[{"ID":6179,"post_author":"3","post_date":"2022-07-28 17:46:36","post_date_gmt":"2022-07-28 15:46:36","post_content":"","post_title":"DESCLEE DE BROUWER","post_excerpt":"","post_status":"publish","comment_status":"closed","ping_status":"closed","post_password":"","post_name":"desclee-de-brouwer","to_ping":"","pinged":"","post_modified":"2022-07-28 17:46:36","post_modified_gmt":"2022-07-28 15:46:36","post_content_filtered":"","post_parent":0,"guid":"http:\/\/dev.claret.cat\/editorial\/desclee-de-brouwer\/","menu_order":0,"post_type":"editorial","post_mime_type":"","comment_count":"0","filter":"raw"}],"autores-libros":[{"ID":167604,"post_author":"3","post_date":"2022-10-14 18:12:32","post_date_gmt":"2022-10-14 16:12:32","post_content":"","post_title":"RAFAEL PARDO","post_excerpt":"","post_status":"publish","comment_status":"closed","ping_status":"closed","post_password":"","post_name":"rafael-pardo","to_ping":"","pinged":"","post_modified":"2022-10-14 18:12:32","post_modified_gmt":"2022-10-14 16:12:32","post_content_filtered":"","post_parent":0,"guid":"http:\/\/dev.claret.cat\/autor\/rafael-pardo\/","menu_order":0,"post_type":"autor","post_mime_type":"","comment_count":"0","filter":"raw"}],"booktrailer":"","resenas":""},"aioseo_notices":[],"_links":{"self":[{"href":"https:\/\/www.claret.cat\/es\/wp-json\/wp\/v2\/product\/34441","targetHints":{"allow":["GET"]}}],"collection":[{"href":"https:\/\/www.claret.cat\/es\/wp-json\/wp\/v2\/product"}],"about":[{"href":"https:\/\/www.claret.cat\/es\/wp-json\/wp\/v2\/types\/product"}],"wp:featuredmedia":[{"embeddable":true,"href":"https:\/\/www.claret.cat\/es\/wp-json\/wp\/v2\/media\/347331"}],"wp:attachment":[{"href":"https:\/\/www.claret.cat\/es\/wp-json\/wp\/v2\/media?parent=34441"}],"wp:term":[{"taxonomy":"product_brand","embeddable":true,"href":"https:\/\/www.claret.cat\/es\/wp-json\/wp\/v2\/product_brand?post=34441"},{"taxonomy":"product_cat","embeddable":true,"href":"https:\/\/www.claret.cat\/es\/wp-json\/wp\/v2\/product_cat?post=34441"},{"taxonomy":"product_tag","embeddable":true,"href":"https:\/\/www.claret.cat\/es\/wp-json\/wp\/v2\/product_tag?post=34441"}],"curies":[{"name":"wp","href":"https:\/\/api.w.org\/{rel}","templated":true}]}}

<p>Hay cristianos que han oído hablar del mindfulness por recomendación de su médico, terapeuta o amigos. Al acercarse a esta práctica, quizás hayan leído que tiene raíces budistas, o que puede provocar problemas psicológicos, mientras que otras fuentes afirmarán su efectividad contra la ansiedad y el estrés.<br /> ¿Qué hacer? ¿Practico el mindfulness o no? ¿Es malo hacerlo si soy cristiano? ¿Se trata de un camino religioso? ¿Afectará esto a mi fe? ¿Cambiará mi psicología?<br /> Este libro explica que es posible un diálogo entre el cristianismo y los principios del mindfulness, pero no lo hace de una manera teórica, sino sencilla, amable y con ejercicios prácticos. Cualquier persona de espiritualidad cristiana que practique el mindfulness o que quiera empezar, sentirá cercanas estas reflexiones y ejercicios prácticos.<br /> Rafael Pardo (Pamplona, 1977) es sacerdote, Licenciado en Historia (univ. Sevilla) y Doctor en Historia de la Iglesia (univ. Navarra). Actualmente completa estudios universitarios de Psicología. Es autor de numerosos libros de espiritualidad, psicología e historia, estableciendo un diálogo entre estas disciplinas.</p>

Rústica
