{"id":345709,"date":"2023-01-13T22:30:30","date_gmt":"2023-01-13T21:30:30","guid":{"rendered":"https:\/\/www.claret.cat\/llibre\/orientaciones-eticas-para-tiempos-inciertos-9788433021175\/"},"modified":"2025-09-19T16:34:20","modified_gmt":"2025-09-19T14:34:20","slug":"orientaciones-eticas-para-tiempos-inciertos-9788433021175","status":"publish","type":"product","link":"https:\/\/www.claret.cat\/es\/libro\/orientaciones-eticas-para-tiempos-inciertos-9788433021175\/","title":{"rendered":"ORIENTACIONES \u00c9TICAS PARA TIEMPOS INCIERTOS"},"content":{"rendered":"<p>A juicio de muchos, corren malos tiempos para la moral, sobre todo para la moral cat\u00f3lica. Son &#8216;tiempos inciertos&#8217;. A pesar de ello, o precisamente por eso, cobra mayor importancia la reflexi\u00f3n \u00e9tica en estos momentos. El presente libro tiene el coraje de replantear los valores evang\u00e9licos para una cultura de la secularidad y para una sociedad guiada por el principio de la laicidad. En esta nueva obra, el prof. Marciano Vidal presenta un cuadro completo de la \u00e9tica teol\u00f3gica y dentro de \u00e9l aborda las cuestiones morales m\u00e1s candentes: la eutanasia, la \u00e9tica sexual, la homosexualidad, los divorciados vueltos a casar, la corrupci\u00f3n, la globalizaci\u00f3n, etc\u00e9tera.<\/p>\n","protected":false},"excerpt":{"rendered":"<p>VIDAL, MARCIANO<\/p>\n","protected":false},"featured_media":0,"template":"","meta":{"_acf_changed":false,"om_disable_all_campaigns":false,"rs_blank_template":"","rs_page_bg_color":"","slide_template_v7":"","inline_featured_image":false,"_monsterinsights_skip_tracking":false,"_monsterinsights_sitenote_active":false,"_monsterinsights_sitenote_note":"","_monsterinsights_sitenote_category":0},"product_brand":[],"product_cat":[523,299,515,289,516,290,288,514,291,517,394,236],"product_tag":[],"class_list":{"0":"post-345709","1":"product","2":"type-product","3":"status-publish","5":"product_cat-laicos-y-testimonios","6":"product_cat-laics-i-testimonis","7":"product_cat-moral-de-la-persona-bioetica-teologia-1_espiritualidad","8":"product_cat-moral-de-la-persona-bioetica","9":"product_cat-moral-de-la-persona-sexualidad","10":"product_cat-moral-de-la-persona-sexualitat","11":"product_cat-moral-fonamental","12":"product_cat-moral-fundamental","13":"product_cat-moral-social-i-politica","14":"product_cat-moral-social-y-politica","15":"product_cat-vida-cotidiana","16":"product_cat-vida-quotidiana","18":"first","19":"instock","20":"taxable","21":"shipping-taxable","22":"purchasable","23":"product-type-simple"},"acf":{"editorial":[{"ID":8232,"post_author":"3","post_date":"2022-09-30 09:21:20","post_date_gmt":"2022-09-30 07:21:20","post_content":"","post_title":"DESCLEE DE BROUWER","post_excerpt":"","post_status":"publish","comment_status":"closed","ping_status":"closed","post_password":"","post_name":"desclee-de-brouwer-2","to_ping":"","pinged":"","post_modified":"2022-09-30 09:21:20","post_modified_gmt":"2022-09-30 07:21:20","post_content_filtered":"","post_parent":0,"guid":"http:\/\/dev.claret.cat\/editorial\/desclee-de-brouwer-2\/","menu_order":0,"post_type":"editorial","post_mime_type":"","comment_count":"0","filter":"raw"}],"autores-libros":[{"ID":163396,"post_author":"3","post_date":"2022-10-14 17:38:41","post_date_gmt":"2022-10-14 15:38:41","post_content":"","post_title":"MARCIANO VIDAL","post_excerpt":"","post_status":"publish","comment_status":"closed","ping_status":"closed","post_password":"","post_name":"marciano-vidal","to_ping":"","pinged":"","post_modified":"2022-10-14 17:38:41","post_modified_gmt":"2022-10-14 15:38:41","post_content_filtered":"","post_parent":0,"guid":"http:\/\/dev.claret.cat\/autor\/marciano-vidal\/","menu_order":0,"post_type":"autor","post_mime_type":"","comment_count":"0","filter":"raw"}],"autor":"VIDAL, MARCIANO","codart":"843302117","libros-coleccion":"Biblioteca Manual Descl\u00e9e","ediciones":"1","encuadernacion":"Carton\u00e9","fecha_de_publicacion":"01\/01\/2007","novedad":"0","paginas":"428","subtitulo":"ENTRE LA ESCILA DEL RELATIVISMO Y LA CARIBDIS DEL FUNDAMENTALISMO","orden":"999","portada":"0","idioma":"spa","booktrailer":"","resenas":""},"aioseo_notices":[],"_links":{"self":[{"href":"https:\/\/www.claret.cat\/es\/wp-json\/wp\/v2\/product\/345709","targetHints":{"allow":["GET"]}}],"collection":[{"href":"https:\/\/www.claret.cat\/es\/wp-json\/wp\/v2\/product"}],"about":[{"href":"https:\/\/www.claret.cat\/es\/wp-json\/wp\/v2\/types\/product"}],"wp:attachment":[{"href":"https:\/\/www.claret.cat\/es\/wp-json\/wp\/v2\/media?parent=345709"}],"wp:term":[{"taxonomy":"product_brand","embeddable":true,"href":"https:\/\/www.claret.cat\/es\/wp-json\/wp\/v2\/product_brand?post=345709"},{"taxonomy":"product_cat","embeddable":true,"href":"https:\/\/www.claret.cat\/es\/wp-json\/wp\/v2\/product_cat?post=345709"},{"taxonomy":"product_tag","embeddable":true,"href":"https:\/\/www.claret.cat\/es\/wp-json\/wp\/v2\/product_tag?post=345709"}],"curies":[{"name":"wp","href":"https:\/\/api.w.org\/{rel}","templated":true}]}}

ORIENTACIONES ÉTICAS PARA TIEMPOS INCIERTOS

<p>A juicio de muchos, corren malos tiempos para la moral, sobre todo para la moral católica. Son &#8216;tiempos inciertos&#8217;. A pesar de ello, o precisamente por eso, cobra mayor importancia la reflexión ética en estos momentos. El presente libro tiene el coraje de replantear los valores evangélicos para una cultura de la secularidad y para una sociedad guiada por el principio de la laicidad. En esta nueva obra, el prof. Marciano Vidal presenta un cuadro completo de la ética teológica y dentro de él aborda las cuestiones morales más candentes: la eutanasia, la ética sexual, la homosexualidad, los divorciados vueltos a casar, la corrupción, la globalización, etcétera.</p>

Biblioteca Manual Desclée

Cartoné
