{"id":346000,"date":"2023-01-14T00:07:57","date_gmt":"2023-01-13T23:07:57","guid":{"rendered":"https:\/\/www.claret.cat\/llibre\/oracion-y-eucaristia-9788433024077\/"},"modified":"2025-09-19T18:05:48","modified_gmt":"2025-09-19T16:05:48","slug":"oracion-y-eucaristia-9788433024077","status":"publish","type":"product","link":"https:\/\/www.claret.cat\/es\/libro\/oracion-y-eucaristia-9788433024077\/","title":{"rendered":"ORACI\u00d3N Y EUCARIST\u00cdA"},"content":{"rendered":"<p>A veces se dice que el cristianismo es la religi\u00f3n del amor. Si es as\u00ed, el amor o uni\u00f3n personal es lo primero y primordial, y la primera de las uniones personales es la del cristiano con Cristo: yo y Jes\u00fas de Nazaret, Jes\u00fas de Nazaret y yo. La mayor uni\u00f3n la alcanzamos en y a trav\u00e9s de la oraci\u00f3n y -de una forma ?corporal?- mediante la Eucarist\u00eda. Sin oraci\u00f3n y sin Eucarist\u00eda el cristianismo no ser\u00eda m\u00e1s que una et\u00e9rea abstracci\u00f3n de bienintencionados. Benedicto XVI ayuda a profundizar en estas dos palabras que aluden a la m\u00e1s misteriosa e impensable de las uniones de que es capaz el ser humano: oraci\u00f3n y Eucarist\u00eda.<\/p>\n","protected":false},"excerpt":{"rendered":"<p>MANGLANO, JOS\u00c9 PEDRO<\/p>\n","protected":false},"featured_media":346001,"template":"","meta":{"_acf_changed":false,"om_disable_all_campaigns":false,"rs_blank_template":"","rs_page_bg_color":"","slide_template_v7":"","inline_featured_image":false,"_monsterinsights_skip_tracking":false,"_monsterinsights_sitenote_active":false,"_monsterinsights_sitenote_note":"","_monsterinsights_sitenote_category":0},"product_brand":[],"product_cat":[90,540],"product_tag":[],"class_list":{"0":"post-346000","1":"product","2":"type-product","3":"status-publish","4":"has-post-thumbnail","6":"product_cat-altres","7":"product_cat-otros","9":"first","10":"instock","11":"taxable","12":"shipping-taxable","13":"purchasable","14":"product-type-simple"},"acf":{"editorial":[{"ID":6179,"post_author":"3","post_date":"2022-07-28 17:46:36","post_date_gmt":"2022-07-28 15:46:36","post_content":"","post_title":"DESCLEE DE BROUWER","post_excerpt":"","post_status":"publish","comment_status":"closed","ping_status":"closed","post_password":"","post_name":"desclee-de-brouwer","to_ping":"","pinged":"","post_modified":"2022-07-28 17:46:36","post_modified_gmt":"2022-07-28 15:46:36","post_content_filtered":"","post_parent":0,"guid":"http:\/\/dev.claret.cat\/editorial\/desclee-de-brouwer\/","menu_order":0,"post_type":"editorial","post_mime_type":"","comment_count":"0","filter":"raw"}],"autores-libros":[{"ID":160540,"post_author":"3","post_date":"2022-10-14 15:53:54","post_date_gmt":"2022-10-14 13:53:54","post_content":"","post_title":"JOS\u00c9 PEDRO MANGLANO","post_excerpt":"","post_status":"publish","comment_status":"closed","ping_status":"closed","post_password":"","post_name":"jose-pedro-manglano","to_ping":"","pinged":"","post_modified":"2022-10-14 15:53:54","post_modified_gmt":"2022-10-14 13:53:54","post_content_filtered":"","post_parent":0,"guid":"http:\/\/dev.claret.cat\/autor\/jose-pedro-manglano\/","menu_order":0,"post_type":"autor","post_mime_type":"","comment_count":"0","filter":"raw"}],"autor":"MANGLANO, JOS\u00c9 PEDRO","codart":"843302407","libros-coleccion":"","ediciones":"1","encuadernacion":"R\u00fastica","fecha_de_publicacion":"23\/07\/2010","novedad":"0","paginas":"49","subtitulo":"","orden":"999","portada":"0","idioma":"spa","booktrailer":"","resenas":""},"aioseo_notices":[],"_links":{"self":[{"href":"https:\/\/www.claret.cat\/es\/wp-json\/wp\/v2\/product\/346000","targetHints":{"allow":["GET"]}}],"collection":[{"href":"https:\/\/www.claret.cat\/es\/wp-json\/wp\/v2\/product"}],"about":[{"href":"https:\/\/www.claret.cat\/es\/wp-json\/wp\/v2\/types\/product"}],"wp:featuredmedia":[{"embeddable":true,"href":"https:\/\/www.claret.cat\/es\/wp-json\/wp\/v2\/media\/346001"}],"wp:attachment":[{"href":"https:\/\/www.claret.cat\/es\/wp-json\/wp\/v2\/media?parent=346000"}],"wp:term":[{"taxonomy":"product_brand","embeddable":true,"href":"https:\/\/www.claret.cat\/es\/wp-json\/wp\/v2\/product_brand?post=346000"},{"taxonomy":"product_cat","embeddable":true,"href":"https:\/\/www.claret.cat\/es\/wp-json\/wp\/v2\/product_cat?post=346000"},{"taxonomy":"product_tag","embeddable":true,"href":"https:\/\/www.claret.cat\/es\/wp-json\/wp\/v2\/product_tag?post=346000"}],"curies":[{"name":"wp","href":"https:\/\/api.w.org\/{rel}","templated":true}]}}

ORACIÓN Y EUCARISTÍA

<p>A veces se dice que el cristianismo es la religión del amor. Si es así, el amor o unión personal es lo primero y primordial, y la primera de las uniones personales es la del cristiano con Cristo: yo y Jesús de Nazaret, Jesús de Nazaret y yo. La mayor unión la alcanzamos en y a través de la oración y -de una forma ?corporal?- mediante la Eucaristía. Sin oración y sin Eucaristía el cristianismo no sería más que una etérea abstracción de bienintencionados. Benedicto XVI ayuda a profundizar en estas dos palabras que aluden a la más misteriosa e impensable de las uniones de que es capaz el ser humano: oración y Eucaristía.</p>

<p>MANGLANO, JOSÉ PEDRO</p>

JOSÉ PEDRO MANGLANO

MANGLANO, JOSÉ PEDRO

Rústica
