{"id":348979,"date":"2023-01-14T05:16:07","date_gmt":"2023-01-14T04:16:07","guid":{"rendered":"https:\/\/www.claret.cat\/llibre\/vamos-a-la-confirmacion-1-ano-9788461428328\/"},"modified":"2024-05-23T22:00:57","modified_gmt":"2024-05-23T20:00:57","slug":"vamos-a-la-confirmacion-1-ano-9788461428328","status":"publish","type":"product","link":"https:\/\/www.claret.cat\/es\/libro\/vamos-a-la-confirmacion-1-ano-9788461428328\/","title":{"rendered":"VAMOS A LA CONFIRMACI\u00d3N. 1 A\u00d1O"},"content":{"rendered":"","protected":false},"excerpt":{"rendered":"<p>ALC\u00c1ZAR GODOY, JOS\u00c9<\/p>\n","protected":false},"featured_media":0,"template":"","meta":{"_acf_changed":false,"om_disable_all_campaigns":false,"rs_blank_template":"","rs_page_bg_color":"","slide_template_v7":"","inline_featured_image":false,"_monsterinsights_skip_tracking":false,"_monsterinsights_sitenote_active":false,"_monsterinsights_sitenote_note":"","_monsterinsights_sitenote_category":0},"product_brand":[],"product_cat":[77,343,352,86],"product_tag":[],"class_list":{"0":"post-348979","1":"product","2":"type-product","3":"status-publish","5":"product_cat-catequesi","6":"product_cat-catequesis","7":"product_cat-infantil-3_infantil-juvenil-spa","8":"product_cat-infantil","10":"first","11":"instock","12":"taxable","13":"shipping-taxable","14":"purchasable","15":"product-type-simple"},"acf":{"editorial":[{"ID":8239,"post_author":"3","post_date":"2022-09-30 09:21:24","post_date_gmt":"2022-09-30 07:21:24","post_content":"","post_title":"FAMILIA DE JESUS, EDITORIAL","post_excerpt":"","post_status":"publish","comment_status":"closed","ping_status":"closed","post_password":"","post_name":"familia-de-jesus-editorial","to_ping":"","pinged":"","post_modified":"2022-09-30 09:21:24","post_modified_gmt":"2022-09-30 07:21:24","post_content_filtered":"","post_parent":0,"guid":"http:\/\/dev.claret.cat\/editorial\/familia-de-jesus-editorial\/","menu_order":0,"post_type":"editorial","post_mime_type":"","comment_count":"0","filter":"raw"}],"autores-libros":[{"ID":160133,"post_author":"3","post_date":"2022-10-14 15:50:34","post_date_gmt":"2022-10-14 13:50:34","post_content":"","post_title":"JOSE ALCAZAR GODOY","post_excerpt":"","post_status":"publish","comment_status":"closed","ping_status":"closed","post_password":"","post_name":"jose-alcazar-godoy","to_ping":"","pinged":"","post_modified":"2022-10-14 15:50:34","post_modified_gmt":"2022-10-14 13:50:34","post_content_filtered":"","post_parent":0,"guid":"http:\/\/dev.claret.cat\/autor\/jose-alcazar-godoy\/","menu_order":0,"post_type":"autor","post_mime_type":"","comment_count":"0","filter":"raw"}],"autor":"ALC\u00c1ZAR GODOY, JOS\u00c9","codart":"846142832","libros-coleccion":"","ediciones":"1","encuadernacion":"R\u00fastica","fecha_de_publicacion":"06\/09\/2010","novedad":"0","paginas":"104","subtitulo":"GUIA D@L JOVEN PARA LA CATEQUESIS. 1er A\u00d1O","orden":"999","portada":"0","idioma":"spa"},"aioseo_notices":[],"_links":{"self":[{"href":"https:\/\/www.claret.cat\/es\/wp-json\/wp\/v2\/product\/348979","targetHints":{"allow":["GET"]}}],"collection":[{"href":"https:\/\/www.claret.cat\/es\/wp-json\/wp\/v2\/product"}],"about":[{"href":"https:\/\/www.claret.cat\/es\/wp-json\/wp\/v2\/types\/product"}],"wp:attachment":[{"href":"https:\/\/www.claret.cat\/es\/wp-json\/wp\/v2\/media?parent=348979"}],"wp:term":[{"taxonomy":"product_brand","embeddable":true,"href":"https:\/\/www.claret.cat\/es\/wp-json\/wp\/v2\/product_brand?post=348979"},{"taxonomy":"product_cat","embeddable":true,"href":"https:\/\/www.claret.cat\/es\/wp-json\/wp\/v2\/product_cat?post=348979"},{"taxonomy":"product_tag","embeddable":true,"href":"https:\/\/www.claret.cat\/es\/wp-json\/wp\/v2\/product_tag?post=348979"}],"curies":[{"name":"wp","href":"https:\/\/api.w.org\/{rel}","templated":true}]}}

VAMOS A LA CONFIRMACIÓN. 1 AÑO

<p>ALCÁZAR GODOY, JOSÉ</p>

ALCÁZAR GODOY, JOSÉ

Rústica

GUIA D@L JOVEN PARA LA CATEQUESIS. 1er AÑO
