{"id":349149,"date":"2023-01-14T05:31:25","date_gmt":"2023-01-14T04:31:25","guid":{"rendered":"https:\/\/www.claret.cat\/llibre\/familiaris-consortio-9788470508745\/"},"modified":"2024-05-23T21:39:07","modified_gmt":"2024-05-23T19:39:07","slug":"familiaris-consortio-9788470508745","status":"publish","type":"product","link":"https:\/\/www.claret.cat\/es\/libro\/familiaris-consortio-9788470508745\/","title":{"rendered":"&#8216;FAMILIARIS CONSORTIO&#8217;"},"content":{"rendered":"","protected":false},"excerpt":{"rendered":"<p>JUAN PABLO II<\/p>\n","protected":false},"featured_media":349150,"template":"","meta":{"_acf_changed":false,"om_disable_all_campaigns":false,"rs_blank_template":"","rs_page_bg_color":"","slide_template_v7":"","inline_featured_image":false,"_monsterinsights_skip_tracking":false,"_monsterinsights_sitenote_active":false,"_monsterinsights_sitenote_note":"","_monsterinsights_sitenote_category":0},"product_brand":[],"product_cat":[387,408,222,270,288,514],"product_tag":[],"class_list":{"0":"post-349149","1":"product","2":"type-product","3":"status-publish","4":"has-post-thumbnail","6":"product_cat-familiar-catequesis-1_espiritualidad","7":"product_cat-familiar-pastoral-1_espiritualidad","8":"product_cat-familiar","9":"product_cat-familiar-pastoral","10":"product_cat-moral-fonamental","11":"product_cat-moral-fundamental","13":"first","14":"instock","15":"taxable","16":"shipping-taxable","17":"purchasable","18":"product-type-simple"},"acf":{"editorial":[{"ID":349148,"post_author":"3","post_date":"2023-01-14 05:30:50","post_date_gmt":"2023-01-14 04:30:50","post_content":"","post_title":"EDICEP, COMERCIAL EDITORA DE P","post_excerpt":"","post_status":"publish","comment_status":"closed","ping_status":"closed","post_password":"","post_name":"edicep-comercial-editora-de-p","to_ping":"","pinged":"","post_modified":"2023-01-14 05:30:50","post_modified_gmt":"2023-01-14 04:30:50","post_content_filtered":"","post_parent":0,"guid":"https:\/\/www.claret.cat\/editorial\/edicep-comercial-editora-de-p\/","menu_order":0,"post_type":"editorial","post_mime_type":"","comment_count":"0","filter":"raw"}],"autores-libros":[{"ID":161142,"post_author":"3","post_date":"2022-10-14 17:15:50","post_date_gmt":"2022-10-14 15:15:50","post_content":"","post_title":"JUAN PABLO II","post_excerpt":"","post_status":"publish","comment_status":"closed","ping_status":"closed","post_password":"","post_name":"juan-pablo-ii","to_ping":"","pinged":"","post_modified":"2022-10-14 17:15:50","post_modified_gmt":"2022-10-14 15:15:50","post_content_filtered":"","post_parent":0,"guid":"http:\/\/dev.claret.cat\/autor\/juan-pablo-ii\/","menu_order":0,"post_type":"autor","post_mime_type":"","comment_count":"0","filter":"raw"}],"autor":"JUAN PABLO II","codart":"847050874","libros-coleccion":"Documentos de la Iglesia","ediciones":"1","encuadernacion":"R\u00fastica","fecha_de_publicacion":"24\/07\/2006","novedad":"0","paginas":"132","subtitulo":"EXHORTACI\u00d3N APOST\u00d3LICA SOBRE LA MISI\u00d3N DE LA FAMILIA CRISTIANA EN EL MUNDO ACTUAL","orden":"999","portada":"0","idioma":"spa"},"aioseo_notices":[],"_links":{"self":[{"href":"https:\/\/www.claret.cat\/es\/wp-json\/wp\/v2\/product\/349149","targetHints":{"allow":["GET"]}}],"collection":[{"href":"https:\/\/www.claret.cat\/es\/wp-json\/wp\/v2\/product"}],"about":[{"href":"https:\/\/www.claret.cat\/es\/wp-json\/wp\/v2\/types\/product"}],"wp:featuredmedia":[{"embeddable":true,"href":"https:\/\/www.claret.cat\/es\/wp-json\/wp\/v2\/media\/349150"}],"wp:attachment":[{"href":"https:\/\/www.claret.cat\/es\/wp-json\/wp\/v2\/media?parent=349149"}],"wp:term":[{"taxonomy":"product_brand","embeddable":true,"href":"https:\/\/www.claret.cat\/es\/wp-json\/wp\/v2\/product_brand?post=349149"},{"taxonomy":"product_cat","embeddable":true,"href":"https:\/\/www.claret.cat\/es\/wp-json\/wp\/v2\/product_cat?post=349149"},{"taxonomy":"product_tag","embeddable":true,"href":"https:\/\/www.claret.cat\/es\/wp-json\/wp\/v2\/product_tag?post=349149"}],"curies":[{"name":"wp","href":"https:\/\/api.w.org\/{rel}","templated":true}]}}

Rústica

EXHORTACIÓN APOSTÓLICA SOBRE LA MISIÓN DE LA FAMILIA CRISTIANA EN EL MUNDO ACTUAL
