{"id":349433,"date":"2023-01-14T06:01:17","date_gmt":"2023-01-14T05:01:17","guid":{"rendered":"https:\/\/www.claret.cat\/llibre\/metafisica-tras-el-final-de-la-metafisica-9788470575273\/"},"modified":"2026-02-20T13:35:47","modified_gmt":"2026-02-20T12:35:47","slug":"metafisica-tras-el-final-de-la-metafisica-9788470575273","status":"publish","type":"product","link":"https:\/\/www.claret.cat\/es\/libro\/metafisica-tras-el-final-de-la-metafisica-9788470575273\/","title":{"rendered":"METAF\u00cdSICA TRAS EL FINAL DE LA METAF\u00cdSICA"},"content":{"rendered":"<p>\u00bfEs todav\u00eda posible la indagaci\u00f3n filos\u00f3fica acerca de las cuestiones fundamentales de la existencia, tras la proclamaci\u00f3n del final de la metaf\u00edsica por parte de algunas corrientes del pensamiento actual? \u00c9ste es el interrogante b\u00e1sico al que es preciso responder si queremos renovar nuestra visi\u00f3n del mundo. No es una tema cultural cualquiera: planeta el sentido y alcance de la propia cultura y de su papel en la sociedad.<br \/>El paso por la decisiva prueba de su fina contribuye a dar con las claves que se hallaban latentes en la metaf\u00edsica cl\u00e1sica y moderna. En el siglo XX, la filosof\u00eda ha experimentado el reto de su historificacion y su inmersi\u00f3n en el lenguaje. La hermen\u00e9utica, el positivismo, el deconstructivismo  y la historia postmetafisica del ser han sometido los planteamientos tradicionales a una critica radical. No se trata ahora de ignorar estas impugnaciones. Se trate de sobreponerse a ellas, teniendo en cuenta sus argumentos para proceder a una renovaci\u00f3n de la propia metaf\u00edsica. Es preciso hacerse de las razones del escepticismo y tratar de incorporarlo.<br \/>La metaf\u00edsica busca la comprensi\u00f3n inmediata de la realidad originaria, el acceso a las cosas tal coma son de suyo. Pero el multiculturalismo y las nuevas galaxias de la comunicaci\u00f3n lo ti\u00f1en todo con su acervo de interpretaci\u00f3n y mediaciones. Si fuera posible, la filosof\u00eda primero romper\u00eda el alcance universal de la medicaci\u00f3n que la acci\u00f3n humana y sus creaciones ejercen sobre el mundo y la sociedad. M\u00e1s no cabe intentar el logro de la inmediatez de una manera estereotipada o simplista. Es preciso replantar las cuestiones clave de la ontolog\u00eda y la teor\u00eda del conocimiento.<\/p>\n","protected":false},"excerpt":{"rendered":"<p>INCIARTE, FERNANDO; LLANO<\/p>\n","protected":false},"featured_media":349447,"template":"","meta":{"_acf_changed":false,"om_disable_all_campaigns":false,"rs_blank_template":"","rs_page_bg_color":"","slide_template_v7":"","inline_featured_image":false,"_monsterinsights_skip_tracking":false,"_monsterinsights_sitenote_active":false,"_monsterinsights_sitenote_note":"","_monsterinsights_sitenote_category":0},"product_brand":[],"product_cat":[509,279,374,167,288,514],"product_tag":[],"class_list":{"0":"post-349433","1":"product","2":"type-product","3":"status-publish","4":"has-post-thumbnail","6":"product_cat-antropologia-teologica-teologia-1_espiritualidad","7":"product_cat-antropologia-teologica","8":"product_cat-metafisica-filosofia-2_humanidades","9":"product_cat-metafisica","10":"product_cat-moral-fonamental","11":"product_cat-moral-fundamental","13":"first","14":"instock","15":"taxable","16":"shipping-taxable","17":"purchasable","18":"product-type-simple"},"acf":{"editorial":[{"ID":6173,"post_author":"3","post_date":"2022-07-28 17:46:28","post_date_gmt":"2022-07-28 15:46:28","post_content":"","post_title":"Cristiandad","post_excerpt":"","post_status":"publish","comment_status":"closed","ping_status":"closed","post_password":"","post_name":"cristiandad","to_ping":"","pinged":"","post_modified":"2022-07-28 17:46:28","post_modified_gmt":"2022-07-28 15:46:28","post_content_filtered":"","post_parent":0,"guid":"http:\/\/dev.claret.cat\/editorial\/cristiandad\/","menu_order":0,"post_type":"editorial","post_mime_type":"","comment_count":"0","filter":"raw"}],"autores-libros":[{"ID":5217,"post_author":"3","post_date":"2022-07-28 17:19:21","post_date_gmt":"2022-07-28 15:19:21","post_content":"","post_title":"ALEJANDRO LLANO","post_excerpt":"","post_status":"publish","comment_status":"closed","ping_status":"closed","post_password":"","post_name":"alejandro-llano","to_ping":"","pinged":"","post_modified":"2022-07-28 17:19:21","post_modified_gmt":"2022-07-28 15:19:21","post_content_filtered":"","post_parent":0,"guid":"http:\/\/dev.claret.cat\/autor\/alejandro-llano\/","menu_order":0,"post_type":"autor","post_mime_type":"","comment_count":"0","filter":"raw"},{"ID":349432,"post_author":"3","post_date":"2023-01-14 06:01:14","post_date_gmt":"2023-01-14 05:01:14","post_content":"","post_title":"FERNANDO INCIARTE","post_excerpt":"","post_status":"publish","comment_status":"closed","ping_status":"closed","post_password":"","post_name":"fernando-inciarte","to_ping":"","pinged":"","post_modified":"2023-01-14 06:01:14","post_modified_gmt":"2023-01-14 05:01:14","post_content_filtered":"","post_parent":0,"guid":"https:\/\/www.claret.cat\/autor\/fernando-inciarte\/","menu_order":0,"post_type":"autor","post_mime_type":"","comment_count":"0","filter":"raw"}],"autor":"INCIARTE, FERNANDO; LLANO","codart":"847057527","libros-coleccion":"Pensamiento y Teolog\u00eda","ediciones":"1","encuadernacion":"R\u00fastica","fecha_de_publicacion":"04\/02\/2008","novedad":"0","paginas":"381","subtitulo":"","orden":"999","portada":"0","idioma":"spa","booktrailer":"","resenas":""},"aioseo_notices":[],"_links":{"self":[{"href":"https:\/\/www.claret.cat\/es\/wp-json\/wp\/v2\/product\/349433","targetHints":{"allow":["GET"]}}],"collection":[{"href":"https:\/\/www.claret.cat\/es\/wp-json\/wp\/v2\/product"}],"about":[{"href":"https:\/\/www.claret.cat\/es\/wp-json\/wp\/v2\/types\/product"}],"wp:featuredmedia":[{"embeddable":true,"href":"https:\/\/www.claret.cat\/es\/wp-json\/wp\/v2\/media\/349447"}],"wp:attachment":[{"href":"https:\/\/www.claret.cat\/es\/wp-json\/wp\/v2\/media?parent=349433"}],"wp:term":[{"taxonomy":"product_brand","embeddable":true,"href":"https:\/\/www.claret.cat\/es\/wp-json\/wp\/v2\/product_brand?post=349433"},{"taxonomy":"product_cat","embeddable":true,"href":"https:\/\/www.claret.cat\/es\/wp-json\/wp\/v2\/product_cat?post=349433"},{"taxonomy":"product_tag","embeddable":true,"href":"https:\/\/www.claret.cat\/es\/wp-json\/wp\/v2\/product_tag?post=349433"}],"curies":[{"name":"wp","href":"https:\/\/api.w.org\/{rel}","templated":true}]}}

METAFÍSICA TRAS EL FINAL DE LA METAFÍSICA

<p>¿Es todavía posible la indagación filosófica acerca de las cuestiones fundamentales de la existencia, tras la proclamación del final de la metafísica por parte de algunas corrientes del pensamiento actual? Éste es el interrogante básico al que es preciso responder si queremos renovar nuestra visión del mundo. No es una tema cultural cualquiera: planeta el sentido y alcance de la propia cultura y de su papel en la sociedad.<br />El paso por la decisiva prueba de su fina contribuye a dar con las claves que se hallaban latentes en la metafísica clásica y moderna. En el siglo XX, la filosofía ha experimentado el reto de su historificacion y su inmersión en el lenguaje. La hermenéutica, el positivismo, el deconstructivismo  y la historia postmetafisica del ser han sometido los planteamientos tradicionales a una critica radical. No se trata ahora de ignorar estas impugnaciones. Se trate de sobreponerse a ellas, teniendo en cuenta sus argumentos para proceder a una renovación de la propia metafísica. Es preciso hacerse de las razones del escepticismo y tratar de incorporarlo.<br />La metafísica busca la comprensión inmediata de la realidad originaria, el acceso a las cosas tal coma son de suyo. Pero el multiculturalismo y las nuevas galaxias de la comunicación lo tiñen todo con su acervo de interpretación y mediaciones. Si fuera posible, la filosofía primero rompería el alcance universal de la medicación que la acción humana y sus creaciones ejercen sobre el mundo y la sociedad. Más no cabe intentar el logro de la inmediatez de una manera estereotipada o simplista. Es preciso replantar las cuestiones clave de la ontología y la teoría del conocimiento.</p>

Pensamiento y Teología

Rústica
