{"id":34957,"date":"2022-10-02T17:56:14","date_gmt":"2022-10-02T15:56:14","guid":{"rendered":"http:\/\/dev.claret.cat\/producte\/al-comulgar-la-eucaristia-en-la-vida-cristiana\/"},"modified":"2023-11-10T17:10:35","modified_gmt":"2023-11-10T16:10:35","slug":"al-comulgar-la-eucaristia-en-la-vida-cristiana-9788412557305","status":"publish","type":"product","link":"https:\/\/www.claret.cat\/es\/libro\/al-comulgar-la-eucaristia-en-la-vida-cristiana-9788412557305\/","title":{"rendered":"AL COMULGAR. LA EUCARIST\u00cdA EN LA VIDA CRISTIANA"},"content":{"rendered":"<p>Escribi\u00f3 Teresa de Lisieux que, si pudi\u00e9semos ser <br \/> plenamente conscientes de lo que est\u00e1 sucediendo <br \/> cuando se consagran las hostias y se distribuye la <br \/> comuni\u00f3n, habr\u00eda piquetes de polic\u00edas a las puertas de <br \/> las iglesias para contener los tumultos que provocar\u00edan <br \/> las muchedumbres al abalanzarse para entrar. La <br \/> realidad, sin embargo, es que alrededor de dos tercios <br \/> de los cat\u00f3licos ven en la Eucarist\u00eda simplemente un <br \/> s\u00edmbolo y no la presencia real del cuerpo, sangre, alma <br \/> y divinidad de Jesucristo. Muchos cat\u00f3licos ignoran que <br \/> la presencia real es la doctrina de la Iglesia y dan por <br \/> sentado err\u00f3neamente que para la propia Iglesia el pan <br \/> y el vino utilizados en la comuni\u00f3n son simplemente <br \/> s\u00edmbolos del cuerpo y de la sangre de Jesucristo.<\/p>\n","protected":false},"excerpt":{"rendered":"<p>L\u00d3PEZ DE REGO, FERNANDO<\/p>\n","protected":false},"featured_media":940481,"template":"","meta":{"_acf_changed":false,"om_disable_all_campaigns":false,"rs_blank_template":"","rs_page_bg_color":"","slide_template_v7":"","inline_featured_image":false,"_monsterinsights_skip_tracking":false,"_monsterinsights_sitenote_active":false,"_monsterinsights_sitenote_note":"","_monsterinsights_sitenote_category":0},"product_brand":[],"product_cat":[502,257],"product_tag":[],"class_list":{"0":"post-34957","1":"product","2":"type-product","3":"status-publish","4":"has-post-thumbnail","6":"product_cat-obras-generales-liturgia-1_espiritualidad","7":"product_cat-obres-generals-liturgia-1_espiritualitat","9":"first","10":"instock","11":"taxable","12":"shipping-taxable","13":"purchasable","14":"product-type-simple"},"acf":{"autor":"L\u00d3PEZ DE REGO, FERNANDO","codart":"841255730","libros-coleccion":"","ediciones":"1","encuadernacion":"R\u00fastica","fecha_de_publicacion":"01\/09\/2022","novedad":"1","paginas":"192","subtitulo":"LA EUCARIST\u00cdA EN LA VIDA CRISTIANA","orden":"0","portada":"0","idioma":"spa","editorial":[{"ID":6394,"post_author":"3","post_date":"2022-07-28 17:51:13","post_date_gmt":"2022-07-28 15:51:13","post_content":"","post_title":"VOZ DE PAPEL","post_excerpt":"","post_status":"publish","comment_status":"closed","ping_status":"closed","post_password":"","post_name":"voz-de-papel","to_ping":"","pinged":"","post_modified":"2022-07-28 17:51:13","post_modified_gmt":"2022-07-28 15:51:13","post_content_filtered":"","post_parent":0,"guid":"http:\/\/dev.claret.cat\/editorial\/voz-de-papel\/","menu_order":0,"post_type":"editorial","post_mime_type":"","comment_count":"0","filter":"raw"}],"autores-libros":[{"ID":155840,"post_author":"3","post_date":"2022-10-14 15:16:03","post_date_gmt":"2022-10-14 13:16:03","post_content":"","post_title":"FERNANDO L\u00d3PEZ DE REGO","post_excerpt":"","post_status":"publish","comment_status":"closed","ping_status":"closed","post_password":"","post_name":"fernando-lopez-de-rego","to_ping":"","pinged":"","post_modified":"2022-10-14 15:16:03","post_modified_gmt":"2022-10-14 13:16:03","post_content_filtered":"","post_parent":0,"guid":"http:\/\/dev.claret.cat\/autor\/fernando-lopez-de-rego\/","menu_order":0,"post_type":"autor","post_mime_type":"","comment_count":"0","filter":"raw"}]},"aioseo_notices":[],"_links":{"self":[{"href":"https:\/\/www.claret.cat\/es\/wp-json\/wp\/v2\/product\/34957","targetHints":{"allow":["GET"]}}],"collection":[{"href":"https:\/\/www.claret.cat\/es\/wp-json\/wp\/v2\/product"}],"about":[{"href":"https:\/\/www.claret.cat\/es\/wp-json\/wp\/v2\/types\/product"}],"wp:featuredmedia":[{"embeddable":true,"href":"https:\/\/www.claret.cat\/es\/wp-json\/wp\/v2\/media\/940481"}],"wp:attachment":[{"href":"https:\/\/www.claret.cat\/es\/wp-json\/wp\/v2\/media?parent=34957"}],"wp:term":[{"taxonomy":"product_brand","embeddable":true,"href":"https:\/\/www.claret.cat\/es\/wp-json\/wp\/v2\/product_brand?post=34957"},{"taxonomy":"product_cat","embeddable":true,"href":"https:\/\/www.claret.cat\/es\/wp-json\/wp\/v2\/product_cat?post=34957"},{"taxonomy":"product_tag","embeddable":true,"href":"https:\/\/www.claret.cat\/es\/wp-json\/wp\/v2\/product_tag?post=34957"}],"curies":[{"name":"wp","href":"https:\/\/api.w.org\/{rel}","templated":true}]}}

AL COMULGAR. LA EUCARISTÍA EN LA VIDA CRISTIANA

<p>Escribió Teresa de Lisieux que, si pudiésemos ser <br /> plenamente conscientes de lo que está sucediendo <br /> cuando se consagran las hostias y se distribuye la <br /> comunión, habría piquetes de policías a las puertas de <br /> las iglesias para contener los tumultos que provocarían <br /> las muchedumbres al abalanzarse para entrar. La <br /> realidad, sin embargo, es que alrededor de dos tercios <br /> de los católicos ven en la Eucaristía simplemente un <br /> símbolo y no la presencia real del cuerpo, sangre, alma <br /> y divinidad de Jesucristo. Muchos católicos ignoran que <br /> la presencia real es la doctrina de la Iglesia y dan por <br /> sentado erróneamente que para la propia Iglesia el pan <br /> y el vino utilizados en la comunión son simplemente <br /> símbolos del cuerpo y de la sangre de Jesucristo.</p>

<p>LÓPEZ DE REGO, FERNANDO</p>

LÓPEZ DE REGO, FERNANDO

Rústica

LA EUCARISTÍA EN LA VIDA CRISTIANA

FERNANDO LÓPEZ DE REGO
