{"id":351190,"date":"2023-01-14T10:48:03","date_gmt":"2023-01-14T09:48:03","guid":{"rendered":"https:\/\/www.claret.cat\/llibre\/francesc-dassis-sant-i-ecologista-9788472632110\/"},"modified":"2024-05-23T17:55:08","modified_gmt":"2024-05-23T15:55:08","slug":"francesc-dassis-sant-i-ecologista-9788472632110","status":"publish","type":"product","link":"https:\/\/www.claret.cat\/es\/libro\/francesc-dassis-sant-i-ecologista-9788472632110\/","title":{"rendered":"FRANCESC D&#8217;ASS\u00cdS SANT I ECOLOGISTA"},"content":{"rendered":"<p>Sant Francesc no s&#8217;hagu\u00e9 de reconciliar mai amb la natura perqu\u00e8 ell mai no la consider\u00e0 ni esclava ni hostil. Ell, simplement, n&#8217;era amic: l&#8217;estimava des de sempre.<br \/>Del \u00abC\u00e0ntic del Germ\u00e0 Sol\u00bb:<br \/>Lloat siguis, Senyor,<br \/>per l&#8217;Aigua,<br \/>la germana servidora i humil,<br \/>preuada i casta.<br \/>Lloat siguis, Senyor, pel germ\u00e0 Foc:<br \/>amb ell il\u00b7lumines la nit,<br \/>i \u00e9s bell, gai, cepat i fort.<br \/>Lloat siguis, Senyor,<br \/>per madona la Mare Terra<br \/>que ens nodreix i ens governa<br \/>i lleva fruits i herbei<br \/>i flors acolorides.<br \/>Lloem i bene\u00efm el meu Senyor,<br \/>sigui per tot regraciat.<br \/>Servim-lo amb escreix d&#8217;humilitat.<br \/>Sant Francesc d&#8217;Ass\u00eds<\/p>\n","protected":false},"excerpt":{"rendered":"<p>GAMISSANS, FRANCESC<\/p>\n","protected":false},"featured_media":351191,"template":"","meta":{"_acf_changed":false,"om_disable_all_campaigns":false,"rs_blank_template":"","rs_page_bg_color":"","slide_template_v7":"","inline_featured_image":false,"_monsterinsights_skip_tracking":false,"_monsterinsights_sitenote_active":false,"_monsterinsights_sitenote_note":"","_monsterinsights_sitenote_category":0},"product_brand":[],"product_cat":[581,491,241],"product_tag":[],"class_list":{"0":"post-351190","1":"product","2":"type-product","3":"status-publish","4":"has-post-thumbnail","6":"product_cat-editorial-claret","7":"product_cat-testimonios","8":"product_cat-testimonis","10":"first","11":"instock","12":"taxable","13":"shipping-taxable","14":"purchasable","15":"product-type-simple"},"acf":{"editorial":[{"ID":6158,"post_author":"3","post_date":"2022-07-28 17:46:08","post_date_gmt":"2022-07-28 15:46:08","post_content":"","post_title":"CLARET","post_excerpt":"","post_status":"publish","comment_status":"closed","ping_status":"closed","post_password":"","post_name":"claret","to_ping":"","pinged":"","post_modified":"2022-07-28 17:46:08","post_modified_gmt":"2022-07-28 15:46:08","post_content_filtered":"","post_parent":0,"guid":"http:\/\/dev.claret.cat\/editorial\/claret\/","menu_order":0,"post_type":"editorial","post_mime_type":"","comment_count":"0","filter":"raw"}],"autores-libros":[{"ID":315561,"post_author":"3","post_date":"2023-01-02 15:55:15","post_date_gmt":"2023-01-02 14:55:15","post_content":"","post_title":"FRANCESC GAMISSANS ANGLADA","post_excerpt":"","post_status":"publish","comment_status":"closed","ping_status":"closed","post_password":"","post_name":"francesc-gamissans-anglada","to_ping":"","pinged":"","post_modified":"2023-01-02 15:55:15","post_modified_gmt":"2023-01-02 14:55:15","post_content_filtered":"","post_parent":0,"guid":"https:\/\/www.claret.cat\/autor\/francesc-gamissans-anglada\/","menu_order":0,"post_type":"autor","post_mime_type":"","comment_count":"0","filter":"raw"}],"autor":"GAMISSANS, FRANCESC","codart":"847263211","libros-coleccion":"ELS DAUS","ediciones":"2","encuadernacion":"R\u00fastica","fecha_de_publicacion":"01\/06\/1986","novedad":"0","paginas":"160","subtitulo":"","orden":"999","portada":"0","idioma":"cat"},"aioseo_notices":[],"_links":{"self":[{"href":"https:\/\/www.claret.cat\/es\/wp-json\/wp\/v2\/product\/351190","targetHints":{"allow":["GET"]}}],"collection":[{"href":"https:\/\/www.claret.cat\/es\/wp-json\/wp\/v2\/product"}],"about":[{"href":"https:\/\/www.claret.cat\/es\/wp-json\/wp\/v2\/types\/product"}],"wp:featuredmedia":[{"embeddable":true,"href":"https:\/\/www.claret.cat\/es\/wp-json\/wp\/v2\/media\/351191"}],"wp:attachment":[{"href":"https:\/\/www.claret.cat\/es\/wp-json\/wp\/v2\/media?parent=351190"}],"wp:term":[{"taxonomy":"product_brand","embeddable":true,"href":"https:\/\/www.claret.cat\/es\/wp-json\/wp\/v2\/product_brand?post=351190"},{"taxonomy":"product_cat","embeddable":true,"href":"https:\/\/www.claret.cat\/es\/wp-json\/wp\/v2\/product_cat?post=351190"},{"taxonomy":"product_tag","embeddable":true,"href":"https:\/\/www.claret.cat\/es\/wp-json\/wp\/v2\/product_tag?post=351190"}],"curies":[{"name":"wp","href":"https:\/\/api.w.org\/{rel}","templated":true}]}}

FRANCESC D&#8217;ASSÍS SANT I ECOLOGISTA

<p>Sant Francesc no s&#8217;hagué de reconciliar mai amb la natura perquè ell mai no la considerà ni esclava ni hostil. Ell, simplement, n&#8217;era amic: l&#8217;estimava des de sempre.<br />Del «Càntic del Germà Sol»:<br />Lloat siguis, Senyor,<br />per l&#8217;Aigua,<br />la germana servidora i humil,<br />preuada i casta.<br />Lloat siguis, Senyor, pel germà Foc:<br />amb ell il·lumines la nit,<br />i és bell, gai, cepat i fort.<br />Lloat siguis, Senyor,<br />per madona la Mare Terra<br />que ens nodreix i ens governa<br />i lleva fruits i herbei<br />i flors acolorides.<br />Lloem i beneïm el meu Senyor,<br />sigui per tot regraciat.<br />Servim-lo amb escreix d&#8217;humilitat.<br />Sant Francesc d&#8217;Assís</p>

Rústica
