{"id":351496,"date":"2023-01-14T11:27:22","date_gmt":"2023-01-14T10:27:22","guid":{"rendered":"https:\/\/www.claret.cat\/llibre\/clara-de-nom-i-de-fets-9788472638273\/"},"modified":"2024-05-23T17:34:44","modified_gmt":"2024-05-23T15:34:44","slug":"clara-de-nom-i-de-fets-9788472638273","status":"publish","type":"product","link":"https:\/\/www.claret.cat\/es\/libro\/clara-de-nom-i-de-fets-9788472638273\/","title":{"rendered":"CLARA DE NOM I DE FETS"},"content":{"rendered":"<p>El prop\u00f2sit de l&#8217;autor \u00e9s explicar la vida de Clara, una noia de fa 800 anys, als joves d&#8217;avui que naveguen en direccions si no del tot oposades, s\u00ed amb un nord de br\u00faixola diferent.<br \/>L&#8217;autor explica la vida de santa Clara, una noia de fa 800 anys als joves d&#8217;avui. Malgrat que es puguin superar les circumst\u00e0ncies hist\u00f2riques de llavors amb les d&#8217;ara, fa la impressi\u00f3 que molts joves d&#8217;avui entendran el llibre com un conte de fades. \u00c9s una esp\u00e8cie de Blancaneus amb un pr\u00edncep: Jes\u00fas, al qual Clara va seguir pels camins de la pobresa. Els joves d&#8217;avui, nois i noies, tamb\u00e9 el poden trobar per diversos camins de benauran\u00e7a, que encara serpentegen pel terra del m\u00f3n modern.<\/p>\n","protected":false},"excerpt":{"rendered":"<p>GAMISSANS, FRANCESC<\/p>\n","protected":false},"featured_media":351497,"template":"","meta":{"_acf_changed":false,"om_disable_all_campaigns":false,"rs_blank_template":"","rs_page_bg_color":"","slide_template_v7":"","inline_featured_image":false,"_monsterinsights_skip_tracking":false,"_monsterinsights_sitenote_active":false,"_monsterinsights_sitenote_note":"","_monsterinsights_sitenote_category":0},"product_brand":[],"product_cat":[581,493,243,491,241],"product_tag":[],"class_list":{"0":"post-351496","1":"product","2":"type-product","3":"status-publish","4":"has-post-thumbnail","6":"product_cat-editorial-claret","7":"product_cat-franciscana-espiritualidad-1_espiritualidad","8":"product_cat-franciscana","9":"product_cat-testimonios","10":"product_cat-testimonis","12":"first","13":"instock","14":"taxable","15":"shipping-taxable","16":"purchasable","17":"product-type-simple"},"acf":{"editorial":[{"ID":6158,"post_author":"3","post_date":"2022-07-28 17:46:08","post_date_gmt":"2022-07-28 15:46:08","post_content":"","post_title":"CLARET","post_excerpt":"","post_status":"publish","comment_status":"closed","ping_status":"closed","post_password":"","post_name":"claret","to_ping":"","pinged":"","post_modified":"2022-07-28 17:46:08","post_modified_gmt":"2022-07-28 15:46:08","post_content_filtered":"","post_parent":0,"guid":"http:\/\/dev.claret.cat\/editorial\/claret\/","menu_order":0,"post_type":"editorial","post_mime_type":"","comment_count":"0","filter":"raw"}],"autores-libros":[{"ID":315561,"post_author":"3","post_date":"2023-01-02 15:55:15","post_date_gmt":"2023-01-02 14:55:15","post_content":"","post_title":"FRANCESC GAMISSANS ANGLADA","post_excerpt":"","post_status":"publish","comment_status":"closed","ping_status":"closed","post_password":"","post_name":"francesc-gamissans-anglada","to_ping":"","pinged":"","post_modified":"2023-01-02 15:55:15","post_modified_gmt":"2023-01-02 14:55:15","post_content_filtered":"","post_parent":0,"guid":"https:\/\/www.claret.cat\/autor\/francesc-gamissans-anglada\/","menu_order":0,"post_type":"autor","post_mime_type":"","comment_count":"0","filter":"raw"}],"autor":"GAMISSANS, FRANCESC","codart":"847263827","libros-coleccion":"ELS DAUS","ediciones":"2","encuadernacion":"R\u00fastica","fecha_de_publicacion":"01\/12\/1992","novedad":"0","paginas":"96","subtitulo":"","orden":"999","portada":"0","idioma":"cat"},"aioseo_notices":[],"_links":{"self":[{"href":"https:\/\/www.claret.cat\/es\/wp-json\/wp\/v2\/product\/351496","targetHints":{"allow":["GET"]}}],"collection":[{"href":"https:\/\/www.claret.cat\/es\/wp-json\/wp\/v2\/product"}],"about":[{"href":"https:\/\/www.claret.cat\/es\/wp-json\/wp\/v2\/types\/product"}],"wp:featuredmedia":[{"embeddable":true,"href":"https:\/\/www.claret.cat\/es\/wp-json\/wp\/v2\/media\/351497"}],"wp:attachment":[{"href":"https:\/\/www.claret.cat\/es\/wp-json\/wp\/v2\/media?parent=351496"}],"wp:term":[{"taxonomy":"product_brand","embeddable":true,"href":"https:\/\/www.claret.cat\/es\/wp-json\/wp\/v2\/product_brand?post=351496"},{"taxonomy":"product_cat","embeddable":true,"href":"https:\/\/www.claret.cat\/es\/wp-json\/wp\/v2\/product_cat?post=351496"},{"taxonomy":"product_tag","embeddable":true,"href":"https:\/\/www.claret.cat\/es\/wp-json\/wp\/v2\/product_tag?post=351496"}],"curies":[{"name":"wp","href":"https:\/\/api.w.org\/{rel}","templated":true}]}}

<p>El propòsit de l&#8217;autor és explicar la vida de Clara, una noia de fa 800 anys, als joves d&#8217;avui que naveguen en direccions si no del tot oposades, sí amb un nord de brúixola diferent.<br />L&#8217;autor explica la vida de santa Clara, una noia de fa 800 anys als joves d&#8217;avui. Malgrat que es puguin superar les circumstàncies històriques de llavors amb les d&#8217;ara, fa la impressió que molts joves d&#8217;avui entendran el llibre com un conte de fades. És una espècie de Blancaneus amb un príncep: Jesús, al qual Clara va seguir pels camins de la pobresa. Els joves d&#8217;avui, nois i noies, també el poden trobar per diversos camins de benaurança, que encara serpentegen pel terra del món modern.</p>

Rústica
