{"id":351982,"date":"2023-01-14T12:26:45","date_gmt":"2023-01-14T11:26:45","guid":{"rendered":"https:\/\/www.claret.cat\/llibre\/la-meva-primera-comunio-9788474675382\/"},"modified":"2026-04-24T13:36:48","modified_gmt":"2026-04-24T11:36:48","slug":"la-meva-primera-comunio-9788474675382","status":"publish","type":"product","link":"https:\/\/www.claret.cat\/es\/libro\/la-meva-primera-comunio-9788474675382\/","title":{"rendered":"LA MEVA PRIMERA COMUNIO"},"content":{"rendered":"<p>Un regal vist\u00f3s i cristianament digne. Amb espai per anotar-hi les dades de la festa, unes paraules del catequista i del prevere, les signatures dels assistents\u2026 I l&#8217;explicaci\u00f3 del sentit de l&#8217;Eucaristia, com continuar en el cam\u00ed cristi\u00e0, una selecci\u00f3 de paraules de Jes\u00fas, algunes preg\u00e0ries&#8230;<\/p>\n","protected":false},"excerpt":{"rendered":"<p>LLIGADAS, JOSEP<\/p>\n","protected":false},"featured_media":351983,"template":"","meta":{"_acf_changed":false,"om_disable_all_campaigns":false,"rs_blank_template":"","rs_page_bg_color":"","slide_template_v7":"","inline_featured_image":false,"_monsterinsights_skip_tracking":false,"_monsterinsights_sitenote_active":false,"_monsterinsights_sitenote_note":"","_monsterinsights_sitenote_category":0},"product_brand":[],"product_cat":[312],"product_tag":[],"class_list":{"0":"post-351982","1":"product","2":"type-product","3":"status-publish","4":"has-post-thumbnail","6":"product_cat-portada","8":"first","9":"instock","10":"taxable","11":"shipping-taxable","12":"purchasable","13":"product-type-simple"},"acf":{"editorial":[{"ID":6172,"post_author":"3","post_date":"2022-07-28 17:46:27","post_date_gmt":"2022-07-28 15:46:27","post_content":"","post_title":"CPL","post_excerpt":"","post_status":"publish","comment_status":"closed","ping_status":"closed","post_password":"","post_name":"cpl","to_ping":"","pinged":"","post_modified":"2022-07-28 17:46:27","post_modified_gmt":"2022-07-28 15:46:27","post_content_filtered":"","post_parent":0,"guid":"http:\/\/dev.claret.cat\/editorial\/cpl\/","menu_order":0,"post_type":"editorial","post_mime_type":"","comment_count":"0","filter":"raw"}],"autores-libros":[{"ID":5662,"post_author":"3","post_date":"2022-07-28 17:28:48","post_date_gmt":"2022-07-28 15:28:48","post_content":"","post_title":"JOSEP LLIGADAS","post_excerpt":"","post_status":"publish","comment_status":"closed","ping_status":"closed","post_password":"","post_name":"josep-lligadas","to_ping":"","pinged":"","post_modified":"2022-07-28 17:28:48","post_modified_gmt":"2022-07-28 15:28:48","post_content_filtered":"","post_parent":0,"guid":"http:\/\/dev.claret.cat\/autor\/josep-lligadas\/","menu_order":0,"post_type":"autor","post_mime_type":"","comment_count":"0","filter":"raw"}],"autor":"LLIGADAS, JOSEP","codart":"847467538","libros-coleccion":"FORA DE COL.LECCI\u00d3","ediciones":"1","encuadernacion":"Carton\u00e9","fecha_de_publicacion":"01\/02\/1999","novedad":"0","paginas":"44","subtitulo":"","orden":"999","portada":"0","idioma":"cat","booktrailer":"","resenas":""},"aioseo_notices":[],"_links":{"self":[{"href":"https:\/\/www.claret.cat\/es\/wp-json\/wp\/v2\/product\/351982","targetHints":{"allow":["GET"]}}],"collection":[{"href":"https:\/\/www.claret.cat\/es\/wp-json\/wp\/v2\/product"}],"about":[{"href":"https:\/\/www.claret.cat\/es\/wp-json\/wp\/v2\/types\/product"}],"wp:featuredmedia":[{"embeddable":true,"href":"https:\/\/www.claret.cat\/es\/wp-json\/wp\/v2\/media\/351983"}],"wp:attachment":[{"href":"https:\/\/www.claret.cat\/es\/wp-json\/wp\/v2\/media?parent=351982"}],"wp:term":[{"taxonomy":"product_brand","embeddable":true,"href":"https:\/\/www.claret.cat\/es\/wp-json\/wp\/v2\/product_brand?post=351982"},{"taxonomy":"product_cat","embeddable":true,"href":"https:\/\/www.claret.cat\/es\/wp-json\/wp\/v2\/product_cat?post=351982"},{"taxonomy":"product_tag","embeddable":true,"href":"https:\/\/www.claret.cat\/es\/wp-json\/wp\/v2\/product_tag?post=351982"}],"curies":[{"name":"wp","href":"https:\/\/api.w.org\/{rel}","templated":true}]}}

<p>Un regal vistós i cristianament digne. Amb espai per anotar-hi les dades de la festa, unes paraules del catequista i del prevere, les signatures dels assistents… I l&#8217;explicació del sentit de l&#8217;Eucaristia, com continuar en el camí cristià, una selecció de paraules de Jesús, algunes pregàries&#8230;</p>

FORA DE COL.LECCIÓ

Cartoné
