{"id":35461,"date":"2022-10-02T18:03:59","date_gmt":"2022-10-02T16:03:59","guid":{"rendered":"http:\/\/dev.claret.cat\/producte\/el-poder-del-bautismo-cristiano\/"},"modified":"2024-05-24T04:17:54","modified_gmt":"2024-05-24T02:17:54","slug":"el-poder-del-bautismo-cristiano-9788432162121","status":"publish","type":"product","link":"https:\/\/www.claret.cat\/es\/libro\/el-poder-del-bautismo-cristiano-9788432162121\/","title":{"rendered":"EL PODER DEL BAUTISMO CRISTIANO"},"content":{"rendered":"<p>Gu\u00eda para aquellos que deseen profundizar en su fe y dar a su vida un sentido plenamente cristiano.<\/p>\n","protected":false},"excerpt":{"rendered":"<p>VAN HAVRE, DIDIER<\/p>\n","protected":false},"featured_media":344722,"template":"","meta":{"_acf_changed":false,"om_disable_all_campaigns":false,"rs_blank_template":"","rs_page_bg_color":"","slide_template_v7":"","inline_featured_image":false,"_monsterinsights_skip_tracking":false,"_monsterinsights_sitenote_active":false,"_monsterinsights_sitenote_note":"","_monsterinsights_sitenote_category":0},"product_brand":[],"product_cat":[249,498],"product_tag":[],"class_list":{"0":"post-35461","1":"product","2":"type-product","3":"status-publish","4":"has-post-thumbnail","6":"product_cat-de-la-iniciacio-cristiana","7":"product_cat-de-la-iniciacion-cristiana","9":"first","10":"instock","11":"taxable","12":"shipping-taxable","13":"purchasable","14":"product-type-simple"},"acf":{"autor":"VAN HAVRE, DIDIER","codart":"843216212","libros-coleccion":"Religi\u00f3n. Fuera de Colecci\u00f3n","ediciones":"1","encuadernacion":"R\u00fastica","fecha_de_publicacion":"05\/09\/2022","novedad":"1","paginas":"158","subtitulo":"","orden":"0","portada":"0","idioma":"spa","editorial":[{"ID":6348,"post_author":"3","post_date":"2022-07-28 17:50:16","post_date_gmt":"2022-07-28 15:50:16","post_content":"","post_title":"Rialp","post_excerpt":"","post_status":"publish","comment_status":"closed","ping_status":"closed","post_password":"","post_name":"rialp","to_ping":"","pinged":"","post_modified":"2022-07-28 17:50:16","post_modified_gmt":"2022-07-28 15:50:16","post_content_filtered":"","post_parent":0,"guid":"http:\/\/dev.claret.cat\/editorial\/rialp\/","menu_order":0,"post_type":"editorial","post_mime_type":"","comment_count":"0","filter":"raw"}],"autores-libros":[{"ID":154152,"post_author":"3","post_date":"2022-10-14 15:02:31","post_date_gmt":"2022-10-14 13:02:31","post_content":"","post_title":"DIDIER VAN HAVRE","post_excerpt":"","post_status":"publish","comment_status":"closed","ping_status":"closed","post_password":"","post_name":"didier-van-havre","to_ping":"","pinged":"","post_modified":"2022-10-14 15:02:31","post_modified_gmt":"2022-10-14 13:02:31","post_content_filtered":"","post_parent":0,"guid":"http:\/\/dev.claret.cat\/autor\/didier-van-havre\/","menu_order":0,"post_type":"autor","post_mime_type":"","comment_count":"0","filter":"raw"}]},"aioseo_notices":[],"_links":{"self":[{"href":"https:\/\/www.claret.cat\/es\/wp-json\/wp\/v2\/product\/35461","targetHints":{"allow":["GET"]}}],"collection":[{"href":"https:\/\/www.claret.cat\/es\/wp-json\/wp\/v2\/product"}],"about":[{"href":"https:\/\/www.claret.cat\/es\/wp-json\/wp\/v2\/types\/product"}],"wp:featuredmedia":[{"embeddable":true,"href":"https:\/\/www.claret.cat\/es\/wp-json\/wp\/v2\/media\/344722"}],"wp:attachment":[{"href":"https:\/\/www.claret.cat\/es\/wp-json\/wp\/v2\/media?parent=35461"}],"wp:term":[{"taxonomy":"product_brand","embeddable":true,"href":"https:\/\/www.claret.cat\/es\/wp-json\/wp\/v2\/product_brand?post=35461"},{"taxonomy":"product_cat","embeddable":true,"href":"https:\/\/www.claret.cat\/es\/wp-json\/wp\/v2\/product_cat?post=35461"},{"taxonomy":"product_tag","embeddable":true,"href":"https:\/\/www.claret.cat\/es\/wp-json\/wp\/v2\/product_tag?post=35461"}],"curies":[{"name":"wp","href":"https:\/\/api.w.org\/{rel}","templated":true}]}}

<p>Guía para aquellos que deseen profundizar en su fe y dar a su vida un sentido plenamente cristiano.</p>

Religión. Fuera de Colección

Rústica
