{"id":354636,"date":"2023-01-14T18:05:54","date_gmt":"2023-01-14T17:05:54","guid":{"rendered":"https:\/\/www.claret.cat\/llibre\/leccio-divina-para-la-vida-diaria-mateo-9788481697766\/"},"modified":"2025-12-15T13:30:07","modified_gmt":"2025-12-15T12:30:07","slug":"leccio-divina-para-la-vida-diaria-mateo-9788481697766","status":"publish","type":"product","link":"https:\/\/www.claret.cat\/es\/libro\/leccio-divina-para-la-vida-diaria-mateo-9788481697766\/","title":{"rendered":"LECCIO DIVINA PARA LA VIDA DIARIA. MATEO"},"content":{"rendered":"<p>La formaci\u00f3n espiritual es conocer, amar y dar testimonio de Cristo, porque el cristianismo es la experiencia de una persona viva, de Alguien que quiere entrar en di\u00e1logo con el hombre. Las fuentes vivas para la formaci\u00f3n espiritual son, hoy como siempre, la Biblia, la liturgia y los escritos de los Padres. La escucha de la Palabra de Dios en la comunidad cristiana se revela siempre como un \u00e1mbito privilegiado donde se manifiesta el Esp\u00edritu de Dios. El Esp\u00edritu hace viva la Palabra, y \u00e9sta se vuelve inteligible y siempre nueva en el interior de la Tradici\u00f3n y de la fe de la Iglesia (cf. DV 12).<br \/>La colecci\u00f3n Lectio divina para la vida diaria pretende sugerir un itinerario de lectio a partir de los textos m\u00e1s le\u00eddos y orados por la comunidad cristiana y por la tradici\u00f3n viva de la Iglesia. Estas p\u00e1ginas sieguen el m\u00e9todo cl\u00e1sico de la lecho divina y han sido enriquecidas con fragmentos antol\u00f3gicos de los comentarios que los Padres de la Iglesia y los maestros de la vida espiritual nos han transmitido.<br \/>Este volumen est\u00e1 dedicado al evangelio de Mateo, considerado en la Iglesia de los primeros siglos como el primer \u00abcatecismo\u00bb para educar en la fe a los creyentes tanto porque ofrece una gran cantidad de temas pastorales como porque la comunidad cristiana vio reflejada en \u00e9l el ansia por la fidelidad a las ense\u00f1anzas de Jes\u00fas-Maestro y el sendero seguro para caminar siguiendo su ejemplo hacia el Padre.<br \/>Mateo nos introduce en una experiencia personal con Cristo, que interpela la existencia del cristiano y nos exhorta a llevar una vida fraterna en comunidad, en la que se haga visible el amor a todos los hombres, especialmente a los \u00abpeque\u00f1os\u00bb, a los pobres y a los necesitados de perd\u00f3n.<\/p>\n","protected":false},"excerpt":{"rendered":"<p>ZEVINI, GIORGIO; GIORDIAN<\/p>\n","protected":false},"featured_media":1007100,"template":"","meta":{"_acf_changed":false,"om_disable_all_campaigns":false,"rs_blank_template":"","rs_page_bg_color":"","slide_template_v7":"","inline_featured_image":false,"_monsterinsights_skip_tracking":false,"_monsterinsights_sitenote_active":false,"_monsterinsights_sitenote_note":"","_monsterinsights_sitenote_category":0},"product_brand":[],"product_cat":[341,75,93,543,345,79,346,80],"product_tag":[],"class_list":{"0":"post-354636","1":"product","2":"type-product","3":"status-publish","4":"has-post-thumbnail","6":"product_cat-biblia-es","7":"product_cat-biblia","8":"product_cat-eclesiologia","9":"product_cat-eclesiologia-es","10":"product_cat-espiritualidad","11":"product_cat-espiritualitat","12":"product_cat-libros-liturgia","13":"product_cat-liturgia","15":"first","16":"instock","17":"taxable","18":"shipping-taxable","19":"purchasable","20":"product-type-simple"},"acf":{"editorial":[{"ID":6390,"post_author":"3","post_date":"2022-07-28 17:51:08","post_date_gmt":"2022-07-28 15:51:08","post_content":"","post_title":"VERBO DIVINO","post_excerpt":"","post_status":"publish","comment_status":"closed","ping_status":"closed","post_password":"","post_name":"verbo-divino","to_ping":"","pinged":"","post_modified":"2022-07-28 17:51:08","post_modified_gmt":"2022-07-28 15:51:08","post_content_filtered":"","post_parent":0,"guid":"http:\/\/dev.claret.cat\/editorial\/verbo-divino\/","menu_order":0,"post_type":"editorial","post_mime_type":"","comment_count":"0","filter":"raw"}],"autores-libros":[{"ID":156923,"post_author":"3","post_date":"2022-10-14 15:24:43","post_date_gmt":"2022-10-14 13:24:43","post_content":"","post_title":"GIORGIO (ed) ZEVINI","post_excerpt":"","post_status":"publish","comment_status":"closed","ping_status":"closed","post_password":"","post_name":"giorgio-ed-zevini","to_ping":"","pinged":"","post_modified":"2022-10-14 15:24:43","post_modified_gmt":"2022-10-14 13:24:43","post_content_filtered":"","post_parent":0,"guid":"http:\/\/dev.claret.cat\/autor\/giorgio-ed-zevini\/","menu_order":0,"post_type":"autor","post_mime_type":"","comment_count":"0","filter":"raw"},{"ID":354623,"post_author":"3","post_date":"2023-01-14 18:01:05","post_date_gmt":"2023-01-14 17:01:05","post_content":"","post_title":"PIER (ed) GIORDIANO CABRA","post_excerpt":"","post_status":"publish","comment_status":"closed","ping_status":"closed","post_password":"","post_name":"pier-ed-giordiano-cabra","to_ping":"","pinged":"","post_modified":"2023-01-14 18:01:05","post_modified_gmt":"2023-01-14 17:01:05","post_content_filtered":"","post_parent":0,"guid":"https:\/\/www.claret.cat\/autor\/pier-ed-giordiano-cabra\/","menu_order":0,"post_type":"autor","post_mime_type":"","comment_count":"0","filter":"raw"}],"autor":"ZEVINI, GIORGIO; GIORDIAN","codart":"848169776","libros-coleccion":"Lectio Divina","ediciones":"1","encuadernacion":"R\u00fastica","fecha_de_publicacion":"16\/11\/2007","novedad":"0","paginas":"610","subtitulo":"LECTIO DIVINA PARA LA VIDA DIARIA","orden":"0","portada":"0","idioma":"spa","booktrailer":"","resenas":""},"aioseo_notices":[],"_links":{"self":[{"href":"https:\/\/www.claret.cat\/es\/wp-json\/wp\/v2\/product\/354636","targetHints":{"allow":["GET"]}}],"collection":[{"href":"https:\/\/www.claret.cat\/es\/wp-json\/wp\/v2\/product"}],"about":[{"href":"https:\/\/www.claret.cat\/es\/wp-json\/wp\/v2\/types\/product"}],"wp:featuredmedia":[{"embeddable":true,"href":"https:\/\/www.claret.cat\/es\/wp-json\/wp\/v2\/media\/1007100"}],"wp:attachment":[{"href":"https:\/\/www.claret.cat\/es\/wp-json\/wp\/v2\/media?parent=354636"}],"wp:term":[{"taxonomy":"product_brand","embeddable":true,"href":"https:\/\/www.claret.cat\/es\/wp-json\/wp\/v2\/product_brand?post=354636"},{"taxonomy":"product_cat","embeddable":true,"href":"https:\/\/www.claret.cat\/es\/wp-json\/wp\/v2\/product_cat?post=354636"},{"taxonomy":"product_tag","embeddable":true,"href":"https:\/\/www.claret.cat\/es\/wp-json\/wp\/v2\/product_tag?post=354636"}],"curies":[{"name":"wp","href":"https:\/\/api.w.org\/{rel}","templated":true}]}}

<p>La formación espiritual es conocer, amar y dar testimonio de Cristo, porque el cristianismo es la experiencia de una persona viva, de Alguien que quiere entrar en diálogo con el hombre. Las fuentes vivas para la formación espiritual son, hoy como siempre, la Biblia, la liturgia y los escritos de los Padres. La escucha de la Palabra de Dios en la comunidad cristiana se revela siempre como un ámbito privilegiado donde se manifiesta el Espíritu de Dios. El Espíritu hace viva la Palabra, y ésta se vuelve inteligible y siempre nueva en el interior de la Tradición y de la fe de la Iglesia (cf. DV 12).<br />La colección Lectio divina para la vida diaria pretende sugerir un itinerario de lectio a partir de los textos más leídos y orados por la comunidad cristiana y por la tradición viva de la Iglesia. Estas páginas sieguen el método clásico de la lecho divina y han sido enriquecidas con fragmentos antológicos de los comentarios que los Padres de la Iglesia y los maestros de la vida espiritual nos han transmitido.<br />Este volumen está dedicado al evangelio de Mateo, considerado en la Iglesia de los primeros siglos como el primer «catecismo» para educar en la fe a los creyentes tanto porque ofrece una gran cantidad de temas pastorales como porque la comunidad cristiana vio reflejada en él el ansia por la fidelidad a las enseñanzas de Jesús-Maestro y el sendero seguro para caminar siguiendo su ejemplo hacia el Padre.<br />Mateo nos introduce en una experiencia personal con Cristo, que interpela la existencia del cristiano y nos exhorta a llevar una vida fraterna en comunidad, en la que se haga visible el amor a todos los hombres, especialmente a los «pequeños», a los pobres y a los necesitados de perdón.</p>

Rústica
