{"id":355389,"date":"2023-01-14T19:35:23","date_gmt":"2023-01-14T18:35:23","guid":{"rendered":"https:\/\/www.claret.cat\/llibre\/de-la-vida-y-de-la-muerte-9788482974392\/"},"modified":"2025-02-14T17:37:54","modified_gmt":"2025-02-14T16:37:54","slug":"de-la-vida-y-de-la-muerte-9788482974392","status":"publish","type":"product","link":"https:\/\/www.claret.cat\/es\/libro\/de-la-vida-y-de-la-muerte-9788482974392\/","title":{"rendered":"DE LA VIDA Y DE LA MUERTE"},"content":{"rendered":"<p>Vida y muerte, muerte y vida: dos caras de la misma moneda; a pesar de que la sociedad occidental intenta ignorar la \u00abcruz\u00bb de esta moneda y quedarse solo con la \u00abcara\u00bb.<br \/>Esta actitud de no querer ver la realidad no es muy adecuada pedag\u00f3gicamente, porque mantiene la idea de \u00abmuerte\u00bb en un estado psicol\u00f3gico latente en las personas, que es causa de muchas angustias y sufrimientos.<br \/>Editorial Claret, desde la convicci\u00f3n de la necesidad de desarrollar una pedagog\u00eda de la muerte que ayude a madurar a ni\u00f1os y j\u00f3venes, ha publicado este libro con el objetivo de llenar este gran vac\u00edo de nuestro sistema educativo.<br \/>La autora, Concepci\u00f3 Poch Avell\u00e1n \u2013ex profesora de filosof\u00eda y \u00e9tica de secundaria, miembro del Grupo de Investigaci\u00f3n en Valores de la Universidad Ramon Llull de Barcelona y del Equipo de Formaci\u00f3n en Valores del Instituto de Ciencias de la Educaci\u00f3n (ICE) de la Universidad Aut\u00f3noma de Barcelona (UAB)\u2013 ha estructurado el libro en dos partes. En la primera realiza una exposici\u00f3n, con un lenguaje riguroso pero accesible a todos, sobre el sentido de la vida y el sentido de la muerte. En la segunda parte nos ofrece un conjunto de propuestas did\u00e1cticas para trabajar en la ense\u00f1anza primaria, en secundaria y en el seno de las familias. Tambi\u00e9n contiene una bibliograf\u00eda comentada sobre el tema de la finitud.<\/p>\n","protected":false},"excerpt":{"rendered":"<p>POCH, CONCEPCIO<\/p>\n","protected":false},"featured_media":1005470,"template":"","meta":{"_acf_changed":false,"om_disable_all_campaigns":false,"rs_blank_template":"","rs_page_bg_color":"","slide_template_v7":"","inline_featured_image":false,"_monsterinsights_skip_tracking":false,"_monsterinsights_sitenote_active":false,"_monsterinsights_sitenote_note":"","_monsterinsights_sitenote_category":0},"product_brand":[],"product_cat":[573,140,581,143,576,479,220,188,381,574,141,437,163],"product_tag":[],"class_list":{"0":"post-355389","1":"product","2":"type-product","3":"status-publish","4":"has-post-thumbnail","6":"product_cat-bachillerato","7":"product_cat-batxillerat","8":"product_cat-editorial-claret","9":"product_cat-educacio-en-valors","10":"product_cat-educacion-en-valores-escolar-4_escolar-spa","11":"product_cat-juvenil-catequesis-1_espiritualidad","12":"product_cat-juvenil-catequesi","13":"product_cat-psicopedagogia","14":"product_cat-psicopedagogia-pedagogia-2_humanidades","15":"product_cat-tutoria-escolar-4_escolar-spa","16":"product_cat-tutoria","17":"product_cat-valores-y-convivencia","18":"product_cat-valors-i-convivencia","20":"first","21":"instock","22":"taxable","23":"shipping-taxable","24":"purchasable","25":"product-type-simple"},"acf":{"editorial":[{"ID":6158,"post_author":"3","post_date":"2022-07-28 17:46:08","post_date_gmt":"2022-07-28 15:46:08","post_content":"","post_title":"CLARET","post_excerpt":"","post_status":"publish","comment_status":"closed","ping_status":"closed","post_password":"","post_name":"claret","to_ping":"","pinged":"","post_modified":"2022-07-28 17:46:08","post_modified_gmt":"2022-07-28 15:46:08","post_content_filtered":"","post_parent":0,"guid":"http:\/\/dev.claret.cat\/editorial\/claret\/","menu_order":0,"post_type":"editorial","post_mime_type":"","comment_count":"0","filter":"raw"}],"autores-libros":[{"ID":355388,"post_author":"3","post_date":"2023-01-14 19:35:20","post_date_gmt":"2023-01-14 18:35:20","post_content":"","post_title":"CONCEPCI\u00d3 POCH AVELL\u00c1N","post_excerpt":"","post_status":"publish","comment_status":"closed","ping_status":"closed","post_password":"","post_name":"concepcio-poch-avellan","to_ping":"","pinged":"","post_modified":"2023-01-14 19:35:20","post_modified_gmt":"2023-01-14 18:35:20","post_content_filtered":"","post_parent":0,"guid":"https:\/\/www.claret.cat\/autor\/concepcio-poch-avellan\/","menu_order":0,"post_type":"autor","post_mime_type":"","comment_count":"0","filter":"raw"}],"autor":"POCH, CONCEPCIO","codart":"848297439","libros-coleccion":"PUNTO DE ENCUENTRO","ediciones":"1","encuadernacion":"R\u00fastica","fecha_de_publicacion":"01\/10\/2000","novedad":"0","paginas":"176","subtitulo":"REFLEXIONES Y PROPUESTAS PARA EDUCADORES Y PADRES","orden":"999","portada":"0","idioma":"spa"},"aioseo_notices":[],"_links":{"self":[{"href":"https:\/\/www.claret.cat\/es\/wp-json\/wp\/v2\/product\/355389","targetHints":{"allow":["GET"]}}],"collection":[{"href":"https:\/\/www.claret.cat\/es\/wp-json\/wp\/v2\/product"}],"about":[{"href":"https:\/\/www.claret.cat\/es\/wp-json\/wp\/v2\/types\/product"}],"wp:featuredmedia":[{"embeddable":true,"href":"https:\/\/www.claret.cat\/es\/wp-json\/wp\/v2\/media\/1005470"}],"wp:attachment":[{"href":"https:\/\/www.claret.cat\/es\/wp-json\/wp\/v2\/media?parent=355389"}],"wp:term":[{"taxonomy":"product_brand","embeddable":true,"href":"https:\/\/www.claret.cat\/es\/wp-json\/wp\/v2\/product_brand?post=355389"},{"taxonomy":"product_cat","embeddable":true,"href":"https:\/\/www.claret.cat\/es\/wp-json\/wp\/v2\/product_cat?post=355389"},{"taxonomy":"product_tag","embeddable":true,"href":"https:\/\/www.claret.cat\/es\/wp-json\/wp\/v2\/product_tag?post=355389"}],"curies":[{"name":"wp","href":"https:\/\/api.w.org\/{rel}","templated":true}]}}

<p>Vida y muerte, muerte y vida: dos caras de la misma moneda; a pesar de que la sociedad occidental intenta ignorar la «cruz» de esta moneda y quedarse solo con la «cara».<br />Esta actitud de no querer ver la realidad no es muy adecuada pedagógicamente, porque mantiene la idea de «muerte» en un estado psicológico latente en las personas, que es causa de muchas angustias y sufrimientos.<br />Editorial Claret, desde la convicción de la necesidad de desarrollar una pedagogía de la muerte que ayude a madurar a niños y jóvenes, ha publicado este libro con el objetivo de llenar este gran vacío de nuestro sistema educativo.<br />La autora, Concepció Poch Avellán –ex profesora de filosofía y ética de secundaria, miembro del Grupo de Investigación en Valores de la Universidad Ramon Llull de Barcelona y del Equipo de Formación en Valores del Instituto de Ciencias de la Educación (ICE) de la Universidad Autónoma de Barcelona (UAB)– ha estructurado el libro en dos partes. En la primera realiza una exposición, con un lenguaje riguroso pero accesible a todos, sobre el sentido de la vida y el sentido de la muerte. En la segunda parte nos ofrece un conjunto de propuestas didácticas para trabajar en la enseñanza primaria, en secundaria y en el seno de las familias. También contiene una bibliografía comentada sobre el tema de la finitud.</p>

CONCEPCIÓ POCH AVELLÁN

Rústica
