{"id":355526,"date":"2023-01-14T20:15:39","date_gmt":"2023-01-14T19:15:39","guid":{"rendered":"https:\/\/www.claret.cat\/llibre\/al-principi-hi-hague-la-dona-9788482975474\/"},"modified":"2025-01-08T17:11:38","modified_gmt":"2025-01-08T16:11:38","slug":"al-principi-hi-hague-la-dona-9788482975474","status":"publish","type":"product","link":"https:\/\/www.claret.cat\/es\/libro\/al-principi-hi-hague-la-dona-9788482975474\/","title":{"rendered":"AL PRINCIPI HI HAGU\u00c9 LA DONA"},"content":{"rendered":"<p>Un tractat acad\u00e8mic confeccionat b\u00e0sicament des de la lectura de molts escrits de dones, i m\u00e9s concretament de dones te\u00f2logues. L&#8217;autor fa un ampli recull d&#8217;aquelles q\u00fcestions que afecten primordialment les dones, no nom\u00e9s des de la interpretaci\u00f3 b\u00edblica usual i l&#8217;estudi dels textos del Magisteri, sin\u00f3 tamb\u00e9 des de l&#8217;\u00f2ptica de les feministes i les te\u00f2logues feministes. Ens convida aix\u00ed a superar les estructures ideol\u00f2giques pr\u00f2pies de la visi\u00f3 masculina dominant, sovint considerada cient\u00edfica, universal i objectiva, i a aprofitar tota l&#8217;aportaci\u00f3 teol\u00f2gica de les dones, que parteix de la realitat viscuda. <br \/>L&#8217;objectiu: dir que cal incorporar a la teologia tradicional pensada pels barons el llegat que les dones hi estan aportant, i amb igualtat de valoraci\u00f3. L&#8217;autor ha comen\u00e7at un cam\u00ed que amb tota seguretat molts altres seguiran.<\/p>\n","protected":false},"excerpt":{"rendered":"<p>GIL RIBAS, JOSEP<\/p>\n","protected":false},"featured_media":355542,"template":"","meta":{"_acf_changed":false,"om_disable_all_campaigns":false,"rs_blank_template":"","rs_page_bg_color":"","slide_template_v7":"","inline_featured_image":false,"_monsterinsights_skip_tracking":false,"_monsterinsights_sitenote_active":false,"_monsterinsights_sitenote_note":"","_monsterinsights_sitenote_category":0},"product_brand":[],"product_cat":[581,275,411,273,413,523,299],"product_tag":[],"class_list":{"0":"post-355526","1":"product","2":"type-product","3":"status-publish","4":"has-post-thumbnail","6":"product_cat-editorial-claret","7":"product_cat-fonamental","8":"product_cat-frontera-pastoral-1_espiritualidad","9":"product_cat-frontera","10":"product_cat-fundamental","11":"product_cat-laicos-y-testimonios","12":"product_cat-laics-i-testimonis","14":"first","15":"instock","16":"taxable","17":"shipping-taxable","18":"purchasable","19":"product-type-simple"},"acf":{"editorial":[{"ID":6158,"post_author":"3","post_date":"2022-07-28 17:46:08","post_date_gmt":"2022-07-28 15:46:08","post_content":"","post_title":"CLARET","post_excerpt":"","post_status":"publish","comment_status":"closed","ping_status":"closed","post_password":"","post_name":"claret","to_ping":"","pinged":"","post_modified":"2022-07-28 17:46:08","post_modified_gmt":"2022-07-28 15:46:08","post_content_filtered":"","post_parent":0,"guid":"http:\/\/dev.claret.cat\/editorial\/claret\/","menu_order":0,"post_type":"editorial","post_mime_type":"","comment_count":"0","filter":"raw"}],"autores-libros":[{"ID":160672,"post_author":"3","post_date":"2022-10-14 15:54:58","post_date_gmt":"2022-10-14 13:54:58","post_content":"","post_title":"JOSEP GIL RIBAS","post_excerpt":"","post_status":"publish","comment_status":"closed","ping_status":"closed","post_password":"","post_name":"josep-gil-ribas","to_ping":"","pinged":"","post_modified":"2022-10-14 15:54:58","post_modified_gmt":"2022-10-14 13:54:58","post_content_filtered":"","post_parent":0,"guid":"http:\/\/dev.claret.cat\/autor\/josep-gil-ribas\/","menu_order":0,"post_type":"autor","post_mime_type":"","comment_count":"0","filter":"raw"}],"autor":"GIL RIBAS, JOSEP","codart":"848297547","libros-coleccion":"HORITZONS","ediciones":"1","encuadernacion":"R\u00fastica","fecha_de_publicacion":"01\/05\/2002","novedad":"0","paginas":"564","subtitulo":"UN ASSAIG DE RECEPCI\u00d3 TEOL\u00d2GICA DEL FEMINISME","orden":"999","portada":"0","idioma":"cat"},"aioseo_notices":[],"_links":{"self":[{"href":"https:\/\/www.claret.cat\/es\/wp-json\/wp\/v2\/product\/355526","targetHints":{"allow":["GET"]}}],"collection":[{"href":"https:\/\/www.claret.cat\/es\/wp-json\/wp\/v2\/product"}],"about":[{"href":"https:\/\/www.claret.cat\/es\/wp-json\/wp\/v2\/types\/product"}],"wp:featuredmedia":[{"embeddable":true,"href":"https:\/\/www.claret.cat\/es\/wp-json\/wp\/v2\/media\/355542"}],"wp:attachment":[{"href":"https:\/\/www.claret.cat\/es\/wp-json\/wp\/v2\/media?parent=355526"}],"wp:term":[{"taxonomy":"product_brand","embeddable":true,"href":"https:\/\/www.claret.cat\/es\/wp-json\/wp\/v2\/product_brand?post=355526"},{"taxonomy":"product_cat","embeddable":true,"href":"https:\/\/www.claret.cat\/es\/wp-json\/wp\/v2\/product_cat?post=355526"},{"taxonomy":"product_tag","embeddable":true,"href":"https:\/\/www.claret.cat\/es\/wp-json\/wp\/v2\/product_tag?post=355526"}],"curies":[{"name":"wp","href":"https:\/\/api.w.org\/{rel}","templated":true}]}}

AL PRINCIPI HI HAGUÉ LA DONA

<p>Un tractat acadèmic confeccionat bàsicament des de la lectura de molts escrits de dones, i més concretament de dones teòlogues. L&#8217;autor fa un ampli recull d&#8217;aquelles qüestions que afecten primordialment les dones, no només des de la interpretació bíblica usual i l&#8217;estudi dels textos del Magisteri, sinó també des de l&#8217;òptica de les feministes i les teòlogues feministes. Ens convida així a superar les estructures ideològiques pròpies de la visió masculina dominant, sovint considerada científica, universal i objectiva, i a aprofitar tota l&#8217;aportació teològica de les dones, que parteix de la realitat viscuda. <br />L&#8217;objectiu: dir que cal incorporar a la teologia tradicional pensada pels barons el llegat que les dones hi estan aportant, i amb igualtat de valoració. L&#8217;autor ha començat un camí que amb tota seguretat molts altres seguiran.</p>

Rústica

UN ASSAIG DE RECEPCIÓ TEOLÒGICA DEL FEMINISME
