{"id":355576,"date":"2023-01-14T20:36:08","date_gmt":"2023-01-14T19:36:08","guid":{"rendered":"https:\/\/www.claret.cat\/llibre\/ratlles-paraules-i-pregaries-9788482975733\/"},"modified":"2025-02-14T16:28:14","modified_gmt":"2025-02-14T15:28:14","slug":"ratlles-paraules-i-pregaries-9788482975733","status":"publish","type":"product","link":"https:\/\/www.claret.cat\/es\/libro\/ratlles-paraules-i-pregaries-9788482975733\/","title":{"rendered":"RATLLES, PARAULES I PREG\u00c0RIES"},"content":{"rendered":"<p>En Pere Pujol t\u00e9 dos llibres publicats per Editorial Claret, ja esgotats: \u00abFites d&#8217;un Cam\u00ed I\u00bb (1984) i \u00abFites d&#8217;un cam\u00ed II\u00bb (1989), on, a trav\u00e9s de cartes a l&#8217;\u00abAmic\u00bb (Jes\u00fas), reflecteix la viv\u00e8ncia de cada dia.<br \/>Aquest nou volum destaca el m\u00e9s important de cada carta amb el bon desig d&#8217;oferir-ho al lector perqu\u00e8 ho visqui i en gaudeixi.<br \/>S\u00f3n ratlles per llegir en la calma i en el silenci del cor. Paraules senzilles, sense pretensions, sorgides al ritme del cor. Tamb\u00e9 s\u00f3n paraules de confian\u00e7a, d&#8217;acceptaci\u00f3, lluita i superaci\u00f3.<br \/>\u00abRatlles, paraules i preg\u00e0ries\u00bb vol fer servei a tothom qui, amb cor sincer, cerqui el punt \u00fanic on tot l&#8217;afany hum\u00e0 malda per arribar, amb ratlles rectes o tortes, fermes o fluixes.<\/p>\n","protected":false},"excerpt":{"rendered":"<p>PUJOL, PERE<\/p>\n","protected":false},"featured_media":1005355,"template":"","meta":{"_acf_changed":false,"om_disable_all_campaigns":false,"rs_blank_template":"","rs_page_bg_color":"","slide_template_v7":"","inline_featured_image":false,"_monsterinsights_skip_tracking":false,"_monsterinsights_sitenote_active":false,"_monsterinsights_sitenote_note":"","_monsterinsights_sitenote_category":0},"product_brand":[],"product_cat":[581,497,248,394,236],"product_tag":[],"class_list":{"0":"post-355576","1":"product","2":"type-product","3":"status-publish","4":"has-post-thumbnail","6":"product_cat-editorial-claret","7":"product_cat-meditaciones","8":"product_cat-meditacions","9":"product_cat-vida-cotidiana","10":"product_cat-vida-quotidiana","12":"first","13":"outofstock","14":"taxable","15":"shipping-taxable","16":"purchasable","17":"product-type-simple"},"acf":{"editorial":[{"ID":6158,"post_author":"3","post_date":"2022-07-28 17:46:08","post_date_gmt":"2022-07-28 15:46:08","post_content":"","post_title":"CLARET","post_excerpt":"","post_status":"publish","comment_status":"closed","ping_status":"closed","post_password":"","post_name":"claret","to_ping":"","pinged":"","post_modified":"2022-07-28 17:46:08","post_modified_gmt":"2022-07-28 15:46:08","post_content_filtered":"","post_parent":0,"guid":"http:\/\/dev.claret.cat\/editorial\/claret\/","menu_order":0,"post_type":"editorial","post_mime_type":"","comment_count":"0","filter":"raw"}],"autores-libros":[{"ID":355575,"post_author":"3","post_date":"2023-01-14 20:36:05","post_date_gmt":"2023-01-14 19:36:05","post_content":"","post_title":"PERE PUJOL CUSACHS","post_excerpt":"","post_status":"publish","comment_status":"closed","ping_status":"closed","post_password":"","post_name":"pere-pujol-cusachs","to_ping":"","pinged":"","post_modified":"2023-01-14 20:36:05","post_modified_gmt":"2023-01-14 19:36:05","post_content_filtered":"","post_parent":0,"guid":"https:\/\/www.claret.cat\/autor\/pere-pujol-cusachs\/","menu_order":0,"post_type":"autor","post_mime_type":"","comment_count":"0","filter":"raw"}],"autor":"PUJOL, PERE","codart":"848297573","libros-coleccion":"","ediciones":"1","encuadernacion":"R\u00fastica","fecha_de_publicacion":"01\/03\/2002","novedad":"0","paginas":"208","subtitulo":"","orden":"999","portada":"0","idioma":"cat"},"aioseo_notices":[],"_links":{"self":[{"href":"https:\/\/www.claret.cat\/es\/wp-json\/wp\/v2\/product\/355576","targetHints":{"allow":["GET"]}}],"collection":[{"href":"https:\/\/www.claret.cat\/es\/wp-json\/wp\/v2\/product"}],"about":[{"href":"https:\/\/www.claret.cat\/es\/wp-json\/wp\/v2\/types\/product"}],"wp:featuredmedia":[{"embeddable":true,"href":"https:\/\/www.claret.cat\/es\/wp-json\/wp\/v2\/media\/1005355"}],"wp:attachment":[{"href":"https:\/\/www.claret.cat\/es\/wp-json\/wp\/v2\/media?parent=355576"}],"wp:term":[{"taxonomy":"product_brand","embeddable":true,"href":"https:\/\/www.claret.cat\/es\/wp-json\/wp\/v2\/product_brand?post=355576"},{"taxonomy":"product_cat","embeddable":true,"href":"https:\/\/www.claret.cat\/es\/wp-json\/wp\/v2\/product_cat?post=355576"},{"taxonomy":"product_tag","embeddable":true,"href":"https:\/\/www.claret.cat\/es\/wp-json\/wp\/v2\/product_tag?post=355576"}],"curies":[{"name":"wp","href":"https:\/\/api.w.org\/{rel}","templated":true}]}}

RATLLES, PARAULES I PREGÀRIES

<p>En Pere Pujol té dos llibres publicats per Editorial Claret, ja esgotats: «Fites d&#8217;un Camí I» (1984) i «Fites d&#8217;un camí II» (1989), on, a través de cartes a l&#8217;«Amic» (Jesús), reflecteix la vivència de cada dia.<br />Aquest nou volum destaca el més important de cada carta amb el bon desig d&#8217;oferir-ho al lector perquè ho visqui i en gaudeixi.<br />Són ratlles per llegir en la calma i en el silenci del cor. Paraules senzilles, sense pretensions, sorgides al ritme del cor. També són paraules de confiança, d&#8217;acceptació, lluita i superació.<br />«Ratlles, paraules i pregàries» vol fer servei a tothom qui, amb cor sincer, cerqui el punt únic on tot l&#8217;afany humà malda per arribar, amb ratlles rectes o tortes, fermes o fluixes.</p>

Rústica
