{"id":355652,"date":"2023-01-14T20:55:54","date_gmt":"2023-01-14T19:55:54","guid":{"rendered":"https:\/\/www.claret.cat\/llibre\/histories-per-viure-9788482976297\/"},"modified":"2026-04-02T12:36:46","modified_gmt":"2026-04-02T10:36:46","slug":"histories-per-viure-9788482976297","status":"publish","type":"product","link":"https:\/\/www.claret.cat\/es\/libro\/histories-per-viure-9788482976297\/","title":{"rendered":"HIST\u00d2RIES PER VIURE"},"content":{"rendered":"<p>\u00abHist\u00f2ries per viure\u00bb \u00e9s una proposta formativa i espiritual amb un subt\u00edtol molt clar: llegir la B\u00edblia des de la vida, \u00e9s a dir, explicar la B\u00edblia des de l&#8217;experi\u00e8ncia de la pr\u00f2pia vida.<br \/>A tothom ens agrada escoltar hist\u00f2ries i fins i tot explicar-les. Hist\u00f2ries fant\u00e0stiques i meravelloses que tenim en la mem\u00f2ria i que ens fan somiar.<br \/>L&#8217;autor, a partir d&#8217;aquesta experi\u00e8ncia joiosa de llegir i explicar hist\u00f2ries, proposa una manera de llegir la B\u00edblia: explicar les hist\u00f2ries del poble de D\u00e9u per donar sentit i bellesa avui a la vida.<br \/>Aquest llibre t\u00e9 un enfocament vivencial: fa que la Paraula de D\u00e9u toqui les persones, i t\u00e9 un horitz\u00f3 missioner que fa somiar. Una lectura personal o en grup ens ajudar\u00e0 a connectar els relats b\u00edblics amb la vida.<\/p>\n","protected":false},"excerpt":{"rendered":"<p>MART\u00cdNEZ P\u00c9REZ, JUSTINO<\/p>\n","protected":false},"featured_media":974074,"template":"","meta":{"_acf_changed":false,"om_disable_all_campaigns":false,"rs_blank_template":"","rs_page_bg_color":"","slide_template_v7":"","inline_featured_image":false,"_monsterinsights_skip_tracking":false,"_monsterinsights_sitenote_active":false,"_monsterinsights_sitenote_note":"","_monsterinsights_sitenote_category":0},"product_brand":[],"product_cat":[221,480,581,523,299,491,241],"product_tag":[],"class_list":{"0":"post-355652","1":"product","2":"type-product","3":"status-publish","4":"has-post-thumbnail","6":"product_cat-dadults","7":"product_cat-de-adultos","8":"product_cat-editorial-claret","9":"product_cat-laicos-y-testimonios","10":"product_cat-laics-i-testimonis","11":"product_cat-testimonios","12":"product_cat-testimonis","14":"first","15":"instock","16":"taxable","17":"shipping-taxable","18":"purchasable","19":"product-type-simple"},"acf":{"editorial":[{"ID":6158,"post_author":"3","post_date":"2022-07-28 17:46:08","post_date_gmt":"2022-07-28 15:46:08","post_content":"","post_title":"CLARET","post_excerpt":"","post_status":"publish","comment_status":"closed","ping_status":"closed","post_password":"","post_name":"claret","to_ping":"","pinged":"","post_modified":"2022-07-28 17:46:08","post_modified_gmt":"2022-07-28 15:46:08","post_content_filtered":"","post_parent":0,"guid":"http:\/\/dev.claret.cat\/editorial\/claret\/","menu_order":0,"post_type":"editorial","post_mime_type":"","comment_count":"0","filter":"raw"}],"autores-libros":[{"ID":161375,"post_author":"3","post_date":"2022-10-14 17:17:42","post_date_gmt":"2022-10-14 15:17:42","post_content":"<div class=\"text-container\" data-v-4a0fa824=\"\">\r\n<div class=\"formated-text\" data-v-4a0fa824=\"\" data-v-710c7308=\"\">Justino Mart\u00ednez P\u00e9rez (Villambr\u00e1n de Cea, Palencia), misionero comboniano, es licenciado en Teolog\u00eda por la Pontificia Universidad Gregoriana y en Ciencias de la Educaci\u00f3n y Catequesis por la Universidad Pontificia Salesiana, y doctor en Biblia por la Facultad de Teolog\u00eda de Catalu\u00f1a. Forma parte de varias asociaciones b\u00edblicas de Espa\u00f1a y Brasil. Creador de la Escuela de Animaci\u00f3n B\u00edblica de Barcelona (1999), ha sido profesor de Sagrada Escritura en varios centros teol\u00f3gicos de Barcelona. Actualmente es profesor de Sagrada Escritura en Fortaleza y en la regi\u00f3n nordeste de Brasil.<\/div>\r\n<\/div>","post_title":"JUSTINO MART\u00cdNEZ P\u00c9REZ","post_excerpt":"","post_status":"publish","comment_status":"closed","ping_status":"closed","post_password":"","post_name":"justino-martinez-perez","to_ping":"","pinged":"","post_modified":"2024-06-26 11:46:31","post_modified_gmt":"2024-06-26 09:46:31","post_content_filtered":"","post_parent":0,"guid":"http:\/\/dev.claret.cat\/autor\/justino-martinez-perez\/","menu_order":0,"post_type":"autor","post_mime_type":"","comment_count":"0","filter":"raw"}],"autor":"MART\u00cdNEZ P\u00c9REZ, JUSTINO","codart":"848297629","libros-coleccion":"ELS DAUS","ediciones":"1","encuadernacion":"R\u00fastica","fecha_de_publicacion":"01\/04\/2003","novedad":"0","paginas":"222","subtitulo":"LLEGIR LA BIBLIA DES DE LA VIDA","orden":"999","portada":"0","idioma":"cat","booktrailer":"","resenas":""},"aioseo_notices":[],"_links":{"self":[{"href":"https:\/\/www.claret.cat\/es\/wp-json\/wp\/v2\/product\/355652","targetHints":{"allow":["GET"]}}],"collection":[{"href":"https:\/\/www.claret.cat\/es\/wp-json\/wp\/v2\/product"}],"about":[{"href":"https:\/\/www.claret.cat\/es\/wp-json\/wp\/v2\/types\/product"}],"wp:featuredmedia":[{"embeddable":true,"href":"https:\/\/www.claret.cat\/es\/wp-json\/wp\/v2\/media\/974074"}],"wp:attachment":[{"href":"https:\/\/www.claret.cat\/es\/wp-json\/wp\/v2\/media?parent=355652"}],"wp:term":[{"taxonomy":"product_brand","embeddable":true,"href":"https:\/\/www.claret.cat\/es\/wp-json\/wp\/v2\/product_brand?post=355652"},{"taxonomy":"product_cat","embeddable":true,"href":"https:\/\/www.claret.cat\/es\/wp-json\/wp\/v2\/product_cat?post=355652"},{"taxonomy":"product_tag","embeddable":true,"href":"https:\/\/www.claret.cat\/es\/wp-json\/wp\/v2\/product_tag?post=355652"}],"curies":[{"name":"wp","href":"https:\/\/api.w.org\/{rel}","templated":true}]}}

HISTÒRIES PER VIURE

<p>«Històries per viure» és una proposta formativa i espiritual amb un subtítol molt clar: llegir la Bíblia des de la vida, és a dir, explicar la Bíblia des de l&#8217;experiència de la pròpia vida.<br />A tothom ens agrada escoltar històries i fins i tot explicar-les. Històries fantàstiques i meravelloses que tenim en la memòria i que ens fan somiar.<br />L&#8217;autor, a partir d&#8217;aquesta experiència joiosa de llegir i explicar històries, proposa una manera de llegir la Bíblia: explicar les històries del poble de Déu per donar sentit i bellesa avui a la vida.<br />Aquest llibre té un enfocament vivencial: fa que la Paraula de Déu toqui les persones, i té un horitzó missioner que fa somiar. Una lectura personal o en grup ens ajudarà a connectar els relats bíblics amb la vida.</p>

<p>MARTÍNEZ PÉREZ, JUSTINO</p>

<div class="text-container" data-v-4a0fa824="">
<div class="formated-text" data-v-4a0fa824="" data-v-710c7308="">Justino Martínez Pérez (Villambrán de Cea, Palencia), misionero comboniano, es licenciado en Teología por la Pontificia Universidad Gregoriana y en Ciencias de la Educación y Catequesis por la Universidad Pontificia Salesiana, y doctor en Biblia por la Facultad de Teología de Cataluña. Forma parte de varias asociaciones bíblicas de España y Brasil. Creador de la Escuela de Animación Bíblica de Barcelona (1999), ha sido profesor de Sagrada Escritura en varios centros teológicos de Barcelona. Actualmente es profesor de Sagrada Escritura en Fortaleza y en la región nordeste de Brasil.</div>
</div>

JUSTINO MARTÍNEZ PÉREZ

MARTÍNEZ PÉREZ, JUSTINO

Rústica
