{"id":356238,"date":"2023-01-14T23:13:20","date_gmt":"2023-01-14T22:13:20","guid":{"rendered":"https:\/\/www.claret.cat\/llibre\/el-mar-del-cel-9788482979748\/"},"modified":"2024-05-23T10:54:43","modified_gmt":"2024-05-23T08:54:43","slug":"el-mar-del-cel-9788482979748","status":"publish","type":"product","link":"https:\/\/www.claret.cat\/es\/libro\/el-mar-del-cel-9788482979748\/","title":{"rendered":"EL MAR DEL CEL"},"content":{"rendered":"<p>Per a cada criatura hi ha un temps feli\u00e7 per passar en el mar d\u2019aigua i un altre encara m\u00e9s llarg i feli\u00e7 per passar en el mar del cel. Nom\u00e9s hi ha una manera per parlar de la mort: com de l\u2019altra cara de la vida.<\/p>\n","protected":false},"excerpt":{"rendered":"<p>ZANOTTI, COSETTA<\/p>\n","protected":false},"featured_media":356239,"template":"","meta":{"_acf_changed":false,"om_disable_all_campaigns":false,"rs_blank_template":"","rs_page_bg_color":"","slide_template_v7":"","inline_featured_image":false,"_monsterinsights_skip_tracking":false,"_monsterinsights_sitenote_active":false,"_monsterinsights_sitenote_note":"","_monsterinsights_sitenote_category":0},"product_brand":[],"product_cat":[581,86,352,118,567],"product_tag":[],"class_list":{"0":"post-356238","1":"product","2":"type-product","3":"status-publish","4":"has-post-thumbnail","6":"product_cat-editorial-claret","7":"product_cat-infantil","8":"product_cat-infantil-3_infantil-juvenil-spa","9":"product_cat-mort-i-dol","10":"product_cat-muerte-y-duelo","12":"first","13":"instock","14":"taxable","15":"shipping-taxable","16":"purchasable","17":"product-type-simple"},"acf":{"editorial":[{"ID":6158,"post_author":"3","post_date":"2022-07-28 17:46:08","post_date_gmt":"2022-07-28 15:46:08","post_content":"","post_title":"CLARET","post_excerpt":"","post_status":"publish","comment_status":"closed","ping_status":"closed","post_password":"","post_name":"claret","to_ping":"","pinged":"","post_modified":"2022-07-28 17:46:08","post_modified_gmt":"2022-07-28 15:46:08","post_content_filtered":"","post_parent":0,"guid":"http:\/\/dev.claret.cat\/editorial\/claret\/","menu_order":0,"post_type":"editorial","post_mime_type":"","comment_count":"0","filter":"raw"}],"autores-libros":[{"ID":356205,"post_author":"3","post_date":"2023-01-14 23:11:55","post_date_gmt":"2023-01-14 22:11:55","post_content":"","post_title":"CRISTIANA (il) CERRETTI","post_excerpt":"","post_status":"publish","comment_status":"closed","ping_status":"closed","post_password":"","post_name":"cristiana-il-cerretti","to_ping":"","pinged":"","post_modified":"2023-01-14 23:11:55","post_modified_gmt":"2023-01-14 22:11:55","post_content_filtered":"","post_parent":0,"guid":"https:\/\/www.claret.cat\/autor\/cristiana-il-cerretti\/","menu_order":0,"post_type":"autor","post_mime_type":"","comment_count":"0","filter":"raw"},{"ID":356236,"post_author":"3","post_date":"2023-01-14 23:13:15","post_date_gmt":"2023-01-14 22:13:15","post_content":"","post_title":"COSETTA ZANOTTI","post_excerpt":"","post_status":"publish","comment_status":"closed","ping_status":"closed","post_password":"","post_name":"cosetta-zanotti","to_ping":"","pinged":"","post_modified":"2023-01-14 23:13:15","post_modified_gmt":"2023-01-14 22:13:15","post_content_filtered":"","post_parent":0,"guid":"https:\/\/www.claret.cat\/autor\/cosetta-zanotti\/","menu_order":0,"post_type":"autor","post_mime_type":"","comment_count":"0","filter":"raw"},{"ID":356237,"post_author":"3","post_date":"2023-01-14 23:13:17","post_date_gmt":"2023-01-14 22:13:17","post_content":"","post_title":"MARIATERESA (int) ZATTONI","post_excerpt":"","post_status":"publish","comment_status":"closed","ping_status":"closed","post_password":"","post_name":"mariateresa-int-zattoni","to_ping":"","pinged":"","post_modified":"2023-01-14 23:13:17","post_modified_gmt":"2023-01-14 22:13:17","post_content_filtered":"","post_parent":0,"guid":"https:\/\/www.claret.cat\/autor\/mariateresa-int-zattoni\/","menu_order":0,"post_type":"autor","post_mime_type":"","comment_count":"0","filter":"raw"}],"autor":"ZANOTTI, COSETTA","codart":"848297974","libros-coleccion":"Paraules per dir-ho","ediciones":"1","encuadernacion":"R\u00fastica","fecha_de_publicacion":"15\/11\/2007","novedad":"0","paginas":"32","subtitulo":"","orden":"0","portada":"0","idioma":"cat"},"aioseo_notices":[],"_links":{"self":[{"href":"https:\/\/www.claret.cat\/es\/wp-json\/wp\/v2\/product\/356238","targetHints":{"allow":["GET"]}}],"collection":[{"href":"https:\/\/www.claret.cat\/es\/wp-json\/wp\/v2\/product"}],"about":[{"href":"https:\/\/www.claret.cat\/es\/wp-json\/wp\/v2\/types\/product"}],"wp:featuredmedia":[{"embeddable":true,"href":"https:\/\/www.claret.cat\/es\/wp-json\/wp\/v2\/media\/356239"}],"wp:attachment":[{"href":"https:\/\/www.claret.cat\/es\/wp-json\/wp\/v2\/media?parent=356238"}],"wp:term":[{"taxonomy":"product_brand","embeddable":true,"href":"https:\/\/www.claret.cat\/es\/wp-json\/wp\/v2\/product_brand?post=356238"},{"taxonomy":"product_cat","embeddable":true,"href":"https:\/\/www.claret.cat\/es\/wp-json\/wp\/v2\/product_cat?post=356238"},{"taxonomy":"product_tag","embeddable":true,"href":"https:\/\/www.claret.cat\/es\/wp-json\/wp\/v2\/product_tag?post=356238"}],"curies":[{"name":"wp","href":"https:\/\/api.w.org\/{rel}","templated":true}]}}

<p>Per a cada criatura hi ha un temps feliç per passar en el mar d’aigua i un altre encara més llarg i feliç per passar en el mar del cel. Només hi ha una manera per parlar de la mort: com de l’altra cara de la vida.</p>

Rústica
